CREATE TABLE `connexions_users_temporaires` (
  `id` int(11) NOT NULL,
  `user_temporaire_id` int(11) NOT NULL,
  `date_enregistrement` datetime NOT NULL,
  `code_session` tinytext COLLATE utf8_unicode_ci NOT NULL,
  `code_cookies` tinytext COLLATE utf8_unicode_ci NOT NULL,
  `ip` tinytext COLLATE utf8_unicode_ci NOT NULL
) ENGINE=MyISAM DEFAULT CHARSET=utf8 COLLATE=utf8_unicode_ci;

--
-- Déchargement des données de la table `connexions_users_temporaires`
--

INSERT INTO `connexions_users_temporaires` (`id`, `user_temporaire_id`, `date_enregistrement`, `code_session`, `code_cookies`, `ip`) VALUES
(16, 0, '2016-06-22 18:28:51', 'f5e3bdef472044fc2df1c323ce185a7a', 'a4d0653200230ac1ab2ad18982316518', '82.238.176.133');

-- --------------------------------------------------------

--
-- Structure de la table `entreprises`
--

CREATE TABLE `entreprises` (
  `id` int(11) NOT NULL,
  `nom_entreprise` tinytext CHARACTER SET utf8 COLLATE utf8_unicode_ci NOT NULL
) ENGINE=MyISAM DEFAULT CHARSET=utf8;

--
-- Déchargement des données de la table `entreprises`
--

INSERT INTO `entreprises` (`id`, `nom_entreprise`) VALUES
(1, 'LARNEVA / entrepreneur'),
(2, 'Petit Bottillon / SARL');

-- --------------------------------------------------------

--
-- Structure de la table `fabricants`
--

CREATE TABLE `fabricants` (
  `id` int(11) NOT NULL,
  `nom_fr` tinytext CHARACTER SET utf8 COLLATE utf8_unicode_ci NOT NULL,
  `nom_ru` tinytext CHARACTER SET utf8 COLLATE utf8_unicode_ci NOT NULL,
  `nom_en` tinytext CHARACTER SET utf8 COLLATE utf8_unicode_ci NOT NULL,
  `norder` int(11) NOT NULL DEFAULT '0'
) ENGINE=MyISAM DEFAULT CHARSET=utf8;

--
-- Déchargement des données de la table `fabricants`
--

INSERT INTO `fabricants` (`id`, `nom_fr`, `nom_ru`, `nom_en`, `norder`) VALUES
(1, 'SHAGOVITA', 'ОАО \"Обувь\", г. Могилев, Республика Беларусь', '', 0),
(2, 'CKOPOXOD', '', '', 0),
(3, 'LEL', '', '', 0),
(4, 'Vi-GGa-Mi', 'Vi-GGa-Mi', 'Vi-GGa-Mi', 70),
(5, 'ZETPOL', 'ZETPOL', 'ZETPOL', 80),
(6, 'RAWEKS', 'RAWEKS', 'RAWEKS', 90),
(7, 'NURSERY TIME', 'NURSERY TIME', 'NURSERY TIME', 100),
(8, 'Petit Bottillon', 'Petit Bottillon', 'Petit Bottillon', 150);

-- --------------------------------------------------------

--
-- Structure de la table `factures_fournisseurs`
--

CREATE TABLE `factures_fournisseurs` (
  `id` int(11) NOT NULL,
  `operation_informatique_id` int(11) NOT NULL,
  `entreprise_id` int(11) NOT NULL,
  `nom_document_achat` tinytext CHARACTER SET utf8 COLLATE utf8_unicode_ci NOT NULL,
  `date_document_achat` date NOT NULL,
  `numero_document_achat` tinytext CHARACTER SET utf8 COLLATE utf8_unicode_ci NOT NULL,
  `fournisseur_id` int(11) NOT NULL,
  `commande_numero` tinytext CHARACTER SET utf8 COLLATE utf8_unicode_ci NOT NULL,
  `monnaie_achat` tinytext CHARACTER SET utf8 COLLATE utf8_unicode_ci NOT NULL,
  `prix_livraison_ht` decimal(10,2) NOT NULL,
  `somme_avec_livraison_ht` decimal(10,2) NOT NULL,
  `somme_TVA` decimal(10,2) NOT NULL DEFAULT '0.00',
  `somme_avec_livraison_ttc` decimal(10,2) NOT NULL DEFAULT '0.00'
) ENGINE=MyISAM DEFAULT CHARSET=utf8;

--
-- Déchargement des données de la table `factures_fournisseurs`
--

INSERT INTO `factures_fournisseurs` (`id`, `operation_informatique_id`, `entreprise_id`, `nom_document_achat`, `date_document_achat`, `numero_document_achat`, `fournisseur_id`, `commande_numero`, `monnaie_achat`, `prix_livraison_ht`, `somme_avec_livraison_ht`, `somme_TVA`, `somme_avec_livraison_ttc`) VALUES
(1, 0, 0, 'Faktura VAT', '2016-05-19', 'DW /0077/2016', 4, 'VGM-090516', 'EUR', 29.00, 0.00, 0.00, 0.00),
(2, 0, 0, 'Faktura VAT', '2016-05-19', 'DW /0077/2016', 4, 'VGM-090516', 'EUR', 29.00, 0.00, 0.00, 0.00),
(3, 0, 0, 'Faktura VAT', '2016-05-19', 'DW /0077/2016', 4, 'VGM-090516', 'EUR', 29.00, 0.00, 0.00, 0.00),
(4, 0, 0, 'Faktura VAT', '2016-05-19', 'DW /0077/2016', 4, 'VGM-090516', 'EUR', 29.00, 0.00, 0.00, 0.00),
(5, 0, 0, 'Faktura VAT', '2016-05-19', 'DW /0077/2016', 4, 'VGM-090516', 'EUR', 29.00, 0.00, 0.00, 0.00),
(6, 0, 0, 'Faktura VAT', '2016-05-19', 'DW /0077/2016', 4, 'VGM-090516', 'EUR', 29.00, 0.00, 0.00, 0.00),
(7, 0, 0, 'Faktura VAT', '2016-05-19', 'DW /0077/2016', 4, 'VGM-090516', 'EUR', 29.00, 0.00, 0.00, 0.00),
(8, 0, 0, 'Faktura VAT', '2016-05-19', 'DW /0077/2016', 4, 'VGM-090516', 'EUR', 29.00, 0.00, 0.00, 0.00),
(9, 0, 0, 'Faktura VAT', '2016-05-19', 'DW /0077/2016', 4, 'VGM-090516', 'EUR', 29.00, 0.00, 0.00, 0.00),
(10, 0, 0, 'Faktura VAT', '2016-05-19', 'DW /0077/2016', 4, 'VGM-090516', 'EUR', 29.00, 0.00, 0.00, 0.00),
(11, 0, 0, 'Faktura VAT', '2016-05-19', 'DW /0077/2016', 4, 'VGM-090516', 'EUR', 29.00, 0.00, 0.00, 0.00),
(12, 0, 0, 'Faktura VAT', '2016-05-19', 'DW /0077/2016', 4, 'VGM-090516', 'EUR', 29.00, 0.00, 0.00, 0.00),
(13, 0, 0, 'Faktura VAT', '2016-05-19', 'DW /0077/2016', 4, 'VGM-090516', 'EUR', 29.00, 0.00, 0.00, 0.00),
(14, 0, 0, 'Faktura VAT', '2016-05-19', 'DW /0077/2016', 4, 'VGM-090516', 'EUR', 29.00, 0.00, 0.00, 0.00),
(15, 0, 0, 'Faktura VAT', '2016-05-19', 'DW /0077/2016', 4, 'VGM-090516', 'EUR', 29.00, 0.00, 0.00, 0.00),
(16, 0, 0, 'Faktura VAT', '2016-05-19', 'DW /0077/2016', 4, 'VGM-090516', 'EUR', 29.00, 0.00, 0.00, 0.00),
(17, 0, 0, 'Faktura VAT', '2016-05-19', 'DW /0077/2016', 4, 'VGM-090516', 'EUR', 29.00, 0.00, 0.00, 0.00),
(18, 0, 0, 'Faktura VAT', '2016-05-19', 'DW /0077/2016', 4, 'VGM-090516', 'EUR', 29.00, 0.00, 0.00, 0.00),
(19, 0, 0, 'Faktura VAT', '2016-05-19', 'DW /0077/2016', 4, 'VGM-090516', 'EUR', 29.00, 0.00, 0.00, 0.00),
(20, 0, 0, 'Faktura VAT', '2016-05-19', 'DW /0077/2016', 4, 'VGM-090516', 'EUR', 29.00, 0.00, 0.00, 0.00),
(21, 0, 0, 'Faktura VAT', '2016-05-19', 'DW /0077/2016', 4, 'VGM-090516', 'EUR', 29.00, 0.00, 0.00, 0.00),
(22, 0, 0, 'Faktura VAT', '2016-05-19', 'DW /0077/2016', 4, 'VGM-090516', 'EUR', 29.00, 0.00, 0.00, 0.00),
(23, 0, 0, 'Faktura VAT', '2016-05-19', 'DW /0077/2016', 4, 'VGM-090516', 'EUR', 29.00, 0.00, 0.00, 0.00),
(24, 0, 0, 'Faktura VAT', '2016-05-19', 'DW /0077/2016', 4, 'VGM-090516', 'EUR', 29.00, 0.00, 0.00, 0.00),
(25, 0, 0, 'Faktura VAT', '2016-05-19', 'DW /0077/2016', 4, 'VGM-090516', 'EUR', 29.00, 0.00, 0.00, 0.00),
(26, 0, 0, 'Faktura VAT', '2016-05-19', 'DW /0077/2016', 4, 'VGM-090516', 'EUR', 29.00, 0.00, 0.00, 0.00),
(27, 0, 0, 'Faktura VAT', '2016-05-19', 'DW /0077/2016', 4, 'VGM-090516', 'EUR', 29.00, 0.00, 0.00, 0.00),
(28, 0, 0, 'Faktura VAT', '2016-05-19', 'DW /0077/2016', 4, 'VGM-090516', 'EUR', 29.00, 0.00, 0.00, 0.00),
(29, 0, 0, 'Faktura VAT', '2016-05-19', 'DW /0077/2016', 4, 'VGM-090516', 'EUR', 29.00, 0.00, 0.00, 0.00),
(30, 0, 0, 'Faktura VAT', '2016-05-19', 'DW /0077/2016', 4, 'VGM-090516', 'EUR', 29.00, 0.00, 0.00, 0.00),
(31, 0, 0, 'Faktura VAT', '2016-05-19', 'DW /0077/2016', 4, 'VGM-090516', 'EUR', 29.00, 0.00, 0.00, 0.00),
(32, 0, 0, 'Faktura VAT', '2016-05-19', 'DW /0077/2016', 4, 'VGM-090516', 'EUR', 29.00, 0.00, 0.00, 0.00),
(33, 0, 0, 'Faktura VAT', '2016-05-19', 'DW /0077/2016', 4, 'VGM-090516', 'EUR', 29.00, 0.00, 0.00, 0.00),
(34, 0, 0, 'Faktura VAT', '2016-05-19', 'DW /0077/2016', 4, 'VGM-090516', 'EUR', 29.00, 0.00, 0.00, 0.00),
(35, 0, 0, 'Faktura VAT', '2016-05-19', 'DW /0077/2016', 4, 'VGM-090516', 'EUR', 29.00, 0.00, 0.00, 0.00),
(36, 0, 0, 'Faktura VAT', '2016-05-19', 'DW /0077/2016', 4, 'VGM-090516', 'EUR', 29.00, 0.00, 0.00, 0.00),
(37, 0, 0, 'Faktura VAT', '2016-05-19', 'DW /0077/2016', 4, 'VGM-090516', 'EUR', 29.00, 0.00, 0.00, 0.00),
(38, 0, 0, 'Faktura VAT', '2016-05-19', 'DW /0077/2016', 4, 'VGM-090516', 'EUR', 29.00, 0.00, 0.00, 0.00),
(39, 0, 0, 'Faktura VAT', '2016-05-19', 'DW /0077/2016', 4, 'VGM-090516', 'EUR', 29.00, 0.00, 0.00, 0.00),
(40, 0, 0, 'Faktura VAT', '2016-05-19', 'DW /0077/2016', 4, 'VGM-090516', 'EUR', 29.00, 0.00, 0.00, 0.00),
(41, 0, 0, 'Faktura VAT', '2016-06-20', 'DW /0101/2016', 4, 'VGM-070616-2', 'EUR', 29.00, 0.00, 0.00, 0.00),
(42, 0, 0, 'Faktura VAT', '2016-06-20', 'DW /0101/2016', 4, 'VGM-070616-2', 'EUR', 29.00, 0.00, 0.00, 0.00),
(43, 0, 0, 'Faktura VAT', '2016-06-20', 'DW /0101/2016', 4, 'VGM-070616-2', 'EUR', 29.00, 0.00, 0.00, 0.00),
(44, 0, 0, 'Faktura VAT', '2016-06-20', 'DW /0101/2016', 4, 'VGM-070616-2', 'EUR', 29.00, 0.00, 0.00, 0.00),
(45, 0, 0, 'Faktura VAT', '2016-06-20', 'DW /0101/2016', 4, 'VGM-070616-2', 'EUR', 29.00, 0.00, 0.00, 0.00),
(46, 0, 0, 'Faktura VAT', '2016-06-20', 'DW /0101/2016', 4, 'VGM-070616-2', 'EUR', 29.00, 0.00, 0.00, 0.00),
(47, 0, 0, 'Faktura VAT', '2016-06-20', 'DW /0101/2016', 4, 'VGM-070616-2', 'EUR', 29.00, 0.00, 0.00, 0.00),
(48, 0, 0, 'Faktura VAT', '2016-06-20', 'DW /0101/2016', 4, 'VGM-070616-2', 'EUR', 29.00, 0.00, 0.00, 0.00),
(49, 0, 0, 'Faktura VAT', '2016-06-20', 'DW /0101/2016', 4, 'VGM-070616-2', 'EUR', 29.00, 0.00, 0.00, 0.00),
(50, 0, 0, 'Faktura VAT', '2016-06-20', 'DW /0101/2016', 4, 'VGM-070616-2', 'EUR', 29.00, 0.00, 0.00, 0.00),
(51, 0, 0, 'Faktura VAT', '2016-06-20', 'DW /0101/2016', 4, 'VGM-070616-2', 'EUR', 29.00, 0.00, 0.00, 0.00),
(52, 0, 0, 'Faktura VAT', '2016-06-20', 'DW /0101/2016', 4, 'VGM-070616-2', 'EUR', 29.00, 0.00, 0.00, 0.00),
(53, 0, 0, 'Faktura VAT', '2016-06-20', 'DW /0101/2016', 4, 'VGM-070616-2', 'EUR', 29.00, 0.00, 0.00, 0.00),
(54, 0, 0, 'Faktura VAT', '2016-06-20', 'DW /0101/2016', 4, 'VGM-070616-2', 'EUR', 29.00, 0.00, 0.00, 0.00),
(55, 0, 0, 'Faktura VAT', '2016-06-20', 'DW /0101/2016', 4, 'VGM-070616-2', 'EUR', 29.00, 0.00, 0.00, 0.00),
(56, 0, 0, 'Faktura VAT', '2016-06-20', 'DW /0101/2016', 4, 'VGM-070616-2', 'EUR', 29.00, 0.00, 0.00, 0.00),
(57, 0, 0, 'Faktura VAT', '2016-06-20', 'DW /0101/2016', 4, 'VGM-070616-2', 'EUR', 29.00, 0.00, 0.00, 0.00),
(58, 0, 0, 'Faktura VAT', '2016-06-20', 'DW /0101/2016', 4, 'VGM-070616-2', 'EUR', 29.00, 0.00, 0.00, 0.00),
(59, 0, 0, 'Faktura VAT', '2016-06-20', 'DW /0101/2016', 4, 'VGM-070616-2', 'EUR', 29.00, 0.00, 0.00, 0.00),
(60, 0, 0, 'Faktura VAT', '2016-06-20', 'DW /0101/2016', 4, 'VGM-070616-2', 'EUR', 29.00, 0.00, 0.00, 0.00),
(61, 0, 0, 'Faktura VAT', '2016-06-20', 'DW /0101/2016', 4, 'VGM-070616-2', 'EUR', 29.00, 0.00, 0.00, 0.00),
(62, 0, 0, 'Faktura VAT', '2016-06-20', 'DW /0101/2016', 4, 'VGM-070616-2', 'EUR', 29.00, 0.00, 0.00, 0.00),
(63, 0, 0, 'Faktura VAT', '2016-06-20', 'DW /0101/2016', 4, 'VGM-070616-2', 'EUR', 29.00, 0.00, 0.00, 0.00),
(64, 0, 0, 'Faktura VAT', '2016-06-20', 'DW /0101/2016', 4, 'VGM-070616-2', 'EUR', 29.00, 0.00, 0.00, 0.00),
(65, 0, 0, 'Faktura VAT', '2016-06-20', 'DW /0101/2016', 4, 'VGM-070616-2', 'EUR', 29.00, 0.00, 0.00, 0.00),
(66, 0, 0, 'Faktura VAT', '2016-06-20', 'DW /0101/2016', 4, 'VGM-070616-2', 'EUR', 29.00, 0.00, 0.00, 0.00),
(67, 0, 0, 'Faktura VAT', '2016-06-20', 'DW / 0101/2016', 4, 'VGM-070616-2', 'EUR', 29.00, 0.00, 0.00, 0.00),
(68, 0, 0, 'Faktura VAT', '2016-06-20', 'DW / 0101/2016', 4, 'VGM-070616-2', 'EUR', 29.00, 0.00, 0.00, 0.00),
(69, 0, 0, 'Faktura VAT', '2016-06-20', 'DW /0101/2016', 4, 'VGM-070616-2', 'EUR', 29.00, 0.00, 0.00, 0.00),
(70, 0, 0, 'Faktura VAT', '2016-06-20', 'DW /0101/2016', 4, 'VGM-070616-2', 'EUR', 29.00, 0.00, 0.00, 0.00),
(71, 0, 0, 'Faktura VAT', '2016-06-20', 'DW /0101/2016', 4, 'VGM-070616-2', 'EUR', 29.00, 0.00, 0.00, 0.00),
(72, 0, 0, 'Faktura VAT', '2016-06-20', 'DW /0101/2016', 4, 'VGM-070616-2', 'EUR', 29.00, 0.00, 0.00, 0.00),
(73, 0, 0, 'Faktura VAT', '2016-06-20', 'DW /0101/2016', 4, 'VGM-070616-2', 'EUR', 29.00, 0.00, 0.00, 0.00),
(74, 0, 0, 'Faktura VAT', '2016-06-20', 'DW /0101/2016', 4, 'VGM-070616-2', 'EUR', 29.00, 0.00, 0.00, 0.00),
(75, 0, 0, 'Faktura VAT', '2016-06-20', 'DW /0101/2016', 4, 'VGM-070616-2', 'EUR', 29.00, 0.00, 0.00, 0.00),
(76, 0, 0, 'Faktura', '2016-07-14', '21/2016', 5, 'ZETPOL-1', 'EUR', 31.25, 0.00, 0.00, 0.00),
(77, 0, 0, 'Faktura', '2016-07-14', '21/2016', 5, 'ZETPOL-1', 'EUR', 31.25, 0.00, 0.00, 0.00),
(78, 0, 0, 'Faktura', '2016-07-14', '21/2016', 5, 'ZETPOL-1', 'EUR', 31.25, 0.00, 0.00, 0.00),
(79, 0, 0, 'Faktura', '2016-07-14', '21/2016', 5, 'ZETPOL-1', 'EUR', 31.25, 0.00, 0.00, 0.00),
(80, 0, 0, 'Faktura', '2016-07-14', '21/2016', 5, 'ZETPOL-1', 'EUR', 31.25, 0.00, 0.00, 0.00),
(81, 0, 0, 'Faktura', '2016-07-14', '21/2016', 5, 'ZETPOL-1', 'EUR', 31.25, 0.00, 0.00, 0.00),
(82, 0, 0, 'Faktura', '2016-07-14', '21/2016', 5, 'ZETPOL-1', 'EUR', 31.25, 0.00, 0.00, 0.00),
(83, 0, 0, 'Faktura', '2016-07-14', '21/2016', 5, 'ZETPOL-1', 'EUR', 31.25, 0.00, 0.00, 0.00),
(84, 0, 0, 'INVOICE PROFORMA', '2016-08-04', 'PROF/0164/2016', 4, 'VGM-260716-3', 'EUR', 58.00, 0.00, 0.00, 0.00),
(85, 0, 0, 'INVOICE PROFORMA', '2016-08-04', 'PROF/0164/2016', 4, 'VGM-260716-3', 'EUR', 58.00, 0.00, 0.00, 0.00),
(86, 0, 0, 'INVOICE PROFORMA', '2016-08-04', 'PROF/0164/2016', 4, 'VGM-260716-3', 'EUR', 58.00, 0.00, 0.00, 0.00),
(87, 0, 0, 'INVOICE PROFORMA', '2016-08-04', 'PROF/0164/2016', 4, 'VGM-260716-3', 'EUR', 58.00, 0.00, 0.00, 0.00),
(88, 0, 0, 'INVOICE PROFORMA', '2016-08-04', 'PROF/0164/2016', 4, 'VGM-260716-3', 'EUR', 58.00, 0.00, 0.00, 0.00),
(89, 0, 0, 'INVOICE PROFORMA', '2016-08-04', 'PROF/0164/2016', 4, 'VGM-260716-3', 'EUR', 58.00, 0.00, 0.00, 0.00),
(90, 0, 0, 'INVOICE PROFORMA', '2016-08-04', 'PROF/0164/2016', 4, 'VGM-260716-3', 'EUR', 58.00, 0.00, 0.00, 0.00),
(91, 0, 0, 'INVOICE PROFORMA', '2016-08-04', 'PROF/0164/2016', 4, 'VGM-260716-3', 'EUR', 58.00, 0.00, 0.00, 0.00),
(92, 0, 0, 'INVOICE PROFORMA', '2016-08-04', 'PROF/0164/2016', 4, 'VGM-260716-3', 'EUR', 58.00, 0.00, 0.00, 0.00),
(93, 0, 0, 'INVOICE PROFORMA', '2016-08-04', 'PROF/0164/2016', 4, 'VGM-260716-3', 'EUR', 58.00, 0.00, 0.00, 0.00),
(94, 0, 0, 'INVOICE PROFORMA', '2016-08-04', 'PROF/0164/2016', 4, 'VGM-260716-3', 'EUR', 58.00, 0.00, 0.00, 0.00),
(95, 0, 0, 'INVOICE PROFORMA', '2016-08-04', 'PROF/0164/2016', 4, 'VGM-260716-3', 'EUR', 58.00, 0.00, 0.00, 0.00),
(96, 0, 0, 'INVOICE PROFORMA', '2016-08-04', 'PROF/0164/2016', 4, 'VGM-260716-3', 'EUR', 58.00, 0.00, 0.00, 0.00),
(97, 0, 0, 'INVOICE PROFORMA', '2016-08-04', 'PROF/0164/2016', 4, 'VGM-260716-3', 'EUR', 58.00, 0.00, 0.00, 0.00),
(98, 0, 0, 'INVOICE PROFORMA', '2016-08-04', 'PROF/0164/2016', 4, 'VGM-260716-3', 'EUR', 58.00, 0.00, 0.00, 0.00),
(101, 0, 1, 'Invoice', '2016-08-23', '64845', 7, '', 'EUR', 25.00, 336.88, 4.63, 341.51),
(102, 0, 2, 'Faktura pro forma', '2016-09-02', '23/2016', 5, '', 'EUR', 61.28, 780.88, 0.00, 780.88),
(103, 0, 1, 'FAKTURA VAT', '2016-11-15', '292/D/2016', 5, 'ZETPOL-3', 'EUR', 31.25, 407.93, 0.00, 407.93),
(104, 0, 1, 'Fabrication', '2016-12-30', '1', 8, '', 'EUR', 0.00, 0.00, 0.00, 0.00);

-- --------------------------------------------------------

--
-- Structure de la table `factures_fournisseurs_details`
--

CREATE TABLE `factures_fournisseurs_details` (
  `id` int(11) NOT NULL,
  `facture_fournisseur_id` int(11) NOT NULL,
  `reference_id` int(11) NOT NULL,
  `quantite` int(11) NOT NULL,
  `monnaie` tinytext CHARACTER SET utf8 COLLATE utf8_unicode_ci NOT NULL,
  `prix_ht` decimal(10,2) NOT NULL,
  `somme_ht` decimal(10,2) NOT NULL
) ENGINE=MyISAM DEFAULT CHARSET=utf8;

--
-- Déchargement des données de la table `factures_fournisseurs_details`
--

INSERT INTO `factures_fournisseurs_details` (`id`, `facture_fournisseur_id`, `reference_id`, `quantite`, `monnaie`, `prix_ht`, `somme_ht`) VALUES
(3, 101, 520, 12, 'EUR', 3.13, 37.56),
(4, 101, 507, 6, 'EUR', 1.13, 6.78),
(5, 101, 508, 6, 'EUR', 1.13, 6.78),
(6, 101, 504, 6, 'EUR', 3.69, 22.14),
(7, 101, 506, 6, 'EUR', 3.69, 22.14),
(10, 101, 510, 3, 'EUR', 2.06, 6.18),
(9, 101, 509, 3, 'EUR', 2.06, 6.18),
(11, 101, 511, 6, 'EUR', 2.06, 12.36),
(12, 101, 512, 4, 'EUR', 3.13, 12.52),
(13, 101, 513, 4, 'EUR', 3.13, 12.52),
(14, 101, 514, 4, 'EUR', 3.13, 12.52),
(15, 101, 515, 12, 'EUR', 3.13, 37.56),
(16, 101, 516, 6, 'EUR', 3.44, 20.64),
(17, 101, 517, 6, 'EUR', 3.44, 20.64),
(18, 101, 519, 6, 'EUR', 3.44, 20.64),
(19, 101, 518, 6, 'EUR', 3.44, 20.64),
(20, 102, 431, 12, 'EUR', 4.16, 49.92),
(21, 102, 443, 10, 'EUR', 4.88, 48.80),
(22, 102, 442, 10, 'EUR', 4.88, 48.80),
(23, 102, 433, 12, 'EUR', 4.16, 49.92),
(24, 102, 430, 6, 'EUR', 4.16, 24.96),
(25, 102, 436, 2, 'EUR', 3.33, 6.66),
(26, 102, 432, 5, 'EUR', 4.16, 20.80),
(27, 102, 479, 10, 'EUR', 2.91, 29.10),
(28, 102, 467, 10, 'EUR', 2.81, 28.10),
(29, 102, 478, 2, 'EUR', 2.97, 5.94),
(30, 102, 473, 8, 'EUR', 2.85, 22.80),
(31, 102, 468, 9, 'EUR', 2.81, 25.29),
(32, 102, 434, 3, 'EUR', 4.16, 12.48),
(33, 102, 435, 6, 'EUR', 4.16, 24.96),
(34, 102, 441, 5, 'EUR', 4.88, 24.40),
(35, 102, 437, 1, 'EUR', 4.88, 4.88),
(36, 102, 439, 5, 'EUR', 4.88, 24.40),
(37, 102, 438, 5, 'EUR', 4.88, 24.40),
(38, 102, 440, 5, 'EUR', 4.88, 24.40),
(39, 102, 466, 10, 'EUR', 2.81, 28.10),
(40, 102, 474, 9, 'EUR', 2.91, 26.19),
(41, 102, 469, 10, 'EUR', 2.81, 28.10),
(42, 102, 476, 10, 'EUR', 2.81, 28.10),
(43, 102, 480, 10, 'EUR', 2.81, 28.10),
(44, 102, 471, 10, 'EUR', 3.12, 31.20),
(46, 103, 470, 20, 'EUR', 2.94, 58.80),
(47, 103, 534, 12, 'EUR', 2.94, 35.28),
(48, 103, 479, 24, 'EUR', 2.94, 70.56),
(49, 103, 467, 23, 'EUR', 2.84, 65.32),
(50, 103, 535, 19, 'EUR', 2.94, 55.86),
(51, 103, 478, 15, 'EUR', 3.01, 45.15),
(52, 103, 477, 15, 'EUR', 2.84, 42.60),
(53, 104, 536, 6, 'EUR', 10.00, 60.00),
(54, 104, 537, 6, 'EUR', 10.00, 60.00);

-- --------------------------------------------------------

--
-- Structure de la table `fournisseurs`
--

CREATE TABLE `fournisseurs` (
  `id` int(11) NOT NULL,
  `nom_court` tinytext CHARACTER SET utf8 COLLATE utf8_unicode_ci NOT NULL,
  `nom_complet` tinytext CHARACTER SET utf8 COLLATE utf8_unicode_ci NOT NULL,
  `dossier_fournisseur` tinytext CHARACTER SET utf8 COLLATE utf8_unicode_ci NOT NULL
) ENGINE=MyISAM DEFAULT CHARSET=utf8;

--
-- Déchargement des données de la table `fournisseurs`
--

INSERT INTO `fournisseurs` (`id`, `nom_court`, `nom_complet`, `dossier_fournisseur`) VALUES
(4, 'ViGGaMi', 'ViGGaMi', 'viggami_dgrb67frkHT83Sza7nT'),
(5, 'ZETPOL', 'ZETPOL', 'zetpol_g6jy82hCvf9kdF4lmDu6'),
(6, 'RAWEKS', 'RAWEKS', 'raweks_fhyR56jql8tVAt9Kb6dD'),
(7, 'SHELDON INTERNATIONAL LTD', 'SHELDON INTERNATIONAL LTD', 'sheldon_d5j7Fn39Slk7vA5kNhWo'),
(8, 'Petit Bottillon', 'Petit Bottillon', 'petitbottillon_fsjhrtergfchvchxfb');

-- --------------------------------------------------------

--
-- Structure de la table `guide_pointures_groupes`
--

CREATE TABLE `guide_pointures_groupes` (
  `id` int(11) NOT NULL,
  `nom_groupe` tinytext CHARACTER SET utf8 COLLATE utf8_unicode_ci NOT NULL,
  `marque_id` int(11) NOT NULL,
  `taille_chaussure` decimal(10,1) NOT NULL,
  `taille_en_cm` decimal(10,1) NOT NULL,
  `type_longueur` tinytext CHARACTER SET utf8 COLLATE utf8_unicode_ci NOT NULL
) ENGINE=MyISAM DEFAULT CHARSET=utf8;

--
-- Déchargement des données de la table `guide_pointures_groupes`
--

INSERT INTO `guide_pointures_groupes` (`id`, `nom_groupe`, `marque_id`, `taille_chaussure`, `taille_en_cm`, `type_longueur`) VALUES
(1, 'zetpol_18-27', 5, 18.0, 11.2, 'semelle_int'),
(2, 'zetpol_18-27', 5, 19.0, 11.9, 'semelle_int'),
(3, 'zetpol_18-27', 5, 20.0, 12.6, 'semelle_int'),
(4, 'zetpol_18-27', 5, 21.0, 13.2, 'semelle_int'),
(5, 'zetpol_18-27', 5, 22.0, 13.9, 'semelle_int'),
(6, 'zetpol_18-27', 5, 23.0, 14.6, 'semelle_int'),
(7, 'zetpol_18-27', 5, 24.0, 15.2, 'semelle_int'),
(8, 'zetpol_18-27', 5, 25.0, 15.9, 'semelle_int'),
(9, 'zetpol_18-27', 5, 26.0, 16.6, 'semelle_int'),
(10, 'zetpol_18-27', 5, 27.0, 17.2, 'semelle_int'),
(11, 'viggami_trampek_31-36', 4, 31.0, 19.5, 'semelle_int'),
(12, 'viggami_trampek_31-36', 4, 32.0, 20.3, 'semelle_int'),
(13, 'viggami_trampek_31-36', 4, 33.0, 21.2, 'semelle_int'),
(14, 'viggami_trampek_31-36', 4, 34.0, 21.7, 'semelle_int'),
(15, 'viggami_trampek_31-36', 4, 35.0, 22.5, 'semelle_int'),
(16, 'viggami_trampek_31-36', 4, 36.0, 23.0, 'semelle_int');

-- --------------------------------------------------------

--
-- Structure de la table `listes_bd`
--

CREATE TABLE `listes_bd` (
  `id` int(11) NOT NULL,
  `nom_liste` tinytext CHARACTER SET utf8 COLLATE utf8_unicode_ci NOT NULL,
  `valeur_variable` tinytext CHARACTER SET utf8 COLLATE utf8_unicode_ci NOT NULL,
  `valeur_fr` tinytext CHARACTER SET utf8 COLLATE utf8_unicode_ci NOT NULL
) ENGINE=MyISAM DEFAULT CHARSET=utf8;

--
-- Déchargement des données de la table `listes_bd`
--

INSERT INTO `listes_bd` (`id`, `nom_liste`, `valeur_variable`, `valeur_fr`) VALUES
(1, 'genre_chaussure', 'fille', 'fille'),
(2, 'genre_chaussure', 'garcon', 'garçon'),
(3, 'genre_chaussure', 'unisex', 'unisex'),
(4, 'type_chaussure', 'Babies', 'Babies'),
(5, 'type_chaussure', 'Baskets', 'Baskets'),
(6, 'type_chaussure', 'Baskets montantes', 'Baskets montantes'),
(7, 'type_chaussure', 'Bottes', 'Bottes'),
(8, 'type_chaussure', 'Bottines', 'Bottines'),
(9, 'type_chaussure', 'Chaussures', 'Chaussures'),
(10, 'type_chaussure', 'Mocassins', 'Mocassins'),
(11, 'type_chaussure', 'Salomes', 'Salomés'),
(12, 'type_chaussure', 'Sandales', 'Sandales'),
(13, 'monnaie', 'EUR', 'EUR'),
(14, 'monnaie', 'PLN', 'PLN'),
(15, 'monnaie', 'RUB', 'RUB'),
(16, 'unite', 'boite', 'boite'),
(17, 'unite', 'paire', 'paire'),
(18, 'tva', 'ht', 'HT'),
(19, 'tva', 'ttc', 'TTC'),
(20, 'type_chaussure', 'Ballerines', 'Ballerines'),
(21, 'groupe_produit', 'chaussures', 'chaussures'),
(22, 'groupe_produit', 'chaussettes', 'chaussettes'),
(23, 'groupe_produit', 'lacets', 'lacets'),
(24, 'genre_produit', 'fille', 'fille'),
(25, 'genre_produit', 'garcon', 'garçon'),
(26, 'genre_produit', 'unisex', 'unisex'),
(27, 'type_chaussure', 'Chaussons_bebe', 'Chaussons bébé'),
(28, 'type_chaussure', 'Chaussons', 'Chaussons'),
(29, 'stocks', 'Rouen', 'Rouen'),
(30, 'stocks', 'Marche_St_Marc', 'Marche_St_Marc'),
(31, 'stocks', 'Reserve', 'Reserve'),
(32, 'type_chaussure', 'chaussures_a_lacets', 'Chaussures à lacets'),
(33, 'stocks', 'malfaсon\r\n', 'malfaçon\r\n'),
(34, 'matiere_exterieur', 'cuir', 'Cuir'),
(36, 'matiere_exterieur', 'cuir chrome', 'Cuir chromé'),
(37, 'matiere_exterieur', 'cuir chrome / velours', 'Cuir chromé / velours'),
(38, 'matiere_exterieur', 'cuir chrome / nubuck', 'Cuir chromé / nubuck'),
(39, 'matiere_exterieur', 'cuir naplak', 'Cuir naplak'),
(40, 'matiere_exterieur', 'textile', 'Textile'),
(41, 'matiere_exterieur', 'nubuck', 'Nubuck'),
(42, 'matiere_exterieur', 'velours', 'Velours'),
(43, 'matiere_exterieur', 'simili cuir', 'Simili cuir'),
(44, 'matiere_exterieur', 'jersey', 'Jersey'),
(45, 'stocks', 'Ebay', 'Ebay'),
(46, 'semelle_exterieure', 'simili cuir', 'Simili cuir'),
(47, 'semelle_exterieure', 'TPE', 'TPE'),
(48, 'semelle_exterieure', 'cuir', 'cuir'),
(49, 'matiere_interieur', 'cuir', 'Cuir'),
(50, 'matiere_interieur', 'bayette', 'Bayette'),
(51, 'matiere_interieur', 'textile', 'Textile'),
(52, 'matiere_interieur', 'sans doublure', 'sans doublure'),
(53, 'matiere_interieur', 'fausse fourrure', 'Fausse fourrure'),
(54, 'semelle_interieure', 'cuir', 'cuir'),
(55, 'semelle_interieure', 'fausse fourrure', 'Fausse fourrure'),
(56, 'semelle_interieure', 'drysole', 'drysole'),
(57, 'stocks', 'Facture1', 'Facture1'),
(58, 'stocks', 'Facture2', 'Facture2');

-- --------------------------------------------------------

--
-- Structure de la table `marques`
--

CREATE TABLE `marques` (
  `id` int(11) NOT NULL,
  `fabricant_id` int(11) NOT NULL,
  `nom_fr` tinytext CHARACTER SET utf8 COLLATE utf8_unicode_ci NOT NULL,
  `nom_en` tinytext CHARACTER SET utf8 COLLATE utf8_unicode_ci NOT NULL,
  `nom_ru` tinytext CHARACTER SET utf8 COLLATE utf8_unicode_ci NOT NULL,
  `pays_fr` tinytext CHARACTER SET utf8 COLLATE utf8_unicode_ci NOT NULL,
  `dossier_marque` tinytext CHARACTER SET utf16 COLLATE utf16_unicode_ci NOT NULL,
  `norder` int(11) NOT NULL
) ENGINE=MyISAM DEFAULT CHARSET=utf8;

--
-- Déchargement des données de la table `marques`
--

INSERT INTO `marques` (`id`, `fabricant_id`, `nom_fr`, `nom_en`, `nom_ru`, `pays_fr`, `dossier_marque`, `norder`) VALUES
(1, 1, 'SHAGOVITA', 'Shagovita', '', '', 'chagovita', 0),
(2, 2, 'CKOPOXOD', 'SKOROHOD', '', 'Russie', 'ckopoxod', 0),
(3, 3, 'LEL', '', '', 'Russie', 'lel', 0),
(4, 4, 'Vi-GGa-Mi', 'Vi-GGa-Mi', 'Vi-GGa-Mi', 'Pologne', 'ViGGaMi', 80),
(5, 5, 'ZETPOL', 'ZETPOL', 'ZETPOL', 'Pologne', 'Zetpol', 70),
(6, 5, 'Trammpy', 'Trammpy', 'Trammpy', 'Pologne', 'Trammpy', 0),
(7, 6, 'RAWEKS', 'RAWEKS', 'RAWEKS', 'Pologne', 'Raweks', 90),
(8, 7, 'NURSERY TIME', 'NURSERY TIME', 'NURSERY TIME', 'Royaume-Uni', 'NURSERY_TIME', 100),
(9, 8, 'Petit Bottillon', 'Petit Bottillon', 'Petit Bottillon', 'France', 'petit_bottillon', 120);

-- --------------------------------------------------------

--
-- Structure de la table `modes_livraison`
--

CREATE TABLE `modes_livraison` (
  `id` int(11) NOT NULL,
  `reference_id` int(11) NOT NULL DEFAULT '0',
  `mode_livraison_variable` tinytext CHARACTER SET utf8 COLLATE utf8_unicode_ci NOT NULL,
  `mode_livraison_presentation` tinytext CHARACTER SET utf8 COLLATE utf8_unicode_ci NOT NULL,
  `prix_ttc` decimal(10,0) NOT NULL
) ENGINE=MyISAM DEFAULT CHARSET=utf8;

--
-- Déchargement des données de la table `modes_livraison`
--

INSERT INTO `modes_livraison` (`id`, `reference_id`, `mode_livraison_variable`, `mode_livraison_presentation`, `prix_ttc`) VALUES
(1, 525, 'colissimo_domicile', 'Livraison à domicile avec COLISSIMO', 9),
(2, 526, 'mondialrelay_point', 'Livraison au point de retrait avec Mondial Relay', 5);

-- --------------------------------------------------------

--
-- Structure de la table `operations_informatiques`
--

CREATE TABLE `operations_informatiques` (
  `id` int(20) NOT NULL,
  `user_session_id` tinytext CHARACTER SET utf8 COLLATE utf8_unicode_ci NOT NULL,
  `user_identification_cookies` tinytext CHARACTER SET utf8 COLLATE utf8_unicode_ci NOT NULL,
  `user_identification_ip` tinytext CHARACTER SET utf8 COLLATE utf8_unicode_ci NOT NULL,
  `operation_nom` tinytext CHARACTER SET utf8 COLLATE utf8_unicode_ci NOT NULL,
  `operation_date_time` datetime NOT NULL
) ENGINE=MyISAM DEFAULT CHARSET=utf8;

--
-- Déchargement des données de la table `operations_informatiques`
--

INSERT INTO `operations_informatiques` (`id`, `user_session_id`, `user_identification_cookies`, `user_identification_ip`, `operation_nom`, `operation_date_time`) VALUES
(154, '', 'f66dfb808f477b942a6226f1ab9e3c9c', '82.238.176.133', 'ajout_au_panier', '2016-10-01 17:34:54'),
(153, '', 'f66dfb808f477b942a6226f1ab9e3c9c', '82.238.176.133', 'ajout_au_panier', '2016-10-01 17:24:12'),
(152, '', 'f66dfb808f477b942a6226f1ab9e3c9c', '82.238.176.133', 'ajout_au_panier', '2016-10-01 17:23:27'),
(151, '', 'f66dfb808f477b942a6226f1ab9e3c9c', '82.238.176.133', 'ajout_au_panier', '2016-10-01 17:23:13'),
(150, '', 'f66dfb808f477b942a6226f1ab9e3c9c', '82.238.176.133', 'suppression_du_panier', '2016-09-25 07:23:41'),
(149, '', 'f66dfb808f477b942a6226f1ab9e3c9c', '82.238.176.133', 'suppression_du_panier', '2016-09-25 07:23:37'),
(147, '', 'f66dfb808f477b942a6226f1ab9e3c9c', '82.238.176.133', 'suppression_du_panier', '2016-09-25 07:23:35'),
(148, '', 'f66dfb808f477b942a6226f1ab9e3c9c', '82.238.176.133', 'suppression_du_panier', '2016-09-25 07:23:36'),
(146, '', 'f66dfb808f477b942a6226f1ab9e3c9c', '82.238.176.133', 'ajout_au_panier', '2016-09-25 07:23:13'),
(145, '', 'f66dfb808f477b942a6226f1ab9e3c9c', '82.238.176.133', 'ajout_au_panier', '2016-09-25 07:22:55'),
(144, '', 'f66dfb808f477b942a6226f1ab9e3c9c', '82.238.176.133', 'ajout_au_panier', '2016-09-25 07:21:57'),
(142, '', 'f66dfb808f477b942a6226f1ab9e3c9c', '82.238.176.133', 'suppression_du_panier', '2016-09-25 07:21:10'),
(143, '', 'f66dfb808f477b942a6226f1ab9e3c9c', '82.238.176.133', 'ajout_au_panier', '2016-09-25 07:21:18'),
(141, '', 'f66dfb808f477b942a6226f1ab9e3c9c', '82.238.176.133', 'ajout_au_panier', '2016-09-25 07:14:49'),
(139, '', 'f66dfb808f477b942a6226f1ab9e3c9c', '82.238.176.133', 'ajout_au_panier', '2016-09-16 06:54:01'),
(140, '', 'f66dfb808f477b942a6226f1ab9e3c9c', '82.238.176.133', 'suppression_du_panier', '2016-09-16 06:54:42'),
(138, '', 'f66dfb808f477b942a6226f1ab9e3c9c', '82.238.176.133', 'suppression_du_panier', '2016-09-15 15:34:24'),
(137, '', 'f66dfb808f477b942a6226f1ab9e3c9c', '82.238.176.133', 'ajout_au_panier', '2016-09-15 15:33:17'),
(136, '', '790a24a0a2656fc306531e51215a51b1', '81.56.116.243', 'ajout_au_panier', '2016-09-06 10:15:34'),
(135, '', 'e5ea897f6c91c684d557348280fd8849', '82.238.176.133', 'ajout_au_panier', '2016-07-23 19:12:17'),
(134, '', '0b8b5b9513cd4ca4d7ce0c2123f1aaab', '82.238.176.133', 'ajout_au_panier', '2016-07-06 11:45:05'),
(133, '', 'a4d0653200230ac1ab2ad18982316518', '82.238.176.133', 'creation_commande_user', '2016-07-05 15:17:19'),
(132, '', 'a4d0653200230ac1ab2ad18982316518', '82.238.176.133', 'ajout_au_panier', '2016-07-05 15:16:29'),
(131, '', 'a4d0653200230ac1ab2ad18982316518', '82.238.176.133', 'ajout_au_panier', '2016-07-04 18:19:42'),
(130, '', 'a4d0653200230ac1ab2ad18982316518', '82.238.176.133', 'creation_commande_user', '2016-07-03 18:59:49'),
(129, '', 'a4d0653200230ac1ab2ad18982316518', '82.238.176.133', 'ajout_au_panier', '2016-07-03 18:55:43'),
(128, '', 'a4d0653200230ac1ab2ad18982316518', '82.238.176.133', 'creation_commande_user', '2016-07-03 18:14:34'),
(127, '', 'a4d0653200230ac1ab2ad18982316518', '82.238.176.133', 'ajout_au_panier', '2016-07-03 18:06:12'),
(126, '', 'a4d0653200230ac1ab2ad18982316518', '82.238.176.133', 'suppression_du_panier', '2016-07-03 18:03:29'),
(125, '', 'a4d0653200230ac1ab2ad18982316518', '82.238.176.133', 'ajout_au_panier', '2016-07-03 18:03:08'),
(124, '', 'a4d0653200230ac1ab2ad18982316518', '82.238.176.133', 'ajout_au_panier', '2016-07-03 18:03:01'),
(123, '', 'a4d0653200230ac1ab2ad18982316518', '82.238.176.133', 'suppression_du_panier', '2016-07-03 17:43:19'),
(122, '', 'a4d0653200230ac1ab2ad18982316518', '82.238.176.133', 'ajout_au_panier', '2016-07-03 17:43:02'),
(121, '', 'a4d0653200230ac1ab2ad18982316518', '82.238.176.133', 'ajout_au_panier', '2016-07-03 17:42:21'),
(120, '', 'a4d0653200230ac1ab2ad18982316518', '82.238.176.133', 'ajout_au_panier', '2016-07-03 17:42:15'),
(119, '', 'a4d0653200230ac1ab2ad18982316518', '82.238.176.133', 'suppression_du_panier', '2016-07-03 17:41:45'),
(118, '', 'a4d0653200230ac1ab2ad18982316518', '82.238.176.133', 'suppression_du_panier', '2016-07-03 17:41:44'),
(117, '', 'a4d0653200230ac1ab2ad18982316518', '82.238.176.133', 'ajout_au_panier', '2016-07-03 17:41:32'),
(116, '', 'a4d0653200230ac1ab2ad18982316518', '82.238.176.133', 'ajout_au_panier', '2016-07-03 17:41:23'),
(115, '', 'a4d0653200230ac1ab2ad18982316518', '82.238.176.133', 'suppression_du_panier', '2016-07-03 17:41:13'),
(114, '', 'a4d0653200230ac1ab2ad18982316518', '82.238.176.133', 'ajout_au_panier', '2016-07-03 17:40:31'),
(113, '', 'a4d0653200230ac1ab2ad18982316518', '82.238.176.133', 'ajout_au_panier', '2016-07-03 17:38:47'),
(112, '', 'a4d0653200230ac1ab2ad18982316518', '82.238.176.133', 'ajout_au_panier', '2016-07-03 17:38:04'),
(111, '', 'a4d0653200230ac1ab2ad18982316518', '82.238.176.133', 'suppression_du_panier', '2016-07-03 17:37:45'),
(110, '', 'a4d0653200230ac1ab2ad18982316518', '82.238.176.133', 'ajout_au_panier', '2016-07-03 17:22:16'),
(109, '', 'a4d0653200230ac1ab2ad18982316518', '82.238.176.133', 'suppression_du_panier', '2016-07-03 16:59:08'),
(108, '', 'a4d0653200230ac1ab2ad18982316518', '82.238.176.133', 'suppression_du_panier', '2016-07-03 16:59:06'),
(107, '', 'a4d0653200230ac1ab2ad18982316518', '82.238.176.133', 'ajout_au_panier', '2016-07-03 16:58:49'),
(106, '', 'a4d0653200230ac1ab2ad18982316518', '82.238.176.133', 'ajout_au_panier', '2016-07-03 16:47:42'),
(105, '', 'a4d0653200230ac1ab2ad18982316518', '82.238.176.133', 'ajout_au_panier', '2016-07-02 15:20:51'),
(104, '', 'a4d0653200230ac1ab2ad18982316518', '82.238.176.133', 'suppression_du_panier', '2016-06-30 15:45:46'),
(103, '', 'a4d0653200230ac1ab2ad18982316518', '82.238.176.133', 'ajout_au_panier', '2016-06-30 15:45:24'),
(102, '', 'f66dfb808f477b942a6226f1ab9e3c9c', '82.238.176.133', 'creation_commande_user', '2016-06-30 14:49:18'),
(101, '', 'f66dfb808f477b942a6226f1ab9e3c9c', '82.238.176.133', 'ajout_au_panier', '2016-06-30 14:47:54'),
(100, '', 'f66dfb808f477b942a6226f1ab9e3c9c', '82.238.176.133', 'ajout_au_panier', '2016-06-30 14:47:37'),
(99, '', 'f66dfb808f477b942a6226f1ab9e3c9c', '10.108.16.168', 'suppression_du_panier', '2016-06-30 14:47:18'),
(98, '', 'f66dfb808f477b942a6226f1ab9e3c9c', '82.238.176.133', 'ajout_au_panier', '2016-06-30 14:46:57'),
(97, '', 'f66dfb808f477b942a6226f1ab9e3c9c', '82.238.176.133', 'suppression_du_panier', '2016-06-30 14:46:44'),
(96, '', 'f66dfb808f477b942a6226f1ab9e3c9c', '82.238.176.133', 'ajout_au_panier', '2016-06-30 14:45:49'),
(95, '', 'a4d0653200230ac1ab2ad18982316518', '82.238.176.133', 'creation_commande_user', '2016-06-30 14:36:08'),
(94, '', 'a4d0653200230ac1ab2ad18982316518', '82.238.176.133', 'ajout_au_panier', '2016-06-30 14:34:54'),
(155, '', 'f66dfb808f477b942a6226f1ab9e3c9c', '82.238.176.133', 'ajout_au_panier', '2016-10-01 17:51:17'),
(156, '', 'f66dfb808f477b942a6226f1ab9e3c9c', '82.238.176.133', 'ajout_au_panier', '2016-10-01 17:51:25'),
(157, '', 'f66dfb808f477b942a6226f1ab9e3c9c', '82.238.176.133', 'ajout_au_panier', '2016-10-01 17:52:26'),
(158, '', 'f66dfb808f477b942a6226f1ab9e3c9c', '82.238.176.133', 'ajout_au_panier', '2016-10-01 17:52:29'),
(159, '', 'f66dfb808f477b942a6226f1ab9e3c9c', '82.238.176.133', 'ajout_au_panier', '2016-10-01 17:52:57'),
(160, '', 'f66dfb808f477b942a6226f1ab9e3c9c', '82.238.176.133', 'ajout_au_panier', '2016-10-01 17:53:59'),
(161, '', 'f66dfb808f477b942a6226f1ab9e3c9c', '82.238.176.133', 'ajout_au_panier', '2016-10-01 17:54:31'),
(162, '', 'f66dfb808f477b942a6226f1ab9e3c9c', '82.238.176.133', 'ajout_au_panier', '2016-10-01 17:56:06'),
(163, '', 'f66dfb808f477b942a6226f1ab9e3c9c', '82.238.176.133', 'ajout_au_panier', '2016-10-01 17:56:25'),
(164, '', 'f66dfb808f477b942a6226f1ab9e3c9c', '82.238.176.133', 'ajout_au_panier', '2016-10-01 17:56:53'),
(165, '', 'f66dfb808f477b942a6226f1ab9e3c9c', '82.238.176.133', 'ajout_au_panier', '2016-10-01 17:57:52'),
(166, '', 'f66dfb808f477b942a6226f1ab9e3c9c', '82.238.176.133', 'ajout_au_panier', '2016-10-01 17:58:20'),
(167, '', 'f66dfb808f477b942a6226f1ab9e3c9c', '82.238.176.133', 'suppression_du_panier', '2016-10-01 17:59:11'),
(168, '', 'f66dfb808f477b942a6226f1ab9e3c9c', '82.238.176.133', 'suppression_du_panier', '2016-10-01 17:59:13'),
(169, '', 'f66dfb808f477b942a6226f1ab9e3c9c', '82.238.176.133', 'ajout_au_panier', '2016-10-01 17:59:29'),
(170, '', 'f66dfb808f477b942a6226f1ab9e3c9c', '82.238.176.133', 'suppression_du_panier', '2016-10-01 17:59:37'),
(171, '', 'f66dfb808f477b942a6226f1ab9e3c9c', '82.238.176.133', 'ajout_au_panier', '2016-10-01 17:59:47'),
(172, '', 'f66dfb808f477b942a6226f1ab9e3c9c', '82.238.176.133', 'ajout_au_panier', '2016-10-01 18:02:55'),
(173, '', 'f66dfb808f477b942a6226f1ab9e3c9c', '82.238.176.133', 'ajout_au_panier', '2016-10-01 18:04:43'),
(174, '', 'f66dfb808f477b942a6226f1ab9e3c9c', '82.238.176.133', 'ajout_au_panier', '2016-10-01 18:06:46'),
(175, '', 'f66dfb808f477b942a6226f1ab9e3c9c', '82.238.176.133', 'suppression_du_panier', '2016-10-01 18:06:57'),
(176, '', 'f66dfb808f477b942a6226f1ab9e3c9c', '82.238.176.133', 'suppression_du_panier', '2016-10-01 18:07:00'),
(177, '', 'f66dfb808f477b942a6226f1ab9e3c9c', '82.238.176.133', 'suppression_du_panier', '2016-10-01 18:07:03'),
(178, '', 'f66dfb808f477b942a6226f1ab9e3c9c', '82.238.176.133', 'suppression_du_panier', '2016-10-01 18:07:05'),
(179, '', 'f66dfb808f477b942a6226f1ab9e3c9c', '82.238.176.133', 'ajout_au_panier', '2016-10-01 18:07:13'),
(180, '', 'f66dfb808f477b942a6226f1ab9e3c9c', '82.238.176.133', 'ajout_au_panier', '2016-10-01 18:15:08'),
(181, '', 'f66dfb808f477b942a6226f1ab9e3c9c', '82.238.176.133', 'ajout_au_panier', '2016-10-01 18:16:30'),
(182, '', 'f66dfb808f477b942a6226f1ab9e3c9c', '82.238.176.133', 'ajout_au_panier', '2016-10-01 18:16:51'),
(183, '', 'f66dfb808f477b942a6226f1ab9e3c9c', '82.238.176.133', 'suppression_du_panier', '2016-10-01 18:20:06'),
(184, '', 'f66dfb808f477b942a6226f1ab9e3c9c', '82.238.176.133', 'suppression_du_panier', '2016-10-01 18:20:07'),
(185, '', 'f66dfb808f477b942a6226f1ab9e3c9c', '82.238.176.133', 'suppression_du_panier', '2016-10-01 18:20:08'),
(186, '', 'f66dfb808f477b942a6226f1ab9e3c9c', '82.238.176.133', 'suppression_du_panier', '2016-10-01 18:20:08'),
(187, '', 'f66dfb808f477b942a6226f1ab9e3c9c', '82.238.176.133', 'ajout_au_panier', '2016-10-01 18:20:59'),
(188, '', 'f66dfb808f477b942a6226f1ab9e3c9c', '82.238.176.133', 'ajout_au_panier', '2016-10-01 18:22:52'),
(189, '', 'f66dfb808f477b942a6226f1ab9e3c9c', '82.238.176.133', 'ajout_au_panier', '2016-10-01 18:23:01'),
(190, '', 'f66dfb808f477b942a6226f1ab9e3c9c', '82.238.176.133', 'ajout_au_panier', '2016-10-01 18:23:09'),
(191, '', 'f66dfb808f477b942a6226f1ab9e3c9c', '82.238.176.133', 'suppression_du_panier', '2016-10-01 18:23:34'),
(192, '', 'f66dfb808f477b942a6226f1ab9e3c9c', '82.238.176.133', 'suppression_du_panier', '2016-10-01 18:23:35'),
(193, '', 'f66dfb808f477b942a6226f1ab9e3c9c', '82.238.176.133', 'suppression_du_panier', '2016-10-01 18:23:35'),
(194, '', 'f66dfb808f477b942a6226f1ab9e3c9c', '82.238.176.133', 'suppression_du_panier', '2016-10-01 18:23:36'),
(195, '', 'f66dfb808f477b942a6226f1ab9e3c9c', '82.238.176.133', 'ajout_au_panier', '2016-10-01 18:31:50'),
(196, '', 'f66dfb808f477b942a6226f1ab9e3c9c', '82.238.176.133', 'ajout_au_panier', '2016-10-03 13:15:22'),
(197, '', 'f66dfb808f477b942a6226f1ab9e3c9c', '82.238.176.133', 'suppression_du_panier', '2016-10-03 13:16:32'),
(198, '', 'f66dfb808f477b942a6226f1ab9e3c9c', '82.238.176.133', 'ajout_au_panier', '2016-10-04 12:37:01'),
(199, '', 'f66dfb808f477b942a6226f1ab9e3c9c', '82.238.176.133', 'creation_commande_user', '2016-10-04 13:06:03'),
(200, '', 'f66dfb808f477b942a6226f1ab9e3c9c', '82.238.176.133', 'ajout_au_panier', '2016-10-04 13:09:52'),
(201, '', 'f66dfb808f477b942a6226f1ab9e3c9c', '82.238.176.133', 'creation_commande_user', '2016-10-04 13:19:41'),
(202, '', 'f66dfb808f477b942a6226f1ab9e3c9c', '82.238.176.133', 'ajout_au_panier', '2016-10-12 18:01:41'),
(203, '', 'f66dfb808f477b942a6226f1ab9e3c9c', '82.238.176.133', 'suppression_du_panier', '2016-10-12 18:27:19'),
(204, '', 'f66dfb808f477b942a6226f1ab9e3c9c', '82.238.176.133', 'ajout_au_panier', '2016-10-18 21:22:16'),
(205, '', 'f66dfb808f477b942a6226f1ab9e3c9c', '82.238.176.133', 'ajout_au_panier', '2016-10-18 21:23:27'),
(206, '', 'f66dfb808f477b942a6226f1ab9e3c9c', '82.238.176.133', 'ajout_au_panier', '2016-10-18 21:23:41'),
(207, '', 'f66dfb808f477b942a6226f1ab9e3c9c', '82.238.176.133', 'suppression_du_panier', '2016-10-18 21:23:58'),
(208, '', 'f66dfb808f477b942a6226f1ab9e3c9c', '82.238.176.133', 'suppression_du_panier', '2016-10-18 21:24:00'),
(209, '', 'f66dfb808f477b942a6226f1ab9e3c9c', '82.238.176.133', 'suppression_du_panier', '2016-10-18 21:24:06'),
(210, '', 'f66dfb808f477b942a6226f1ab9e3c9c', '82.238.176.133', 'ajout_au_panier', '2016-10-19 16:56:11'),
(211, '', 'f66dfb808f477b942a6226f1ab9e3c9c', '82.238.176.133', 'creation_commande_user', '2016-10-19 16:56:38'),
(212, '', 'f66dfb808f477b942a6226f1ab9e3c9c', '82.238.176.133', 'ajout_au_panier', '2016-10-19 16:59:15'),
(213, '', 'f66dfb808f477b942a6226f1ab9e3c9c', '82.238.176.133', 'ajout_au_panier', '2016-10-19 16:59:55'),
(214, '', 'f66dfb808f477b942a6226f1ab9e3c9c', '82.238.176.133', 'suppression_du_panier', '2016-10-19 17:00:19'),
(215, '', 'f66dfb808f477b942a6226f1ab9e3c9c', '82.238.176.133', 'suppression_du_panier', '2016-10-19 17:00:20'),
(216, '', 'f66dfb808f477b942a6226f1ab9e3c9c', '82.238.176.133', 'ajout_au_panier', '2016-10-19 17:09:56'),
(217, '', 'f66dfb808f477b942a6226f1ab9e3c9c', '82.238.176.133', 'suppression_du_panier', '2016-10-19 18:03:16'),
(229, '093d3be3cac0f941c503ad4c123211a5', 'f66dfb808f477b942a6226f1ab9e3c9c', '82.238.176.133', 'ajout_au_panier', '2016-10-20 12:00:24'),
(230, '093d3be3cac0f941c503ad4c123211a5', 'f66dfb808f477b942a6226f1ab9e3c9c', '82.238.176.133', 'suppression_du_panier', '2016-10-20 12:12:54'),
(231, '093d3be3cac0f941c503ad4c123211a5', 'f66dfb808f477b942a6226f1ab9e3c9c', '82.238.176.133', 'ajout_au_panier', '2016-10-20 12:14:17'),
(232, '093d3be3cac0f941c503ad4c123211a5', 'f66dfb808f477b942a6226f1ab9e3c9c', '82.238.176.133', 'ajout_au_panier', '2016-10-20 12:42:22'),
(233, '093d3be3cac0f941c503ad4c123211a5', 'f66dfb808f477b942a6226f1ab9e3c9c', '82.238.176.133', 'suppression_du_panier', '2016-10-20 12:42:27'),
(234, '093d3be3cac0f941c503ad4c123211a5', 'f66dfb808f477b942a6226f1ab9e3c9c', '82.238.176.133', 'suppression_du_panier', '2016-10-20 12:42:28'),
(235, '093d3be3cac0f941c503ad4c123211a5', 'f66dfb808f477b942a6226f1ab9e3c9c', '82.238.176.133', 'ajout_au_panier', '2016-10-20 12:42:38'),
(236, '093d3be3cac0f941c503ad4c123211a5', 'f66dfb808f477b942a6226f1ab9e3c9c', '82.238.176.133', 'suppression_du_panier', '2016-10-20 12:42:41'),
(237, 'c9c6f3d548b5505a8f0e97d4b62fec64', '0b8b5b9513cd4ca4d7ce0c2123f1aaab', '82.238.176.133', 'ajout_au_panier', '2016-10-20 13:12:44'),
(238, '093d3be3cac0f941c503ad4c123211a5', 'f66dfb808f477b942a6226f1ab9e3c9c', '82.238.176.133', 'ajout_au_panier', '2016-10-20 18:11:44'),
(239, '093d3be3cac0f941c503ad4c123211a5', 'f66dfb808f477b942a6226f1ab9e3c9c', '82.238.176.133', 'ajout_au_panier', '2016-10-20 20:49:06'),
(240, '093d3be3cac0f941c503ad4c123211a5', 'f66dfb808f477b942a6226f1ab9e3c9c', '82.238.176.133', 'ajout_au_panier', '2016-10-20 21:35:22'),
(241, '093d3be3cac0f941c503ad4c123211a5', 'f66dfb808f477b942a6226f1ab9e3c9c', '82.238.176.133', 'ajout_au_panier', '2016-10-20 21:35:24'),
(242, '093d3be3cac0f941c503ad4c123211a5', 'f66dfb808f477b942a6226f1ab9e3c9c', '82.238.176.133', 'suppression_du_panier', '2016-10-20 21:46:27'),
(243, '093d3be3cac0f941c503ad4c123211a5', 'f66dfb808f477b942a6226f1ab9e3c9c', '82.238.176.133', 'suppression_du_panier', '2016-10-20 21:47:41'),
(244, '093d3be3cac0f941c503ad4c123211a5', 'f66dfb808f477b942a6226f1ab9e3c9c', '82.238.176.133', 'suppression_du_panier', '2016-10-20 21:47:48'),
(245, '093d3be3cac0f941c503ad4c123211a5', 'f66dfb808f477b942a6226f1ab9e3c9c', '82.238.176.133', 'suppression_du_panier', '2016-10-20 21:47:49'),
(246, '093d3be3cac0f941c503ad4c123211a5', 'f66dfb808f477b942a6226f1ab9e3c9c', '82.238.176.133', 'ajout_au_panier', '2016-10-21 06:23:10'),
(247, '093d3be3cac0f941c503ad4c123211a5', 'f66dfb808f477b942a6226f1ab9e3c9c', '82.238.176.133', 'ajout_au_panier', '2016-10-21 09:26:01'),
(248, '093d3be3cac0f941c503ad4c123211a5', 'f66dfb808f477b942a6226f1ab9e3c9c', '82.238.176.133', 'ajout_au_panier', '2016-10-21 11:26:47'),
(249, '093d3be3cac0f941c503ad4c123211a5', 'f66dfb808f477b942a6226f1ab9e3c9c', '82.238.176.133', 'ajout_au_panier', '2016-10-21 12:35:11'),
(250, '093d3be3cac0f941c503ad4c123211a5', 'f66dfb808f477b942a6226f1ab9e3c9c', '82.238.176.133', 'ajout_au_panier', '2016-10-21 12:35:13'),
(251, '093d3be3cac0f941c503ad4c123211a5', 'f66dfb808f477b942a6226f1ab9e3c9c', '82.238.176.133', 'ajout_au_panier', '2016-10-21 14:43:26'),
(252, 'dcc081664e09683a08aee86a591d7d5f', 'ce70f762b0d6feeb763163cc4b1c204a', '82.238.176.133', 'ajout_au_panier', '2016-10-21 14:56:02'),
(253, 'dcc081664e09683a08aee86a591d7d5f', 'ce70f762b0d6feeb763163cc4b1c204a', '82.238.176.133', 'suppression_du_panier', '2016-10-21 14:57:45'),
(254, 'dcc081664e09683a08aee86a591d7d5f', 'ce70f762b0d6feeb763163cc4b1c204a', '82.238.176.133', 'suppression_du_panier', '2016-10-21 14:59:32'),
(255, '093d3be3cac0f941c503ad4c123211a5', 'f66dfb808f477b942a6226f1ab9e3c9c', '82.238.176.133', 'ajout_au_panier', '2016-10-21 16:58:38'),
(256, '093d3be3cac0f941c503ad4c123211a5', 'f66dfb808f477b942a6226f1ab9e3c9c', '82.238.176.133', 'creation_commande_user', '2016-10-21 16:59:21'),
(257, '093d3be3cac0f941c503ad4c123211a5', 'f66dfb808f477b942a6226f1ab9e3c9c', '82.238.176.133', 'creation_commande_user', '2016-10-21 17:00:20'),
(258, '093d3be3cac0f941c503ad4c123211a5', 'f66dfb808f477b942a6226f1ab9e3c9c', '82.238.176.133', 'creation_commande_user', '2016-10-21 17:57:47'),
(259, '093d3be3cac0f941c503ad4c123211a5', 'f66dfb808f477b942a6226f1ab9e3c9c', '82.238.176.133', 'creation_commande_user', '2016-10-21 18:03:31'),
(260, '093d3be3cac0f941c503ad4c123211a5', 'f66dfb808f477b942a6226f1ab9e3c9c', '82.238.176.133', 'creation_commande_user', '2016-10-21 18:30:18'),
(261, '093d3be3cac0f941c503ad4c123211a5', 'f66dfb808f477b942a6226f1ab9e3c9c', '82.238.176.133', 'creation_commande_user', '2016-10-21 18:36:56'),
(262, '093d3be3cac0f941c503ad4c123211a5', 'f66dfb808f477b942a6226f1ab9e3c9c', '82.238.176.133', 'ajout_au_panier', '2016-10-24 13:19:10'),
(263, '093d3be3cac0f941c503ad4c123211a5', 'f66dfb808f477b942a6226f1ab9e3c9c', '82.238.176.133', 'creation_commande_user', '2016-10-24 13:21:49'),
(264, '093d3be3cac0f941c503ad4c123211a5', 'f66dfb808f477b942a6226f1ab9e3c9c', '82.238.176.133', 'ajout_au_panier', '2016-10-24 13:30:58'),
(265, '093d3be3cac0f941c503ad4c123211a5', 'f66dfb808f477b942a6226f1ab9e3c9c', '82.238.176.133', 'suppression_du_panier', '2016-10-24 14:48:42'),
(266, '093d3be3cac0f941c503ad4c123211a5', 'f66dfb808f477b942a6226f1ab9e3c9c', '82.238.176.133', 'ajout_au_panier', '2016-10-24 14:49:19'),
(267, '093d3be3cac0f941c503ad4c123211a5', 'f66dfb808f477b942a6226f1ab9e3c9c', '82.238.176.133', 'creation_commande_user', '2016-10-24 14:50:29'),
(268, '093d3be3cac0f941c503ad4c123211a5', 'f66dfb808f477b942a6226f1ab9e3c9c', '82.238.176.133', 'suppression_du_panier', '2016-10-24 14:51:05'),
(269, '093d3be3cac0f941c503ad4c123211a5', 'f66dfb808f477b942a6226f1ab9e3c9c', '82.238.176.133', 'ajout_au_panier', '2016-10-24 15:18:20'),
(270, '093d3be3cac0f941c503ad4c123211a5', 'f66dfb808f477b942a6226f1ab9e3c9c', '82.238.176.133', 'creation_commande_user', '2016-10-24 15:18:46'),
(271, '093d3be3cac0f941c503ad4c123211a5', 'f66dfb808f477b942a6226f1ab9e3c9c', '82.238.176.133', 'creation_commande_user', '2016-10-24 15:20:13'),
(272, '093d3be3cac0f941c503ad4c123211a5', 'f66dfb808f477b942a6226f1ab9e3c9c', '82.238.176.133', 'creation_commande_user', '2016-10-24 15:29:53'),
(273, '093d3be3cac0f941c503ad4c123211a5', 'f66dfb808f477b942a6226f1ab9e3c9c', '82.238.176.133', 'creation_commande_user', '2016-10-24 15:30:48'),
(274, '093d3be3cac0f941c503ad4c123211a5', 'f66dfb808f477b942a6226f1ab9e3c9c', '82.238.176.133', 'ajout_au_panier', '2016-10-25 12:11:34'),
(275, '093d3be3cac0f941c503ad4c123211a5', 'f66dfb808f477b942a6226f1ab9e3c9c', '82.238.176.133', 'suppression_du_panier', '2016-10-25 13:22:08'),
(276, '093d3be3cac0f941c503ad4c123211a5', 'f66dfb808f477b942a6226f1ab9e3c9c', '82.238.176.133', 'ajout_au_panier', '2016-10-25 13:22:23'),
(277, '093d3be3cac0f941c503ad4c123211a5', 'f66dfb808f477b942a6226f1ab9e3c9c', '82.238.176.133', 'suppression_du_panier', '2016-10-25 13:48:06'),
(278, '093d3be3cac0f941c503ad4c123211a5', 'f66dfb808f477b942a6226f1ab9e3c9c', '82.238.176.133', 'suppression_du_panier', '2016-10-25 13:48:10'),
(279, '093d3be3cac0f941c503ad4c123211a5', 'f66dfb808f477b942a6226f1ab9e3c9c', '82.238.176.133', 'ajout_au_panier', '2016-10-25 13:48:28'),
(280, '093d3be3cac0f941c503ad4c123211a5', 'f66dfb808f477b942a6226f1ab9e3c9c', '82.238.176.133', 'suppression_du_panier', '2016-10-25 15:19:44'),
(281, '093d3be3cac0f941c503ad4c123211a5', 'f66dfb808f477b942a6226f1ab9e3c9c', '82.238.176.133', 'ajout_au_panier', '2016-10-25 15:19:57'),
(282, '093d3be3cac0f941c503ad4c123211a5', 'f66dfb808f477b942a6226f1ab9e3c9c', '82.238.176.133', 'suppression_du_panier', '2016-10-25 15:21:18'),
(283, '093d3be3cac0f941c503ad4c123211a5', 'f66dfb808f477b942a6226f1ab9e3c9c', '82.238.176.133', 'ajout_au_panier', '2016-10-25 15:21:24'),
(284, '093d3be3cac0f941c503ad4c123211a5', 'f66dfb808f477b942a6226f1ab9e3c9c', '82.238.176.133', 'suppression_du_panier', '2016-10-25 15:23:33'),
(285, '093d3be3cac0f941c503ad4c123211a5', 'f66dfb808f477b942a6226f1ab9e3c9c', '82.238.176.133', 'ajout_au_panier', '2016-10-25 15:23:41'),
(286, '093d3be3cac0f941c503ad4c123211a5', 'f66dfb808f477b942a6226f1ab9e3c9c', '82.238.176.133', 'suppression_du_panier', '2016-10-25 16:08:22'),
(287, '093d3be3cac0f941c503ad4c123211a5', 'f66dfb808f477b942a6226f1ab9e3c9c', '82.238.176.133', 'ajout_au_panier', '2016-10-25 16:08:29'),
(288, '093d3be3cac0f941c503ad4c123211a5', 'f66dfb808f477b942a6226f1ab9e3c9c', '82.238.176.133', 'suppression_du_panier', '2016-10-25 16:37:04'),
(289, '093d3be3cac0f941c503ad4c123211a5', 'f66dfb808f477b942a6226f1ab9e3c9c', '82.238.176.133', 'ajout_au_panier', '2016-10-25 16:37:13'),
(290, '093d3be3cac0f941c503ad4c123211a5', 'f66dfb808f477b942a6226f1ab9e3c9c', '82.238.176.133', 'suppression_du_panier', '2016-10-25 16:38:21'),
(291, '093d3be3cac0f941c503ad4c123211a5', 'f66dfb808f477b942a6226f1ab9e3c9c', '82.238.176.133', 'ajout_au_panier', '2016-10-25 16:38:37'),
(292, '093d3be3cac0f941c503ad4c123211a5', 'f66dfb808f477b942a6226f1ab9e3c9c', '82.238.176.133', 'suppression_du_panier', '2016-10-25 16:49:38'),
(293, '093d3be3cac0f941c503ad4c123211a5', 'f66dfb808f477b942a6226f1ab9e3c9c', '82.238.176.133', 'ajout_au_panier', '2016-10-25 16:49:46'),
(294, '093d3be3cac0f941c503ad4c123211a5', 'f66dfb808f477b942a6226f1ab9e3c9c', '82.238.176.133', 'suppression_du_panier', '2016-10-25 16:50:54'),
(295, '093d3be3cac0f941c503ad4c123211a5', 'f66dfb808f477b942a6226f1ab9e3c9c', '82.238.176.133', 'ajout_au_panier', '2016-10-25 16:51:05'),
(296, '093d3be3cac0f941c503ad4c123211a5', 'f66dfb808f477b942a6226f1ab9e3c9c', '82.238.176.133', 'ajout_au_panier', '2016-10-25 16:51:18'),
(297, '093d3be3cac0f941c503ad4c123211a5', 'f66dfb808f477b942a6226f1ab9e3c9c', '82.238.176.133', 'suppression_du_panier', '2016-10-25 17:11:28'),
(298, '093d3be3cac0f941c503ad4c123211a5', 'f66dfb808f477b942a6226f1ab9e3c9c', '82.238.176.133', 'suppression_du_panier', '2016-10-25 17:11:30'),
(299, '093d3be3cac0f941c503ad4c123211a5', 'f66dfb808f477b942a6226f1ab9e3c9c', '82.238.176.133', 'ajout_au_panier', '2016-10-25 17:11:42'),
(300, '093d3be3cac0f941c503ad4c123211a5', 'f66dfb808f477b942a6226f1ab9e3c9c', '82.238.176.133', 'ajout_au_panier', '2016-10-25 17:12:28'),
(301, '093d3be3cac0f941c503ad4c123211a5', 'f66dfb808f477b942a6226f1ab9e3c9c', '82.238.176.133', 'suppression_du_panier', '2016-10-25 17:12:51'),
(302, '093d3be3cac0f941c503ad4c123211a5', 'f66dfb808f477b942a6226f1ab9e3c9c', '82.238.176.133', 'suppression_du_panier', '2016-10-25 17:12:54'),
(303, '093d3be3cac0f941c503ad4c123211a5', 'f66dfb808f477b942a6226f1ab9e3c9c', '82.238.176.133', 'ajout_au_panier', '2016-10-25 17:47:07'),
(304, '093d3be3cac0f941c503ad4c123211a5', 'f66dfb808f477b942a6226f1ab9e3c9c', '82.238.176.133', 'suppression_du_panier', '2016-10-25 17:49:47'),
(305, '093d3be3cac0f941c503ad4c123211a5', 'f66dfb808f477b942a6226f1ab9e3c9c', '82.238.176.133', 'ajout_au_panier', '2016-10-25 17:49:59'),
(306, '093d3be3cac0f941c503ad4c123211a5', 'f66dfb808f477b942a6226f1ab9e3c9c', '82.238.176.133', 'suppression_du_panier', '2016-10-25 17:53:37'),
(307, '093d3be3cac0f941c503ad4c123211a5', 'f66dfb808f477b942a6226f1ab9e3c9c', '82.238.176.133', 'ajout_au_panier', '2016-10-25 17:54:34'),
(308, '093d3be3cac0f941c503ad4c123211a5', 'f66dfb808f477b942a6226f1ab9e3c9c', '82.238.176.133', 'suppression_du_panier', '2016-10-25 18:29:20'),
(309, '093d3be3cac0f941c503ad4c123211a5', 'f66dfb808f477b942a6226f1ab9e3c9c', '82.238.176.133', 'ajout_au_panier', '2016-10-25 18:34:19'),
(310, '093d3be3cac0f941c503ad4c123211a5', 'f66dfb808f477b942a6226f1ab9e3c9c', '82.238.176.133', 'ajout_au_panier', '2016-10-25 18:40:30'),
(311, '093d3be3cac0f941c503ad4c123211a5', 'f66dfb808f477b942a6226f1ab9e3c9c', '82.238.176.133', 'ajout_au_panier', '2016-10-25 18:53:18'),
(312, '093d3be3cac0f941c503ad4c123211a5', 'f66dfb808f477b942a6226f1ab9e3c9c', '82.238.176.133', 'ajout_au_panier', '2016-10-25 18:53:31'),
(313, '093d3be3cac0f941c503ad4c123211a5', 'f66dfb808f477b942a6226f1ab9e3c9c', '82.238.176.133', 'ajout_au_panier', '2016-10-26 05:20:36'),
(314, '093d3be3cac0f941c503ad4c123211a5', 'f66dfb808f477b942a6226f1ab9e3c9c', '82.238.176.133', 'ajout_au_panier', '2016-10-26 05:20:41'),
(315, '093d3be3cac0f941c503ad4c123211a5', 'f66dfb808f477b942a6226f1ab9e3c9c', '82.238.176.133', 'suppression_du_panier', '2016-10-26 06:12:30'),
(316, '093d3be3cac0f941c503ad4c123211a5', 'f66dfb808f477b942a6226f1ab9e3c9c', '82.238.176.133', 'suppression_du_panier', '2016-10-26 06:14:17'),
(317, '093d3be3cac0f941c503ad4c123211a5', 'f66dfb808f477b942a6226f1ab9e3c9c', '82.238.176.133', 'ajout_au_panier', '2016-10-26 06:17:11'),
(318, '093d3be3cac0f941c503ad4c123211a5', 'f66dfb808f477b942a6226f1ab9e3c9c', '82.238.176.133', 'ajout_au_panier', '2016-10-26 06:17:17'),
(319, '093d3be3cac0f941c503ad4c123211a5', 'f66dfb808f477b942a6226f1ab9e3c9c', '82.238.176.133', 'suppression_du_panier', '2016-10-26 06:17:29'),
(320, '093d3be3cac0f941c503ad4c123211a5', 'f66dfb808f477b942a6226f1ab9e3c9c', '82.238.176.133', 'suppression_du_panier', '2016-10-26 06:26:51'),
(321, '093d3be3cac0f941c503ad4c123211a5', 'f66dfb808f477b942a6226f1ab9e3c9c', '82.238.176.133', 'ajout_au_panier', '2016-10-26 09:22:44'),
(322, '093d3be3cac0f941c503ad4c123211a5', 'f66dfb808f477b942a6226f1ab9e3c9c', '82.238.176.133', 'choix_mode_livraison_panier', '2016-10-26 09:22:50'),
(323, '093d3be3cac0f941c503ad4c123211a5', 'f66dfb808f477b942a6226f1ab9e3c9c', '82.238.176.133', 'choix_mode_livraison_panier', '2016-10-26 09:23:56'),
(324, '093d3be3cac0f941c503ad4c123211a5', 'f66dfb808f477b942a6226f1ab9e3c9c', '82.238.176.133', 'choix_mode_livraison_panier', '2016-10-26 09:25:25'),
(325, '093d3be3cac0f941c503ad4c123211a5', 'f66dfb808f477b942a6226f1ab9e3c9c', '82.238.176.133', 'choix_mode_livraison_panier', '2016-10-26 09:26:10'),
(326, '093d3be3cac0f941c503ad4c123211a5', 'f66dfb808f477b942a6226f1ab9e3c9c', '82.238.176.133', 'choix_mode_livraison_panier', '2016-10-26 09:44:55'),
(327, '093d3be3cac0f941c503ad4c123211a5', 'f66dfb808f477b942a6226f1ab9e3c9c', '82.238.176.133', 'choix_mode_livraison_panier', '2016-10-26 09:45:01'),
(328, '093d3be3cac0f941c503ad4c123211a5', 'f66dfb808f477b942a6226f1ab9e3c9c', '82.238.176.133', 'choix_mode_livraison_panier', '2016-10-26 09:45:03'),
(329, '093d3be3cac0f941c503ad4c123211a5', 'f66dfb808f477b942a6226f1ab9e3c9c', '82.238.176.133', 'choix_mode_livraison_panier', '2016-10-26 09:49:39'),
(330, '093d3be3cac0f941c503ad4c123211a5', 'f66dfb808f477b942a6226f1ab9e3c9c', '82.238.176.133', 'choix_mode_livraison_panier', '2016-10-26 09:49:42'),
(331, '093d3be3cac0f941c503ad4c123211a5', 'f66dfb808f477b942a6226f1ab9e3c9c', '82.238.176.133', 'choix_mode_livraison_panier', '2016-10-26 09:51:40'),
(332, '093d3be3cac0f941c503ad4c123211a5', 'f66dfb808f477b942a6226f1ab9e3c9c', '82.238.176.133', 'choix_mode_livraison_panier', '2016-10-26 10:06:16'),
(333, '093d3be3cac0f941c503ad4c123211a5', 'f66dfb808f477b942a6226f1ab9e3c9c', '82.238.176.133', 'choix_mode_livraison_panier', '2016-10-26 10:06:20'),
(334, '093d3be3cac0f941c503ad4c123211a5', 'f66dfb808f477b942a6226f1ab9e3c9c', '82.238.176.133', 'choix_mode_livraison_panier', '2016-10-26 10:06:24'),
(335, '093d3be3cac0f941c503ad4c123211a5', 'f66dfb808f477b942a6226f1ab9e3c9c', '82.238.176.133', 'choix_mode_livraison_panier', '2016-10-26 11:10:08'),
(336, '093d3be3cac0f941c503ad4c123211a5', 'f66dfb808f477b942a6226f1ab9e3c9c', '82.238.176.133', 'choix_mode_livraison_panier', '2016-10-26 11:10:23'),
(337, '093d3be3cac0f941c503ad4c123211a5', 'f66dfb808f477b942a6226f1ab9e3c9c', '82.238.176.133', 'choix_mode_livraison_panier', '2016-10-26 11:11:24'),
(338, '093d3be3cac0f941c503ad4c123211a5', 'f66dfb808f477b942a6226f1ab9e3c9c', '82.238.176.133', 'choix_mode_livraison_panier', '2016-10-26 11:11:32'),
(339, '093d3be3cac0f941c503ad4c123211a5', 'f66dfb808f477b942a6226f1ab9e3c9c', '82.238.176.133', 'choix_mode_livraison_panier', '2016-10-26 11:11:44'),
(340, '093d3be3cac0f941c503ad4c123211a5', 'f66dfb808f477b942a6226f1ab9e3c9c', '82.238.176.133', 'choix_mode_livraison_panier', '2016-10-26 11:11:48'),
(341, '093d3be3cac0f941c503ad4c123211a5', 'f66dfb808f477b942a6226f1ab9e3c9c', '82.238.176.133', 'choix_mode_livraison_panier', '2016-10-26 11:11:52'),
(342, '093d3be3cac0f941c503ad4c123211a5', 'f66dfb808f477b942a6226f1ab9e3c9c', '82.238.176.133', 'choix_mode_livraison_panier', '2016-10-26 11:13:24'),
(343, '093d3be3cac0f941c503ad4c123211a5', 'f66dfb808f477b942a6226f1ab9e3c9c', '82.238.176.133', 'choix_mode_livraison_panier', '2016-10-26 11:13:42'),
(344, '093d3be3cac0f941c503ad4c123211a5', 'f66dfb808f477b942a6226f1ab9e3c9c', '82.238.176.133', 'ajout_au_panier', '2016-10-26 11:14:19'),
(345, '093d3be3cac0f941c503ad4c123211a5', 'f66dfb808f477b942a6226f1ab9e3c9c', '82.238.176.133', 'ajout_au_panier', '2016-10-26 11:14:25'),
(346, '093d3be3cac0f941c503ad4c123211a5', 'f66dfb808f477b942a6226f1ab9e3c9c', '82.238.176.133', 'ajout_au_panier', '2016-10-26 12:04:46'),
(347, '093d3be3cac0f941c503ad4c123211a5', 'f66dfb808f477b942a6226f1ab9e3c9c', '82.238.176.133', 'suppression_du_panier', '2016-10-26 12:04:55'),
(348, '093d3be3cac0f941c503ad4c123211a5', 'f66dfb808f477b942a6226f1ab9e3c9c', '82.238.176.133', 'ajout_au_panier', '2016-10-26 12:05:03'),
(349, '093d3be3cac0f941c503ad4c123211a5', 'f66dfb808f477b942a6226f1ab9e3c9c', '82.238.176.133', 'ajout_au_panier', '2016-10-26 12:05:41'),
(350, '093d3be3cac0f941c503ad4c123211a5', 'f66dfb808f477b942a6226f1ab9e3c9c', '82.238.176.133', 'ajout_au_panier', '2016-10-26 12:07:43'),
(351, '093d3be3cac0f941c503ad4c123211a5', 'f66dfb808f477b942a6226f1ab9e3c9c', '82.238.176.133', 'ajout_au_panier', '2016-10-26 12:08:31'),
(352, '093d3be3cac0f941c503ad4c123211a5', 'f66dfb808f477b942a6226f1ab9e3c9c', '82.238.176.133', 'suppression_du_panier', '2016-10-26 12:09:01'),
(353, '093d3be3cac0f941c503ad4c123211a5', 'f66dfb808f477b942a6226f1ab9e3c9c', '82.238.176.133', 'suppression_du_panier', '2016-10-26 12:09:03'),
(354, '093d3be3cac0f941c503ad4c123211a5', 'f66dfb808f477b942a6226f1ab9e3c9c', '82.238.176.133', 'suppression_du_panier', '2016-10-26 12:09:03'),
(355, '093d3be3cac0f941c503ad4c123211a5', 'f66dfb808f477b942a6226f1ab9e3c9c', '82.238.176.133', 'ajout_au_panier', '2016-10-26 12:09:16'),
(356, '093d3be3cac0f941c503ad4c123211a5', 'f66dfb808f477b942a6226f1ab9e3c9c', '82.238.176.133', 'ajout_au_panier', '2016-10-26 12:11:14'),
(357, '093d3be3cac0f941c503ad4c123211a5', 'f66dfb808f477b942a6226f1ab9e3c9c', '82.238.176.133', 'ajout_au_panier', '2016-10-26 12:11:26'),
(358, '093d3be3cac0f941c503ad4c123211a5', 'f66dfb808f477b942a6226f1ab9e3c9c', '82.238.176.133', 'suppression_du_panier', '2016-10-26 12:13:41'),
(359, '093d3be3cac0f941c503ad4c123211a5', 'f66dfb808f477b942a6226f1ab9e3c9c', '82.238.176.133', 'suppression_du_panier', '2016-10-26 12:13:44'),
(360, '093d3be3cac0f941c503ad4c123211a5', 'f66dfb808f477b942a6226f1ab9e3c9c', '82.238.176.133', 'ajout_au_panier', '2016-10-26 12:14:01'),
(361, '093d3be3cac0f941c503ad4c123211a5', 'f66dfb808f477b942a6226f1ab9e3c9c', '82.238.176.133', 'suppression_du_panier', '2016-10-26 13:34:06'),
(362, '093d3be3cac0f941c503ad4c123211a5', 'f66dfb808f477b942a6226f1ab9e3c9c', '82.238.176.133', 'suppression_du_panier', '2016-10-26 13:34:21'),
(363, '093d3be3cac0f941c503ad4c123211a5', 'f66dfb808f477b942a6226f1ab9e3c9c', '82.238.176.133', 'suppression_du_panier', '2016-10-26 13:37:08'),
(364, '093d3be3cac0f941c503ad4c123211a5', 'f66dfb808f477b942a6226f1ab9e3c9c', '82.238.176.133', 'suppression_du_panier', '2016-10-26 13:37:27'),
(365, '093d3be3cac0f941c503ad4c123211a5', 'f66dfb808f477b942a6226f1ab9e3c9c', '82.238.176.133', 'ajout_au_panier', '2016-10-26 13:37:44'),
(366, '093d3be3cac0f941c503ad4c123211a5', 'f66dfb808f477b942a6226f1ab9e3c9c', '82.238.176.133', 'ajout_au_panier', '2016-10-26 13:38:10'),
(367, '093d3be3cac0f941c503ad4c123211a5', 'f66dfb808f477b942a6226f1ab9e3c9c', '82.238.176.133', 'choix_mode_livraison_panier', '2016-10-26 13:38:55'),
(368, '093d3be3cac0f941c503ad4c123211a5', 'f66dfb808f477b942a6226f1ab9e3c9c', '82.238.176.133', 'choix_mode_livraison_panier', '2016-10-26 13:39:23'),
(369, '093d3be3cac0f941c503ad4c123211a5', 'f66dfb808f477b942a6226f1ab9e3c9c', '82.238.176.133', 'suppression_du_panier', '2016-10-26 13:39:33'),
(370, '093d3be3cac0f941c503ad4c123211a5', 'f66dfb808f477b942a6226f1ab9e3c9c', '82.238.176.133', 'choix_mode_livraison_panier', '2016-10-26 13:39:46'),
(371, '29d962ea16abe33f466398d27b83d6c9', 'b53291584aa86a83598d642efe9a83e5', '82.238.176.133', 'ajout_au_panier', '2016-10-26 14:14:34'),
(372, '29d962ea16abe33f466398d27b83d6c9', 'b53291584aa86a83598d642efe9a83e5', '82.238.176.133', 'ajout_au_panier', '2016-10-26 14:14:55'),
(373, '29d962ea16abe33f466398d27b83d6c9', 'b53291584aa86a83598d642efe9a83e5', '82.238.176.133', 'ajout_au_panier', '2016-10-26 14:15:10'),
(374, '093d3be3cac0f941c503ad4c123211a5', 'f66dfb808f477b942a6226f1ab9e3c9c', '82.238.176.133', 'choix_mode_livraison_panier', '2016-10-26 14:33:27'),
(375, '093d3be3cac0f941c503ad4c123211a5', 'f66dfb808f477b942a6226f1ab9e3c9c', '82.238.176.133', 'choix_mode_livraison_panier', '2016-10-26 14:33:34'),
(376, '093d3be3cac0f941c503ad4c123211a5', 'f66dfb808f477b942a6226f1ab9e3c9c', '82.238.176.133', 'ajout_au_panier', '2016-10-26 14:34:27'),
(377, '093d3be3cac0f941c503ad4c123211a5', 'f66dfb808f477b942a6226f1ab9e3c9c', '82.238.176.133', 'ajout_au_panier', '2016-10-26 14:34:29'),
(378, '093d3be3cac0f941c503ad4c123211a5', 'f66dfb808f477b942a6226f1ab9e3c9c', '82.238.176.133', 'suppression_du_panier', '2016-10-26 14:34:46'),
(379, '093d3be3cac0f941c503ad4c123211a5', 'f66dfb808f477b942a6226f1ab9e3c9c', '82.238.176.133', 'suppression_du_panier', '2016-10-26 14:35:00'),
(380, '29d962ea16abe33f466398d27b83d6c9', 'b53291584aa86a83598d642efe9a83e5', '82.238.176.133', 'ajout_au_panier', '2016-10-26 17:15:03'),
(381, '29d962ea16abe33f466398d27b83d6c9', 'b53291584aa86a83598d642efe9a83e5', '82.238.176.133', 'ajout_au_panier', '2016-10-26 17:15:14'),
(382, '29d962ea16abe33f466398d27b83d6c9', 'b53291584aa86a83598d642efe9a83e5', '82.238.176.133', 'ajout_au_panier', '2016-10-26 17:15:24'),
(383, '29d962ea16abe33f466398d27b83d6c9', 'b53291584aa86a83598d642efe9a83e5', '82.238.176.133', 'choix_mode_livraison_panier', '2016-10-26 17:15:47'),
(384, '29d962ea16abe33f466398d27b83d6c9', 'b53291584aa86a83598d642efe9a83e5', '82.238.176.133', 'choix_mode_livraison_panier', '2016-10-26 17:16:07'),
(385, '29d962ea16abe33f466398d27b83d6c9', 'b53291584aa86a83598d642efe9a83e5', '82.238.176.133', 'suppression_du_panier', '2016-10-26 17:16:28'),
(386, '29d962ea16abe33f466398d27b83d6c9', 'b53291584aa86a83598d642efe9a83e5', '82.238.176.133', 'choix_mode_livraison_panier', '2016-10-26 17:16:59'),
(387, '29d962ea16abe33f466398d27b83d6c9', 'b53291584aa86a83598d642efe9a83e5', '82.238.176.133', 'choix_mode_livraison_panier', '2016-10-26 17:17:13'),
(388, '29d962ea16abe33f466398d27b83d6c9', 'b53291584aa86a83598d642efe9a83e5', '82.238.176.133', 'ajout_au_panier', '2016-10-26 17:19:12'),
(389, '29d962ea16abe33f466398d27b83d6c9', 'b53291584aa86a83598d642efe9a83e5', '82.238.176.133', 'choix_mode_livraison_panier', '2016-10-26 17:19:27'),
(390, '29d962ea16abe33f466398d27b83d6c9', 'b53291584aa86a83598d642efe9a83e5', '82.238.176.133', 'suppression_du_panier', '2016-10-26 17:22:38'),
(391, '29d962ea16abe33f466398d27b83d6c9', 'b53291584aa86a83598d642efe9a83e5', '82.238.176.133', 'ajout_au_panier', '2016-10-26 17:22:54'),
(392, '29d962ea16abe33f466398d27b83d6c9', 'b53291584aa86a83598d642efe9a83e5', '82.238.176.133', 'suppression_du_panier', '2016-10-26 17:23:25'),
(393, '29d962ea16abe33f466398d27b83d6c9', 'b53291584aa86a83598d642efe9a83e5', '82.238.176.133', 'ajout_au_panier', '2016-10-26 17:23:33'),
(394, '29d962ea16abe33f466398d27b83d6c9', 'b53291584aa86a83598d642efe9a83e5', '82.238.176.133', 'choix_mode_livraison_panier', '2016-10-26 17:23:50'),
(395, '29d962ea16abe33f466398d27b83d6c9', 'b53291584aa86a83598d642efe9a83e5', '82.238.176.133', 'suppression_du_panier', '2016-10-26 17:27:20'),
(396, '29d962ea16abe33f466398d27b83d6c9', 'b53291584aa86a83598d642efe9a83e5', '82.238.176.133', 'suppression_du_panier', '2016-10-26 17:27:22'),
(397, '29d962ea16abe33f466398d27b83d6c9', 'b53291584aa86a83598d642efe9a83e5', '82.238.176.133', 'suppression_du_panier', '2016-10-26 17:27:24'),
(398, '093d3be3cac0f941c503ad4c123211a5', 'f66dfb808f477b942a6226f1ab9e3c9c', '82.238.176.133', 'ajout_au_panier', '2016-10-26 19:24:12'),
(399, '093d3be3cac0f941c503ad4c123211a5', 'f66dfb808f477b942a6226f1ab9e3c9c', '82.238.176.133', 'choix_mode_livraison_panier', '2016-10-26 19:24:32'),
(400, '093d3be3cac0f941c503ad4c123211a5', 'f66dfb808f477b942a6226f1ab9e3c9c', '82.238.176.133', 'choix_mode_livraison_panier', '2016-10-26 19:24:43'),
(401, '093d3be3cac0f941c503ad4c123211a5', 'f66dfb808f477b942a6226f1ab9e3c9c', '82.238.176.133', 'creation_commande_user', '2016-10-26 19:29:09'),
(402, '093d3be3cac0f941c503ad4c123211a5', 'f66dfb808f477b942a6226f1ab9e3c9c', '82.238.176.133', 'suppression_du_panier', '2016-10-26 20:23:39'),
(403, '093d3be3cac0f941c503ad4c123211a5', 'f66dfb808f477b942a6226f1ab9e3c9c', '82.238.176.133', 'ajout_au_panier', '2016-10-26 20:23:55'),
(404, '093d3be3cac0f941c503ad4c123211a5', 'f66dfb808f477b942a6226f1ab9e3c9c', '82.238.176.133', 'creation_commande_user', '2016-10-26 20:24:21'),
(405, '093d3be3cac0f941c503ad4c123211a5', 'f66dfb808f477b942a6226f1ab9e3c9c', '82.238.176.133', 'choix_mode_livraison_panier', '2016-10-26 21:32:05'),
(406, '093d3be3cac0f941c503ad4c123211a5', 'f66dfb808f477b942a6226f1ab9e3c9c', '82.238.176.133', 'suppression_du_panier', '2016-10-26 21:32:24'),
(407, '093d3be3cac0f941c503ad4c123211a5', 'f66dfb808f477b942a6226f1ab9e3c9c', '82.238.176.133', 'ajout_au_panier', '2016-10-27 12:14:12'),
(408, '093d3be3cac0f941c503ad4c123211a5', 'f66dfb808f477b942a6226f1ab9e3c9c', '82.238.176.133', 'choix_mode_livraison_panier', '2016-10-27 12:14:34'),
(409, '093d3be3cac0f941c503ad4c123211a5', 'f66dfb808f477b942a6226f1ab9e3c9c', '82.238.176.133', 'creation_commande_user', '2016-10-27 12:15:01'),
(410, '093d3be3cac0f941c503ad4c123211a5', 'f66dfb808f477b942a6226f1ab9e3c9c', '82.238.176.133', 'creation_commande_user', '2016-10-27 12:32:30'),
(411, '093d3be3cac0f941c503ad4c123211a5', 'f66dfb808f477b942a6226f1ab9e3c9c', '82.238.176.133', 'creation_commande_user', '2016-10-27 12:46:21'),
(412, '093d3be3cac0f941c503ad4c123211a5', 'f66dfb808f477b942a6226f1ab9e3c9c', '82.238.176.133', 'ajout_au_panier', '2016-10-27 13:23:45'),
(413, '093d3be3cac0f941c503ad4c123211a5', 'f66dfb808f477b942a6226f1ab9e3c9c', '82.238.176.133', 'choix_mode_livraison_panier', '2016-10-27 13:23:55'),
(414, '093d3be3cac0f941c503ad4c123211a5', 'f66dfb808f477b942a6226f1ab9e3c9c', '82.238.176.133', 'creation_commande_user', '2016-10-27 13:24:10'),
(415, '093d3be3cac0f941c503ad4c123211a5', 'f66dfb808f477b942a6226f1ab9e3c9c', '82.238.176.133', 'ajout_au_panier', '2016-10-27 14:42:38'),
(416, '093d3be3cac0f941c503ad4c123211a5', 'f66dfb808f477b942a6226f1ab9e3c9c', '82.238.176.133', 'ajout_au_panier', '2016-10-27 14:42:51'),
(417, '093d3be3cac0f941c503ad4c123211a5', 'f66dfb808f477b942a6226f1ab9e3c9c', '82.238.176.133', 'suppression_du_panier', '2016-10-27 14:56:41'),
(418, '093d3be3cac0f941c503ad4c123211a5', 'f66dfb808f477b942a6226f1ab9e3c9c', '82.238.176.133', 'suppression_du_panier', '2016-10-27 14:56:43'),
(419, '093d3be3cac0f941c503ad4c123211a5', 'f66dfb808f477b942a6226f1ab9e3c9c', '82.238.176.133', 'suppression_du_panier', '2016-10-27 14:56:50'),
(420, '093d3be3cac0f941c503ad4c123211a5', 'f66dfb808f477b942a6226f1ab9e3c9c', '82.238.176.133', 'ajout_au_panier', '2016-10-27 14:57:44'),
(421, '093d3be3cac0f941c503ad4c123211a5', 'f66dfb808f477b942a6226f1ab9e3c9c', '82.238.176.133', 'choix_mode_livraison_panier', '2016-10-27 14:58:07'),
(422, '093d3be3cac0f941c503ad4c123211a5', 'f66dfb808f477b942a6226f1ab9e3c9c', '82.238.176.133', 'suppression_du_panier', '2016-10-27 16:15:54'),
(423, '093d3be3cac0f941c503ad4c123211a5', 'f66dfb808f477b942a6226f1ab9e3c9c', '82.238.176.133', 'ajout_au_panier', '2016-10-28 10:08:58'),
(424, '093d3be3cac0f941c503ad4c123211a5', 'f66dfb808f477b942a6226f1ab9e3c9c', '82.238.176.133', 'choix_mode_livraison_panier', '2016-10-28 10:27:23'),
(425, '093d3be3cac0f941c503ad4c123211a5', 'f66dfb808f477b942a6226f1ab9e3c9c', '82.238.176.133', 'choix_mode_livraison_panier', '2016-10-28 10:27:33'),
(426, '093d3be3cac0f941c503ad4c123211a5', 'f66dfb808f477b942a6226f1ab9e3c9c', '82.238.176.133', 'creation_commande_user', '2016-10-28 10:28:43'),
(427, '093d3be3cac0f941c503ad4c123211a5', 'f66dfb808f477b942a6226f1ab9e3c9c', '82.238.176.133', 'choix_mode_livraison_panier', '2016-10-28 10:35:49'),
(428, '093d3be3cac0f941c503ad4c123211a5', 'f66dfb808f477b942a6226f1ab9e3c9c', '82.238.176.133', 'choix_mode_livraison_panier', '2016-10-28 10:35:56'),
(429, '093d3be3cac0f941c503ad4c123211a5', 'f66dfb808f477b942a6226f1ab9e3c9c', '82.238.176.133', 'choix_mode_livraison_panier', '2016-10-28 10:35:58'),
(430, '093d3be3cac0f941c503ad4c123211a5', 'f66dfb808f477b942a6226f1ab9e3c9c', '82.238.176.133', 'choix_mode_livraison_panier', '2016-10-28 10:36:01'),
(431, '093d3be3cac0f941c503ad4c123211a5', 'f66dfb808f477b942a6226f1ab9e3c9c', '82.238.176.133', 'choix_mode_livraison_panier', '2016-10-28 10:36:04'),
(432, '093d3be3cac0f941c503ad4c123211a5', 'f66dfb808f477b942a6226f1ab9e3c9c', '82.238.176.133', 'choix_mode_livraison_panier', '2016-10-28 10:37:25'),
(433, '093d3be3cac0f941c503ad4c123211a5', 'f66dfb808f477b942a6226f1ab9e3c9c', '82.238.176.133', 'choix_mode_livraison_panier', '2016-10-28 10:41:55'),
(434, '093d3be3cac0f941c503ad4c123211a5', 'f66dfb808f477b942a6226f1ab9e3c9c', '82.238.176.133', 'choix_mode_livraison_panier', '2016-10-28 10:54:30'),
(435, '093d3be3cac0f941c503ad4c123211a5', 'f66dfb808f477b942a6226f1ab9e3c9c', '82.238.176.133', 'choix_mode_livraison_panier', '2016-10-28 10:54:35'),
(436, '093d3be3cac0f941c503ad4c123211a5', 'f66dfb808f477b942a6226f1ab9e3c9c', '82.238.176.133', 'choix_mode_livraison_panier', '2016-10-28 10:54:39'),
(437, '093d3be3cac0f941c503ad4c123211a5', 'f66dfb808f477b942a6226f1ab9e3c9c', '82.238.176.133', 'choix_mode_livraison_panier', '2016-10-28 10:54:45'),
(438, '093d3be3cac0f941c503ad4c123211a5', 'f66dfb808f477b942a6226f1ab9e3c9c', '82.238.176.133', 'suppression_du_panier', '2016-10-28 11:20:53'),
(439, '093d3be3cac0f941c503ad4c123211a5', 'f66dfb808f477b942a6226f1ab9e3c9c', '82.238.176.133', 'ajout_au_panier', '2016-10-28 11:21:00'),
(440, '093d3be3cac0f941c503ad4c123211a5', 'f66dfb808f477b942a6226f1ab9e3c9c', '82.238.176.133', 'ajout_au_panier', '2016-10-28 11:21:11'),
(441, '093d3be3cac0f941c503ad4c123211a5', 'f66dfb808f477b942a6226f1ab9e3c9c', '82.238.176.133', 'ajout_au_panier', '2016-10-28 11:21:21'),
(442, '093d3be3cac0f941c503ad4c123211a5', 'f66dfb808f477b942a6226f1ab9e3c9c', '82.238.176.133', 'creation_commande_user', '2016-10-28 11:22:30'),
(443, '093d3be3cac0f941c503ad4c123211a5', 'f66dfb808f477b942a6226f1ab9e3c9c', '82.238.176.133', 'ajout_au_panier', '2016-10-28 14:22:04'),
(444, '093d3be3cac0f941c503ad4c123211a5', 'f66dfb808f477b942a6226f1ab9e3c9c', '82.238.176.133', 'choix_mode_livraison_panier', '2016-10-28 14:22:11'),
(445, '093d3be3cac0f941c503ad4c123211a5', 'f66dfb808f477b942a6226f1ab9e3c9c', '82.238.176.133', 'creation_commande_user', '2016-10-28 14:22:15'),
(446, '093d3be3cac0f941c503ad4c123211a5', 'f66dfb808f477b942a6226f1ab9e3c9c', '82.238.176.133', 'ajout_au_panier', '2016-10-28 16:52:45'),
(447, '093d3be3cac0f941c503ad4c123211a5', 'f66dfb808f477b942a6226f1ab9e3c9c', '82.238.176.133', 'choix_mode_livraison_panier', '2016-10-28 16:52:59'),
(448, '093d3be3cac0f941c503ad4c123211a5', 'f66dfb808f477b942a6226f1ab9e3c9c', '82.238.176.133', 'creation_commande_user', '2016-10-28 16:53:22'),
(449, '093d3be3cac0f941c503ad4c123211a5', 'f66dfb808f477b942a6226f1ab9e3c9c', '82.238.176.133', 'ajout_au_panier', '2016-10-28 17:51:43'),
(450, '093d3be3cac0f941c503ad4c123211a5', 'f66dfb808f477b942a6226f1ab9e3c9c', '82.238.176.133', 'choix_mode_livraison_panier', '2016-10-28 17:52:05'),
(451, '093d3be3cac0f941c503ad4c123211a5', 'f66dfb808f477b942a6226f1ab9e3c9c', '82.238.176.133', 'ajout_au_panier', '2016-10-28 18:11:19'),
(452, '093d3be3cac0f941c503ad4c123211a5', 'f66dfb808f477b942a6226f1ab9e3c9c', '82.238.176.133', 'ajout_au_panier', '2016-10-28 18:11:29'),
(453, '093d3be3cac0f941c503ad4c123211a5', 'f66dfb808f477b942a6226f1ab9e3c9c', '82.238.176.133', 'ajout_au_panier', '2016-10-28 18:11:34'),
(454, '093d3be3cac0f941c503ad4c123211a5', 'f66dfb808f477b942a6226f1ab9e3c9c', '82.238.176.133', 'choix_mode_livraison_panier', '2016-10-28 18:11:42'),
(455, '093d3be3cac0f941c503ad4c123211a5', 'f66dfb808f477b942a6226f1ab9e3c9c', '82.238.176.133', 'creation_commande_user', '2016-10-28 18:12:10'),
(456, '093d3be3cac0f941c503ad4c123211a5', 'f66dfb808f477b942a6226f1ab9e3c9c', '82.238.176.133', 'ajout_au_panier', '2016-10-28 18:56:22'),
(457, '093d3be3cac0f941c503ad4c123211a5', 'f66dfb808f477b942a6226f1ab9e3c9c', '82.238.176.133', 'choix_mode_livraison_panier', '2016-10-28 18:56:31'),
(458, '093d3be3cac0f941c503ad4c123211a5', 'f66dfb808f477b942a6226f1ab9e3c9c', '82.238.176.133', 'creation_commande_user', '2016-10-28 18:56:45'),
(459, '093d3be3cac0f941c503ad4c123211a5', 'f66dfb808f477b942a6226f1ab9e3c9c', '82.238.176.133', 'ajout_au_panier', '2016-10-29 17:07:09'),
(460, '093d3be3cac0f941c503ad4c123211a5', 'f66dfb808f477b942a6226f1ab9e3c9c', '82.238.176.133', 'choix_mode_livraison_panier', '2016-10-29 17:07:48'),
(461, '093d3be3cac0f941c503ad4c123211a5', 'f66dfb808f477b942a6226f1ab9e3c9c', '82.238.176.133', 'creation_commande_user', '2016-10-29 17:09:43'),
(462, '093d3be3cac0f941c503ad4c123211a5', 'f66dfb808f477b942a6226f1ab9e3c9c', '82.238.176.133', 'ajout_au_panier', '2016-10-30 06:05:53'),
(463, '093d3be3cac0f941c503ad4c123211a5', 'f66dfb808f477b942a6226f1ab9e3c9c', '82.238.176.133', 'choix_mode_livraison_panier', '2016-10-30 06:06:05'),
(464, '093d3be3cac0f941c503ad4c123211a5', 'f66dfb808f477b942a6226f1ab9e3c9c', '82.238.176.133', 'creation_commande_user', '2016-10-30 06:06:29'),
(465, '093d3be3cac0f941c503ad4c123211a5', 'f66dfb808f477b942a6226f1ab9e3c9c', '82.238.176.133', 'ajout_au_panier', '2016-10-30 15:45:19'),
(466, '093d3be3cac0f941c503ad4c123211a5', 'f66dfb808f477b942a6226f1ab9e3c9c', '82.238.176.133', 'choix_mode_livraison_panier', '2016-10-30 15:45:30'),
(467, '093d3be3cac0f941c503ad4c123211a5', 'f66dfb808f477b942a6226f1ab9e3c9c', '82.238.176.133', 'creation_commande_user', '2016-10-30 15:45:54'),
(468, '093d3be3cac0f941c503ad4c123211a5', 'f66dfb808f477b942a6226f1ab9e3c9c', '82.238.176.133', 'ajout_au_panier', '2016-10-31 21:52:42'),
(469, '093d3be3cac0f941c503ad4c123211a5', 'f66dfb808f477b942a6226f1ab9e3c9c', '82.238.176.133', 'choix_mode_livraison_panier', '2016-10-31 21:52:54'),
(470, '093d3be3cac0f941c503ad4c123211a5', 'f66dfb808f477b942a6226f1ab9e3c9c', '82.238.176.133', 'creation_commande_user', '2016-10-31 21:53:07'),
(471, '093d3be3cac0f941c503ad4c123211a5', 'f66dfb808f477b942a6226f1ab9e3c9c', '82.238.176.133', 'ajout_au_panier', '2016-11-01 11:59:02'),
(472, '093d3be3cac0f941c503ad4c123211a5', 'f66dfb808f477b942a6226f1ab9e3c9c', '82.238.176.133', 'choix_mode_livraison_panier', '2016-11-01 11:59:12'),
(473, '093d3be3cac0f941c503ad4c123211a5', 'f66dfb808f477b942a6226f1ab9e3c9c', '82.238.176.133', 'creation_commande_user', '2016-11-01 11:59:22'),
(474, '093d3be3cac0f941c503ad4c123211a5', 'f66dfb808f477b942a6226f1ab9e3c9c', '82.238.176.133', 'ajout_au_panier', '2016-11-01 14:16:26'),
(475, '093d3be3cac0f941c503ad4c123211a5', 'f66dfb808f477b942a6226f1ab9e3c9c', '82.238.176.133', 'choix_mode_livraison_panier', '2016-11-01 14:16:30'),
(476, '093d3be3cac0f941c503ad4c123211a5', 'f66dfb808f477b942a6226f1ab9e3c9c', '82.238.176.133', 'creation_commande_user', '2016-11-01 14:16:41'),
(477, '093d3be3cac0f941c503ad4c123211a5', 'f66dfb808f477b942a6226f1ab9e3c9c', '82.238.176.133', 'ajout_au_panier', '2016-11-02 11:10:06'),
(478, '093d3be3cac0f941c503ad4c123211a5', 'f66dfb808f477b942a6226f1ab9e3c9c', '82.238.176.133', 'choix_mode_livraison_panier', '2016-11-02 11:10:18'),
(479, '093d3be3cac0f941c503ad4c123211a5', 'f66dfb808f477b942a6226f1ab9e3c9c', '82.238.176.133', 'creation_commande_user', '2016-11-02 11:11:26'),
(480, '093d3be3cac0f941c503ad4c123211a5', 'f66dfb808f477b942a6226f1ab9e3c9c', '82.238.176.133', 'ajout_au_panier', '2016-11-02 16:19:30'),
(481, '093d3be3cac0f941c503ad4c123211a5', 'f66dfb808f477b942a6226f1ab9e3c9c', '82.238.176.133', 'choix_mode_livraison_panier', '2016-11-02 16:19:38'),
(482, '093d3be3cac0f941c503ad4c123211a5', 'f66dfb808f477b942a6226f1ab9e3c9c', '82.238.176.133', 'creation_commande_user', '2016-11-02 16:20:52'),
(483, '093d3be3cac0f941c503ad4c123211a5', 'f66dfb808f477b942a6226f1ab9e3c9c', '82.238.176.133', 'ajout_au_panier', '2016-11-02 20:07:33'),
(484, '093d3be3cac0f941c503ad4c123211a5', 'f66dfb808f477b942a6226f1ab9e3c9c', '82.238.176.133', 'choix_mode_livraison_panier', '2016-11-02 20:07:45');
INSERT INTO `operations_informatiques` (`id`, `user_session_id`, `user_identification_cookies`, `user_identification_ip`, `operation_nom`, `operation_date_time`) VALUES
(485, '093d3be3cac0f941c503ad4c123211a5', 'f66dfb808f477b942a6226f1ab9e3c9c', '82.238.176.133', 'creation_commande_user', '2016-11-02 20:08:01'),
(486, '093d3be3cac0f941c503ad4c123211a5', 'f66dfb808f477b942a6226f1ab9e3c9c', '82.238.176.133', 'ajout_au_panier', '2016-11-02 20:13:19'),
(487, '093d3be3cac0f941c503ad4c123211a5', 'f66dfb808f477b942a6226f1ab9e3c9c', '82.238.176.133', 'choix_mode_livraison_panier', '2016-11-02 20:13:28'),
(488, '093d3be3cac0f941c503ad4c123211a5', 'f66dfb808f477b942a6226f1ab9e3c9c', '82.238.176.133', 'creation_commande_user', '2016-11-02 20:13:35'),
(489, 'd24e17826333320f4ffb474edf3b5e65', '0b8b5b9513cd4ca4d7ce0c2123f1aaab', '82.238.176.133', 'ajout_au_panier', '2016-11-03 10:22:19'),
(490, 'd24e17826333320f4ffb474edf3b5e65', '0b8b5b9513cd4ca4d7ce0c2123f1aaab', '82.238.176.133', 'ajout_au_panier', '2016-11-03 10:22:23'),
(491, 'd24e17826333320f4ffb474edf3b5e65', '0b8b5b9513cd4ca4d7ce0c2123f1aaab', '82.238.176.133', 'choix_mode_livraison_panier', '2016-11-03 10:22:43'),
(492, 'd24e17826333320f4ffb474edf3b5e65', '0b8b5b9513cd4ca4d7ce0c2123f1aaab', '82.238.176.133', 'creation_commande_user', '2016-11-03 10:25:51'),
(493, 'd24e17826333320f4ffb474edf3b5e65', '0b8b5b9513cd4ca4d7ce0c2123f1aaab', '82.238.176.133', 'ajout_au_panier', '2016-11-03 10:29:50'),
(494, 'd24e17826333320f4ffb474edf3b5e65', '0b8b5b9513cd4ca4d7ce0c2123f1aaab', '82.238.176.133', 'ajout_au_panier', '2016-11-03 10:30:11'),
(495, 'd24e17826333320f4ffb474edf3b5e65', '0b8b5b9513cd4ca4d7ce0c2123f1aaab', '82.238.176.133', 'choix_mode_livraison_panier', '2016-11-03 10:31:18'),
(496, 'd24e17826333320f4ffb474edf3b5e65', '0b8b5b9513cd4ca4d7ce0c2123f1aaab', '82.238.176.133', 'creation_commande_user', '2016-11-03 10:31:40'),
(497, 'd24e17826333320f4ffb474edf3b5e65', '0b8b5b9513cd4ca4d7ce0c2123f1aaab', '82.238.176.133', 'creation_commande_user', '2016-11-03 10:34:02'),
(498, 'd24e17826333320f4ffb474edf3b5e65', '0b8b5b9513cd4ca4d7ce0c2123f1aaab', '82.238.176.133', 'ajout_au_panier', '2016-11-03 10:39:51'),
(499, 'd24e17826333320f4ffb474edf3b5e65', '0b8b5b9513cd4ca4d7ce0c2123f1aaab', '82.238.176.133', 'choix_mode_livraison_panier', '2016-11-03 10:39:59'),
(500, 'd24e17826333320f4ffb474edf3b5e65', '0b8b5b9513cd4ca4d7ce0c2123f1aaab', '82.238.176.133', 'creation_commande_user', '2016-11-03 10:40:01'),
(501, 'd24e17826333320f4ffb474edf3b5e65', '0b8b5b9513cd4ca4d7ce0c2123f1aaab', '82.238.176.133', 'ajout_au_panier', '2016-11-03 10:41:30'),
(502, 'd24e17826333320f4ffb474edf3b5e65', '0b8b5b9513cd4ca4d7ce0c2123f1aaab', '82.238.176.133', 'choix_mode_livraison_panier', '2016-11-03 10:41:40'),
(503, 'd24e17826333320f4ffb474edf3b5e65', '0b8b5b9513cd4ca4d7ce0c2123f1aaab', '82.238.176.133', 'creation_commande_user', '2016-11-03 10:41:42'),
(504, '246d70f06e47b0bd066f1aba34f2d19b', 'e5ea897f6c91c684d557348280fd8849', '82.238.176.133', 'ajout_au_panier', '2016-11-03 10:45:40'),
(505, '246d70f06e47b0bd066f1aba34f2d19b', 'e5ea897f6c91c684d557348280fd8849', '82.238.176.133', 'ajout_au_panier', '2016-11-03 10:45:48'),
(506, '246d70f06e47b0bd066f1aba34f2d19b', 'e5ea897f6c91c684d557348280fd8849', '82.238.176.133', 'choix_mode_livraison_panier', '2016-11-03 10:46:00'),
(507, '246d70f06e47b0bd066f1aba34f2d19b', 'e5ea897f6c91c684d557348280fd8849', '82.238.176.133', 'creation_commande_user', '2016-11-03 10:46:49'),
(508, 'eb1cc7528881ba06f2b5782004a9ba29', '0b8b5b9513cd4ca4d7ce0c2123f1aaab', '82.238.176.133', 'ajout_au_panier', '2016-11-03 13:10:07'),
(509, 'eb1cc7528881ba06f2b5782004a9ba29', '0b8b5b9513cd4ca4d7ce0c2123f1aaab', '82.238.176.133', 'choix_mode_livraison_panier', '2016-11-03 13:10:21'),
(510, 'eb1cc7528881ba06f2b5782004a9ba29', '0b8b5b9513cd4ca4d7ce0c2123f1aaab', '82.238.176.133', 'creation_commande_user', '2016-11-03 13:12:20'),
(511, 'f0e4df1ce6cc11b2aa0dce88511acf14', 'f0e4df1ce6cc11b2aa0dce88511acf14', '82.238.176.133', 'ajout_au_panier', '2016-11-16 19:24:36'),
(512, 'f0e4df1ce6cc11b2aa0dce88511acf14', 'f0e4df1ce6cc11b2aa0dce88511acf14', '82.238.176.133', 'suppression_du_panier', '2016-11-16 19:24:46'),
(513, '2781d10c6fa035c39a09c1a8b7ab0af1', '2781d10c6fa035c39a09c1a8b7ab0af1', '82.238.176.133', 'ajout_au_panier', '2016-11-25 18:30:08'),
(514, '2781d10c6fa035c39a09c1a8b7ab0af1', '2781d10c6fa035c39a09c1a8b7ab0af1', '82.238.176.133', 'suppression_du_panier', '2016-11-25 18:44:05'),
(515, '2781d10c6fa035c39a09c1a8b7ab0af1', '2781d10c6fa035c39a09c1a8b7ab0af1', '82.238.176.133', 'suppression_du_panier', '2016-11-26 15:54:24'),
(516, '7432de991c4366f9a8cc7c42745bf68e', '844bdf2d6159613eee9549d861d2ed8e', '82.238.176.133', 'ajout_au_panier', '2017-01-01 20:14:27'),
(517, '7432de991c4366f9a8cc7c42745bf68e', '844bdf2d6159613eee9549d861d2ed8e', '82.238.176.133', 'choix_mode_livraison_panier', '2017-01-01 20:14:47'),
(518, '7432de991c4366f9a8cc7c42745bf68e', '844bdf2d6159613eee9549d861d2ed8e', '82.238.176.133', 'choix_mode_livraison_panier', '2017-01-01 20:14:56'),
(519, '7432de991c4366f9a8cc7c42745bf68e', '844bdf2d6159613eee9549d861d2ed8e', '82.238.176.133', 'creation_commande_user', '2017-01-01 20:15:09'),
(520, '3c529a5fd89451f18a7781d71008bc6b', '3c529a5fd89451f18a7781d71008bc6b', '82.239.176.197', 'ajout_au_panier', '2017-01-06 14:35:12'),
(521, '518c24a341dc7f0faa8857496287b9c5', '518c24a341dc7f0faa8857496287b9c5', '84.4.0.153', 'ajout_au_panier', '2017-05-02 13:31:29'),
(522, '8db45092734ad45cd6a4e7d5010faeef', 'caaf57e2a3776ea6005ca2fdac7267f0', '82.238.176.133', 'ajout_au_panier', '2017-07-06 11:53:39'),
(523, '536e62def29da3f1b044fca505ed3776', '536e62def29da3f1b044fca505ed3776', '82.238.176.133', 'ajout_au_panier', '2017-07-11 15:46:22'),
(524, '536e62def29da3f1b044fca505ed3776', '536e62def29da3f1b044fca505ed3776', '82.238.176.133', 'suppression_du_panier', '2017-07-11 15:46:41'),
(525, '536e62def29da3f1b044fca505ed3776', '536e62def29da3f1b044fca505ed3776', '82.238.176.133', 'ajout_au_panier', '2017-07-11 15:46:50'),
(526, '536e62def29da3f1b044fca505ed3776', '536e62def29da3f1b044fca505ed3776', '82.238.176.133', 'ajout_au_panier', '2017-07-11 15:46:52'),
(527, '536e62def29da3f1b044fca505ed3776', '536e62def29da3f1b044fca505ed3776', '82.238.176.133', 'choix_mode_livraison_panier', '2017-07-11 15:47:05'),
(528, '536e62def29da3f1b044fca505ed3776', '536e62def29da3f1b044fca505ed3776', '82.238.176.133', 'suppression_du_panier', '2017-07-11 17:27:34'),
(529, '536e62def29da3f1b044fca505ed3776', '536e62def29da3f1b044fca505ed3776', '82.238.176.133', 'suppression_du_panier', '2017-07-11 17:27:36');

-- --------------------------------------------------------

--
-- Structure de la table `panier_details`
--

CREATE TABLE `panier_details` (
  `id` int(11) NOT NULL,
  `panier_id` int(11) NOT NULL,
  `operation_informatique_id` int(20) NOT NULL,
  `date_operation` datetime NOT NULL,
  `reference_id` int(11) NOT NULL,
  `taille` int(11) NOT NULL DEFAULT '0',
  `prix_ttc` decimal(10,2) NOT NULL,
  `reservation_jusquau` datetime NOT NULL DEFAULT '0000-00-00 00:00:00',
  `statut_inscription_panier` tinytext CHARACTER SET utf8 COLLATE utf8_unicode_ci NOT NULL
) ENGINE=MyISAM DEFAULT CHARSET=utf8;

--
-- Déchargement des données de la table `panier_details`
--

INSERT INTO `panier_details` (`id`, `panier_id`, `operation_informatique_id`, `date_operation`, `reference_id`, `taille`, `prix_ttc`, `reservation_jusquau`, `statut_inscription_panier`) VALUES
(306, 9, 477, '2016-11-02 11:10:07', 440, 30, 24.00, '2016-11-02 13:10:07', 'commande_45800'),
(302, 8, 471, '2016-11-01 11:59:02', 442, 30, 24.00, '2016-11-01 13:59:02', 'commande_45798'),
(304, 8, 474, '2016-11-01 14:16:26', 441, 30, 24.00, '2016-11-01 16:16:26', 'commande_45799'),
(300, 8, 468, '2016-10-31 21:52:44', 442, 26, 24.00, '2016-10-31 23:52:44', 'commande_45797'),
(305, 8, 475, '2016-11-01 14:16:30', 526, 0, 5.00, '0000-00-00 00:00:00', 'commande_45799'),
(298, 8, 465, '2016-10-30 15:45:21', 431, 24, 24.00, '2016-10-30 17:45:21', 'commande_45796'),
(313, 9, 487, '2016-11-02 20:13:28', 525, 0, 9.00, '0000-00-00 00:00:00', 'commande_45803'),
(308, 9, 480, '2016-11-02 16:19:30', 411, 25, 19.00, '2016-11-02 18:19:30', 'commande_45801'),
(310, 9, 483, '2016-11-02 20:07:34', 411, 25, 19.00, '2016-11-02 22:07:34', 'commande_45802'),
(312, 9, 486, '2016-11-02 20:13:19', 411, 22, 19.00, '2016-11-02 22:13:19', 'commande_45803'),
(314, 10, 489, '2016-11-03 10:22:19', 435, 22, 23.00, '2016-11-03 12:22:19', 'commande_45804'),
(315, 10, 490, '2016-11-03 10:22:23', 435, 24, 23.00, '2016-11-03 12:22:23', 'commande_45804'),
(328, 10, 509, '2016-11-03 13:10:21', 526, 0, 5.00, '0000-00-00 00:00:00', 'commande_45810'),
(317, 10, 493, '2016-11-03 10:29:50', 439, 27, 24.00, '2016-11-03 12:29:50', 'commande_45805'),
(318, 10, 494, '2016-11-03 10:30:11', 396, 33, 19.00, '2016-11-03 12:30:11', 'commande_45805'),
(320, 10, 498, '2016-11-03 10:39:51', 396, 32, 19.00, '2016-11-03 12:39:51', 'commande_45807'),
(322, 10, 501, '2016-11-03 10:41:30', 467, 24, 14.90, '2016-11-03 12:41:30', 'commande_45808'),
(324, 11, 504, '2016-11-03 10:45:40', 441, 27, 24.00, '2016-11-03 12:45:40', 'commande_45809'),
(325, 11, 505, '2016-11-03 10:45:48', 441, 28, 24.00, '2016-11-03 12:45:48', 'commande_45809'),
(326, 11, 506, '2016-11-03 10:46:00', 526, 0, 5.00, '0000-00-00 00:00:00', 'commande_45809'),
(327, 10, 508, '2016-11-03 13:10:07', 392, 33, 24.00, '2016-11-03 15:10:07', 'commande_45810'),
(331, 14, 516, '2017-01-01 20:14:27', 536, 17, 25.00, '2017-01-01 22:14:27', 'commande_45811'),
(333, 14, 518, '2017-01-01 20:14:56', 526, 0, 5.00, '0000-00-00 00:00:00', 'commande_45811'),
(334, 15, 520, '2017-01-06 14:35:12', 466, 27, 11.00, '2017-01-06 16:35:12', ''),
(335, 16, 521, '2017-05-02 13:31:29', 534, 21, 11.00, '2017-05-02 15:31:29', ''),
(336, 17, 522, '2017-07-06 11:53:39', 467, 24, 11.00, '2017-07-06 13:53:39', ''),
(340, 18, 527, '2017-07-11 15:47:05', 525, 0, 9.00, '0000-00-00 00:00:00', '');

-- --------------------------------------------------------

--
-- Structure de la table `panier_user`
--

CREATE TABLE `panier_user` (
  `id` int(11) NOT NULL,
  `operation_informatique_id` int(20) NOT NULL,
  `date_operation` datetime NOT NULL,
  `user_identification_cookie` tinytext CHARACTER SET utf8 COLLATE utf8_unicode_ci NOT NULL,
  `user_client_id` int(11) NOT NULL,
  `statut_enregistrement` tinytext CHARACTER SET utf8 COLLATE utf8_unicode_ci NOT NULL,
  `mode_livraison` tinytext CHARACTER SET utf8 COLLATE utf8_unicode_ci NOT NULL
) ENGINE=MyISAM DEFAULT CHARSET=utf8;

--
-- Déchargement des données de la table `panier_user`
--

INSERT INTO `panier_user` (`id`, `operation_informatique_id`, `date_operation`, `user_identification_cookie`, `user_client_id`, `statut_enregistrement`, `mode_livraison`) VALUES
(10, 489, '2016-11-03 10:22:19', '0b8b5b9513cd4ca4d7ce0c2123f1aaab', 64, 'creation_panier', 'mondialrelay_point'),
(9, 477, '2016-11-02 11:10:07', 'f66dfb808f477b942a6226f1ab9e3c9c', 63, 'creation_panier', 'colissimo_domicile'),
(11, 504, '2016-11-03 10:45:40', 'e5ea897f6c91c684d557348280fd8849', 0, 'creation_panier', 'mondialrelay_point'),
(12, 511, '2016-11-16 19:24:36', 'f0e4df1ce6cc11b2aa0dce88511acf14', 0, 'creation_panier', ''),
(13, 513, '2016-11-25 18:30:08', '2781d10c6fa035c39a09c1a8b7ab0af1', 0, 'creation_panier', ''),
(14, 516, '2017-01-01 20:14:27', '844bdf2d6159613eee9549d861d2ed8e', 0, 'creation_panier', 'mondialrelay_point'),
(15, 520, '2017-01-06 14:35:12', '3c529a5fd89451f18a7781d71008bc6b', 0, 'creation_panier', ''),
(16, 521, '2017-05-02 13:31:29', '518c24a341dc7f0faa8857496287b9c5', 0, 'creation_panier', ''),
(17, 522, '2017-07-06 11:53:39', 'caaf57e2a3776ea6005ca2fdac7267f0', 0, 'creation_panier', ''),
(18, 523, '2017-07-11 15:46:22', '536e62def29da3f1b044fca505ed3776', 0, 'creation_panier', 'colissimo_domicile');

-- --------------------------------------------------------

--
-- Structure de la table `planifications`
--

CREATE TABLE `planifications` (
  `id` int(11) NOT NULL,
  `date_planification` date NOT NULL,
  `nom` tinytext CHARACTER SET utf8 COLLATE utf8_unicode_ci NOT NULL,
  `fournisseur_id` int(11) NOT NULL,
  `quantite_magasins` int(10) NOT NULL,
  `unite_planification` tinytext CHARACTER SET utf8 COLLATE utf8_unicode_ci NOT NULL,
  `monnaie_planification` tinytext CHARACTER SET utf8 COLLATE utf8_unicode_ci NOT NULL,
  `tva_planification` tinytext CHARACTER SET utf8 COLLATE utf8_unicode_ci NOT NULL,
  `archive` tinyint(1) NOT NULL
) ENGINE=MyISAM DEFAULT CHARSET=utf8;

--
-- Déchargement des données de la table `planifications`
--

INSERT INTO `planifications` (`id`, `date_planification`, `nom`, `fournisseur_id`, `quantite_magasins`, `unite_planification`, `monnaie_planification`, `tva_planification`, `archive`) VALUES
(1, '2016-05-20', 'Planification TESTE', 0, 1, 'paire', 'EUR', 'ht', 0),
(2, '2016-06-05', 'ViGGaMi-2', 0, 1, 'paire', 'EUR', 'ht', 0),
(3, '2016-01-01', 'TEST-2', 0, 1, 'paire', 'EUR', 'ht', 0),
(4, '2016-07-07', 'ZETPOL 1', 5, 1, 'paire', 'EUR', 'ht', 0),
(5, '2016-07-25', 'EMEL 1', 0, 1, 'paire', 'EUR', 'ht', 0),
(6, '2016-07-25', 'ViGGaMi - 3', 4, 1, 'paire', 'EUR', 'ht', 0),
(8, '2016-07-26', 'ZETPOL - 2', 5, 1, 'paire', 'EUR', 'ht', 0),
(9, '2016-08-04', 'Raweks, août 2016 - 1', 6, 1, 'paire', 'EUR', 'ht', 0),
(10, '2016-08-08', 'ZETPOL -2.2', 5, 1, 'paire', 'EUR', 'ht', 0),
(11, '2016-11-03', 'ZETPOL Novembre 2016', 5, 1, 'paire', 'EUR', 'ht', 0);

-- --------------------------------------------------------

--
-- Structure de la table `planification_calcule`
--

CREATE TABLE `planification_calcule` (
  `id` int(11) NOT NULL,
  `planification_id` int(11) NOT NULL,
  `planification_gestion_id` int(11) NOT NULL,
  `reference_id` int(11) NOT NULL,
  `genre_chaussure` tinytext CHARACTER SET utf8 COLLATE utf8_unicode_ci NOT NULL,
  `type_chaussure` tinytext CHARACTER SET utf8 COLLATE utf8_unicode_ci NOT NULL,
  `quantite_taille_17` int(10) NOT NULL,
  `quantite_taille_18` int(10) NOT NULL,
  `quantite_taille_19` int(10) NOT NULL,
  `quantite_taille_20` int(10) NOT NULL,
  `quantite_taille_21` int(10) NOT NULL,
  `quantite_taille_22` int(10) NOT NULL,
  `quantite_taille_23` int(10) NOT NULL,
  `quantite_taille_24` int(10) NOT NULL,
  `quantite_taille_25` int(10) NOT NULL,
  `quantite_taille_26` int(10) NOT NULL,
  `quantite_taille_27` int(10) NOT NULL,
  `quantite_taille_28` int(10) NOT NULL,
  `quantite_taille_29` int(10) NOT NULL,
  `quantite_taille_30` int(10) NOT NULL,
  `quantite_taille_31` int(10) NOT NULL,
  `quantite_taille_32` int(10) NOT NULL,
  `quantite_taille_33` int(10) NOT NULL,
  `quantite_taille_34` int(10) NOT NULL,
  `quantite_taille_35` int(10) NOT NULL,
  `quantite_taille_36` int(10) NOT NULL,
  `quantite_taille_37` int(10) NOT NULL,
  `quantite_taille_38` int(10) NOT NULL,
  `quantite_taille_39` int(10) NOT NULL,
  `quantite_taille_40` int(10) NOT NULL,
  `quantite_taille_41` int(10) NOT NULL,
  `quantite_taille_42` int(10) NOT NULL,
  `quantite_taille_43` int(10) NOT NULL,
  `type_prix` tinytext CHARACTER SET utf8 COLLATE utf8_unicode_ci NOT NULL,
  `monnaie` tinytext CHARACTER SET utf8 COLLATE utf8_unicode_ci NOT NULL,
  `tva` tinytext CHARACTER SET utf8 COLLATE utf8_unicode_ci NOT NULL,
  `prix` decimal(10,0) NOT NULL,
  `quantite_total` int(10) NOT NULL,
  `somme_total` decimal(10,2) NOT NULL
) ENGINE=MyISAM DEFAULT CHARSET=utf8;

--
-- Déchargement des données de la table `planification_calcule`
--

INSERT INTO `planification_calcule` (`id`, `planification_id`, `planification_gestion_id`, `reference_id`, `genre_chaussure`, `type_chaussure`, `quantite_taille_17`, `quantite_taille_18`, `quantite_taille_19`, `quantite_taille_20`, `quantite_taille_21`, `quantite_taille_22`, `quantite_taille_23`, `quantite_taille_24`, `quantite_taille_25`, `quantite_taille_26`, `quantite_taille_27`, `quantite_taille_28`, `quantite_taille_29`, `quantite_taille_30`, `quantite_taille_31`, `quantite_taille_32`, `quantite_taille_33`, `quantite_taille_34`, `quantite_taille_35`, `quantite_taille_36`, `quantite_taille_37`, `quantite_taille_38`, `quantite_taille_39`, `quantite_taille_40`, `quantite_taille_41`, `quantite_taille_42`, `quantite_taille_43`, `type_prix`, `monnaie`, `tva`, `prix`, `quantite_total`, `somme_total`) VALUES
(1910, 1, 158, 411, 'garcon', 'Chaussures', 0, 0, 0, 0, 0, 0, 0, 0, 1, 0, 0, 0, 0, 0, 0, 0, 0, 0, 0, 0, 0, 0, 0, 0, 0, 0, 0, '', 'EUR', 'ht', 3, 1, 3.17),
(1909, 1, 157, 410, 'garcon', 'Chaussures', 0, 0, 0, 0, 0, 1, 0, 0, 0, 0, 0, 0, 0, 0, 0, 0, 0, 0, 0, 0, 0, 0, 0, 0, 0, 0, 0, '', 'EUR', 'ht', 3, 1, 3.27),
(1908, 1, 156, 409, 'garcon', 'Chaussures', 0, 0, 0, 0, 0, 0, 0, 1, 1, 0, 0, 0, 0, 0, 0, 0, 0, 0, 0, 0, 0, 0, 0, 0, 0, 0, 0, '', 'EUR', 'ht', 3, 2, 6.39),
(1907, 1, 155, 408, 'garcon', 'Chaussures', 0, 0, 0, 0, 0, 0, 1, 1, 0, 0, 0, 0, 0, 0, 0, 0, 0, 0, 0, 0, 0, 0, 0, 0, 0, 0, 0, '', 'EUR', 'ht', 3, 2, 6.26),
(1906, 1, 152, 405, 'garcon', 'Chaussures', 0, 0, 0, 0, 1, 0, 0, 0, 0, 0, 0, 0, 0, 0, 0, 0, 0, 0, 0, 0, 0, 0, 0, 0, 0, 0, 0, '', 'EUR', 'ht', 3, 1, 3.38),
(1905, 1, 151, 404, 'garcon', 'Chaussures', 0, 0, 0, 1, 1, 0, 0, 0, 0, 0, 0, 0, 0, 0, 0, 0, 0, 0, 0, 0, 0, 0, 0, 0, 0, 0, 0, '', 'EUR', 'ht', 3, 2, 6.35),
(1904, 1, 150, 403, 'garcon', 'Chaussures', 0, 0, 1, 1, 0, 0, 0, 0, 0, 0, 0, 0, 0, 0, 0, 0, 0, 0, 0, 0, 0, 0, 0, 0, 0, 0, 0, '', 'EUR', 'ht', 3, 2, 6.16),
(1903, 1, 148, 399, 'garcon', 'Baskets', 0, 0, 0, 0, 0, 0, 0, 0, 0, 0, 0, 0, 1, 0, 0, 0, 0, 0, 0, 0, 0, 0, 0, 0, 0, 0, 0, '', 'EUR', 'ht', 3, 1, 2.97),
(1902, 1, 147, 398, 'garcon', 'Baskets', 0, 0, 0, 0, 0, 0, 0, 0, 0, 0, 0, 0, 0, 1, 0, 0, 0, 0, 0, 0, 0, 0, 0, 0, 0, 0, 0, '', 'EUR', 'ht', 3, 1, 2.97),
(1901, 1, 146, 397, 'garcon', 'Baskets', 0, 0, 0, 0, 0, 0, 0, 0, 0, 0, 0, 0, 0, 0, 1, 0, 0, 0, 0, 0, 0, 0, 0, 0, 0, 0, 0, '', 'EUR', 'ht', 3, 1, 3.20),
(1900, 1, 145, 396, 'garcon', 'Baskets', 0, 0, 0, 0, 0, 0, 0, 0, 0, 0, 0, 0, 0, 0, 0, 1, 0, 0, 0, 0, 0, 0, 0, 0, 0, 0, 0, '', 'EUR', 'ht', 3, 1, 3.20),
(1899, 1, 144, 395, 'garcon', 'Baskets', 0, 0, 0, 0, 0, 0, 0, 0, 0, 0, 0, 0, 0, 0, 0, 0, 1, 0, 0, 0, 0, 0, 0, 0, 0, 0, 0, '', 'EUR', 'ht', 3, 1, 3.20),
(1898, 1, 143, 394, 'garcon', 'Baskets', 0, 0, 0, 0, 0, 0, 0, 0, 0, 0, 0, 0, 0, 0, 0, 0, 0, 1, 0, 0, 0, 0, 0, 0, 0, 0, 0, '', 'EUR', 'ht', 3, 1, 3.20),
(1897, 1, 142, 393, 'garcon', 'Baskets montantes', 0, 0, 0, 0, 0, 0, 0, 0, 0, 0, 0, 0, 0, 0, 0, 0, 0, 0, 1, 0, 0, 0, 0, 0, 0, 0, 0, '', 'EUR', 'ht', 4, 1, 4.35),
(1896, 1, 141, 392, 'garcon', 'Baskets montantes', 0, 0, 0, 0, 0, 0, 0, 0, 0, 0, 0, 0, 0, 0, 0, 0, 0, 0, 0, 1, 0, 0, 0, 0, 0, 0, 0, '', 'EUR', 'ht', 5, 1, 5.18),
(1895, 1, 140, 391, 'garcon', 'Baskets', 0, 0, 0, 0, 0, 0, 0, 0, 0, 1, 1, 1, 0, 0, 0, 0, 0, 0, 0, 0, 0, 0, 0, 0, 0, 0, 0, '', 'EUR', 'ht', 3, 3, 9.66),
(1894, 1, 139, 390, 'garcon', 'Baskets', 0, 0, 0, 0, 0, 0, 0, 0, 0, 0, 0, 0, 0, 0, 0, 0, 1, 1, 1, 1, 0, 0, 0, 0, 0, 0, 0, '', 'EUR', 'ht', 4, 4, 14.08),
(1893, 1, 138, 389, 'garcon', 'Baskets', 0, 0, 0, 0, 0, 0, 0, 0, 0, 0, 0, 0, 0, 1, 1, 1, 0, 0, 0, 0, 0, 0, 0, 0, 0, 0, 0, '', 'EUR', 'ht', 3, 3, 9.59),
(1892, 1, 137, 388, 'garcon', 'Baskets', 0, 0, 0, 0, 0, 0, 0, 0, 0, 0, 1, 1, 1, 0, 0, 0, 0, 0, 0, 0, 0, 0, 0, 0, 0, 0, 0, '', 'EUR', 'ht', 3, 3, 9.59),
(1891, 1, 136, 387, 'garcon', 'Baskets', 0, 0, 0, 0, 0, 0, 0, 0, 0, 1, 0, 0, 0, 0, 0, 0, 0, 0, 0, 0, 0, 0, 0, 0, 0, 0, 0, '', 'EUR', 'ht', 3, 1, 3.29),
(1890, 1, 135, 369, 'fille', 'Sandales', 0, 0, 0, 0, 0, 0, 0, 0, 0, 0, 1, 0, 0, 0, 0, 0, 0, 0, 0, 0, 0, 0, 0, 0, 0, 0, 0, '', 'EUR', 'ht', 4, 1, 3.61),
(1889, 1, 134, 367, 'fille', 'Sandales', 0, 0, 0, 0, 0, 0, 0, 0, 0, 1, 0, 0, 0, 0, 0, 0, 0, 0, 0, 0, 0, 0, 0, 0, 0, 0, 0, '', 'EUR', 'ht', 4, 1, 3.61),
(1888, 1, 132, 358, 'fille', 'Babies', 0, 0, 0, 0, 0, 0, 0, 0, 1, 0, 0, 0, 0, 0, 0, 0, 0, 0, 0, 0, 0, 0, 0, 0, 0, 0, 0, '', 'EUR', 'ht', 3, 1, 3.01),
(1887, 1, 131, 370, 'fille', 'Babies', 0, 0, 0, 0, 0, 0, 0, 1, 0, 0, 0, 0, 0, 0, 0, 0, 0, 0, 0, 0, 0, 0, 0, 0, 0, 0, 0, '', 'EUR', 'ht', 3, 1, 2.97),
(1886, 1, 133, 365, 'fille', 'Babies', 0, 0, 0, 0, 0, 0, 1, 0, 0, 0, 0, 0, 0, 0, 0, 0, 0, 0, 0, 0, 0, 0, 0, 0, 0, 0, 0, '', 'EUR', 'ht', 3, 1, 3.01),
(1885, 1, 129, 366, 'fille', 'Babies', 0, 0, 0, 0, 0, 1, 0, 0, 0, 0, 0, 0, 0, 0, 0, 0, 0, 0, 0, 0, 0, 0, 0, 0, 0, 0, 0, '', 'EUR', 'ht', 4, 1, 4.09),
(1884, 1, 128, 372, 'fille', 'Ballerines', 0, 0, 0, 0, 0, 0, 0, 0, 0, 0, 0, 0, 1, 0, 0, 0, 0, 0, 0, 0, 0, 0, 0, 0, 0, 0, 0, '', 'EUR', 'ht', 4, 1, 3.86),
(1883, 1, 126, 381, 'fille', 'Ballerines', 0, 0, 0, 0, 0, 0, 0, 0, 0, 0, 0, 1, 0, 0, 0, 0, 0, 0, 0, 0, 0, 0, 0, 0, 0, 0, 0, '', 'EUR', 'ht', 3, 1, 3.11),
(1882, 1, 159, 373, 'fille', 'Ballerines', 0, 0, 0, 0, 0, 0, 0, 0, 0, 0, 0, 0, 0, 0, 0, 0, 0, 0, 1, 0, 0, 0, 0, 0, 0, 0, 0, '', 'EUR', 'ht', 3, 1, 3.08),
(1881, 1, 115, 363, 'fille', 'Sandales', 0, 0, 0, 0, 0, 1, 1, 0, 0, 0, 0, 0, 0, 0, 0, 0, 0, 0, 0, 0, 0, 0, 0, 0, 0, 0, 0, '', 'EUR', 'ht', 3, 2, 6.16),
(1880, 1, 114, 362, 'fille', 'Babies', 0, 0, 0, 1, 1, 0, 0, 0, 0, 0, 0, 0, 0, 0, 0, 0, 0, 0, 0, 0, 0, 0, 0, 0, 0, 0, 0, '', 'EUR', 'ht', 3, 2, 5.93),
(1879, 1, 113, 361, 'fille', 'Babies', 0, 1, 1, 0, 0, 0, 0, 0, 0, 0, 0, 0, 0, 0, 0, 0, 0, 0, 0, 0, 0, 0, 0, 0, 0, 0, 0, '', 'EUR', 'ht', 3, 2, 5.93),
(1878, 1, 116, 364, 'fille', 'Sandales', 0, 0, 0, 0, 0, 0, 0, 1, 1, 0, 0, 0, 0, 0, 0, 0, 0, 0, 0, 0, 0, 0, 0, 0, 0, 0, 0, '', 'EUR', 'ht', 3, 2, 6.26),
(1877, 1, 117, 371, 'fille', 'Babies', 0, 0, 0, 0, 0, 0, 0, 0, 0, 1, 1, 0, 0, 0, 0, 0, 0, 0, 0, 0, 0, 0, 0, 0, 0, 0, 0, '', 'EUR', 'ht', 3, 2, 6.21),
(1876, 1, 118, 383, 'fille', 'Baskets', 0, 0, 0, 0, 0, 0, 0, 0, 0, 0, 0, 1, 1, 0, 0, 0, 0, 0, 0, 0, 0, 0, 0, 0, 0, 0, 0, '', 'EUR', 'ht', 4, 2, 7.04),
(1875, 1, 119, 382, 'fille', 'Ballerines', 0, 0, 0, 0, 0, 0, 0, 0, 0, 0, 0, 0, 0, 1, 1, 0, 0, 0, 0, 0, 0, 0, 0, 0, 0, 0, 0, '', 'EUR', 'ht', 3, 2, 6.21),
(1874, 1, 160, 385, 'fille', 'Baskets', 0, 0, 0, 0, 0, 0, 0, 0, 0, 0, 0, 0, 0, 0, 0, 0, 1, 1, 0, 0, 0, 0, 0, 0, 0, 0, 0, '', 'EUR', 'ht', 4, 2, 7.04),
(1873, 1, 121, 377, 'fille', 'Ballerines', 0, 0, 0, 0, 0, 0, 0, 0, 0, 0, 0, 0, 0, 0, 0, 1, 1, 0, 0, 0, 0, 0, 0, 0, 0, 0, 0, '', 'EUR', 'ht', 3, 2, 6.03),
(1872, 1, 122, 386, 'fille', 'Baskets montantes', 0, 0, 0, 0, 0, 0, 0, 0, 0, 0, 0, 0, 0, 0, 0, 0, 0, 0, 1, 1, 0, 0, 0, 0, 0, 0, 0, '', 'EUR', 'ht', 4, 2, 8.65),
(1871, 1, 123, 375, 'fille', 'Ballerines', 0, 0, 0, 0, 0, 0, 0, 0, 0, 0, 0, 0, 0, 0, 0, 0, 0, 0, 0, 1, 0, 0, 0, 0, 0, 0, 0, '', 'EUR', 'ht', 3, 1, 2.94),
(1870, 1, 124, 384, 'fille', 'Baskets', 0, 0, 0, 0, 0, 0, 0, 0, 0, 0, 0, 0, 0, 1, 0, 0, 0, 0, 0, 0, 0, 0, 0, 0, 0, 0, 0, '', 'EUR', 'ht', 3, 1, 3.43),
(2778, 2, 217, 382, 'fille', 'Ballerines', 0, 0, 0, 0, 0, 0, 0, 0, 0, 0, 0, 0, 0, 0, 0, 1, 0, 0, 0, 1, 0, 0, 0, 0, 0, 0, 0, '', 'EUR', 'ht', 3, 2, 6.21),
(2779, 2, 218, 385, 'fille', 'Baskets', 0, 0, 0, 0, 0, 0, 0, 0, 0, 1, 1, 1, 1, 1, 1, 1, 1, 1, 1, 1, 0, 0, 0, 0, 0, 0, 0, '', 'EUR', 'ht', 4, 11, 38.71),
(2777, 2, 216, 381, 'fille', 'Ballerines', 0, 0, 0, 0, 0, 0, 0, 0, 0, 0, 0, 0, 0, 0, 1, 0, 1, 0, 1, 0, 0, 0, 0, 0, 0, 0, 0, '', 'EUR', 'ht', 3, 3, 9.32),
(2776, 2, 215, 358, 'fille', 'Babies', 0, 1, 0, 0, 0, 0, 0, 0, 0, 0, 0, 0, 0, 0, 0, 0, 0, 0, 0, 0, 0, 0, 0, 0, 0, 0, 0, '', 'EUR', 'ht', 3, 1, 3.01),
(2775, 2, 214, 377, 'fille', 'Ballerines', 0, 0, 0, 0, 0, 0, 0, 0, 0, 1, 0, 1, 0, 0, 0, 0, 0, 0, 0, 1, 0, 0, 0, 0, 0, 0, 0, '', 'EUR', 'ht', 3, 3, 9.04),
(2774, 2, 213, 376, 'fille', 'Ballerines', 0, 0, 0, 0, 0, 0, 0, 0, 0, 0, 0, 0, 0, 0, 0, 0, 0, 0, 1, 0, 0, 0, 0, 0, 0, 0, 0, '', 'EUR', 'ht', 3, 1, 2.97),
(2773, 2, 212, 375, 'fille', 'Ballerines', 0, 0, 0, 0, 0, 0, 0, 0, 0, 0, 0, 1, 0, 0, 0, 0, 0, 1, 0, 0, 0, 0, 0, 0, 0, 0, 0, '', 'EUR', 'ht', 3, 2, 5.89),
(2770, 2, 209, 408, 'garcon', 'Chaussures', 0, 0, 0, 0, 0, 0, 0, 0, 0, 0, 1, 1, 0, 0, 0, 0, 0, 0, 0, 0, 0, 0, 0, 0, 0, 0, 0, '', 'EUR', 'ht', 3, 2, 6.26),
(2772, 2, 211, 374, 'fille', 'Ballerines', 0, 0, 0, 0, 0, 0, 0, 0, 0, 0, 0, 0, 0, 0, 0, 0, 1, 0, 0, 0, 0, 0, 0, 0, 0, 0, 0, '', 'EUR', 'ht', 3, 1, 3.15),
(2771, 2, 210, 373, 'fille', 'Ballerines', 0, 0, 0, 0, 0, 0, 0, 0, 0, 1, 2, 0, 0, 0, 1, 1, 0, 0, 0, 0, 0, 0, 0, 0, 0, 0, 0, '', 'EUR', 'ht', 3, 5, 15.41),
(2769, 2, 220, 359, 'fille', 'Babies', 0, 1, 0, 0, 0, 0, 0, 0, 0, 0, 0, 0, 0, 0, 0, 0, 0, 0, 0, 0, 0, 0, 0, 0, 0, 0, 0, '', 'EUR', 'ht', 3, 1, 3.40),
(2768, 2, 207, 383, 'fille', 'Baskets', 0, 0, 0, 0, 0, 0, 0, 0, 0, 1, 1, 0, 0, 1, 0, 0, 0, 0, 0, 0, 0, 0, 0, 0, 0, 0, 0, '', 'EUR', 'ht', 4, 3, 10.56),
(2767, 2, 206, 398, 'garcon', 'Baskets', 0, 0, 0, 0, 0, 0, 0, 0, 0, 0, 0, 0, 0, 0, 0, 0, 0, 0, 0, 1, 0, 0, 0, 0, 0, 0, 0, '', 'EUR', 'ht', 3, 1, 2.97),
(2766, 2, 205, 391, 'garcon', 'Baskets', 0, 0, 0, 0, 0, 0, 0, 0, 0, 0, 0, 0, 0, 0, 0, 0, 0, 0, 1, 0, 0, 0, 0, 0, 0, 0, 0, '', 'EUR', 'ht', 3, 1, 3.22),
(2765, 2, 204, 387, 'garcon', 'Baskets', 0, 0, 0, 0, 0, 0, 0, 0, 0, 0, 0, 0, 0, 0, 0, 0, 0, 1, 0, 0, 0, 0, 0, 0, 0, 0, 0, '', 'EUR', 'ht', 3, 1, 3.29),
(2764, 2, 203, 401, 'garcon', 'Baskets', 0, 0, 0, 0, 0, 0, 0, 0, 0, 0, 0, 0, 0, 0, 0, 1, 0, 0, 0, 0, 0, 0, 0, 0, 0, 0, 0, '', 'EUR', 'ht', 3, 1, 3.11),
(2763, 2, 202, 404, 'garcon', 'Chaussures', 0, 0, 0, 0, 0, 0, 1, 0, 0, 0, 0, 0, 0, 0, 0, 0, 0, 0, 0, 0, 0, 0, 0, 0, 0, 0, 0, '', 'EUR', 'ht', 3, 1, 3.17),
(2762, 2, 201, 403, 'garcon', 'Chaussures', 0, 0, 0, 0, 0, 1, 0, 0, 0, 0, 0, 0, 0, 0, 0, 0, 0, 0, 0, 0, 0, 0, 0, 0, 0, 0, 0, '', 'EUR', 'ht', 3, 1, 3.08),
(2761, 2, 200, 396, 'garcon', 'Baskets', 0, 0, 0, 0, 0, 0, 0, 0, 0, 0, 0, 0, 0, 0, 1, 0, 1, 0, 0, 0, 0, 0, 0, 0, 0, 0, 0, '', 'EUR', 'ht', 3, 2, 6.39),
(2760, 2, 199, 400, 'garcon', 'Baskets', 0, 0, 0, 0, 0, 0, 0, 0, 0, 1, 1, 1, 1, 0, 0, 0, 0, 0, 0, 0, 0, 0, 0, 0, 0, 0, 0, '', 'EUR', 'ht', 3, 4, 12.42),
(2759, 2, 198, 399, 'garcon', 'Baskets', 0, 0, 0, 0, 0, 0, 0, 0, 0, 0, 0, 0, 0, 0, 1, 1, 1, 1, 1, 1, 0, 0, 0, 0, 0, 0, 0, '', 'EUR', 'ht', 3, 6, 17.80),
(2758, 2, 197, 409, 'garcon', 'Chaussures', 0, 0, 0, 0, 0, 0, 0, 0, 0, 1, 0, 0, 1, 1, 0, 0, 0, 0, 0, 0, 0, 0, 0, 0, 0, 0, 0, '', 'EUR', 'ht', 3, 3, 9.59),
(2757, 2, 196, 413, 'garcon', 'Baskets', 0, 0, 0, 0, 0, 0, 0, 0, 0, 0, 0, 1, 1, 1, 0, 0, 0, 0, 0, 0, 0, 0, 0, 0, 0, 0, 0, '', 'EUR', 'ht', 4, 3, 10.56),
(2756, 2, 195, 414, 'garcon', 'Baskets', 0, 0, 0, 0, 0, 0, 0, 0, 0, 1, 1, 0, 0, 0, 0, 0, 0, 0, 0, 0, 0, 0, 0, 0, 0, 0, 0, '', 'EUR', 'ht', 4, 2, 7.04),
(2755, 2, 185, 384, 'fille', 'Baskets', 0, 0, 0, 0, 0, 0, 0, 0, 0, 2, 2, 2, 2, 2, 0, 0, 0, 0, 0, 0, 0, 0, 0, 0, 0, 0, 0, '', 'EUR', 'ht', 3, 10, 34.27),
(2754, 2, 186, 361, 'fille', 'Babies', 0, 2, 1, 1, 1, 1, 1, 1, 1, 1, 1, 0, 0, 0, 0, 0, 0, 0, 0, 0, 0, 0, 0, 0, 0, 0, 0, '', 'EUR', 'ht', 3, 11, 32.64),
(2752, 2, 188, 411, 'garcon', 'Chaussures', 0, 0, 0, 1, 1, 1, 1, 1, 0, 0, 0, 0, 0, 0, 0, 0, 0, 0, 0, 0, 0, 0, 0, 0, 0, 0, 0, '', 'EUR', 'ht', 3, 5, 15.87),
(2753, 2, 187, 362, 'fille', 'Babies', 0, 1, 1, 0, 0, 1, 1, 1, 1, 1, 1, 0, 0, 0, 0, 0, 0, 0, 0, 0, 0, 0, 0, 0, 0, 0, 0, '', 'EUR', 'ht', 3, 8, 23.74),
(2751, 2, 189, 410, 'garcon', 'Chaussures', 0, 0, 0, 1, 1, 0, 1, 1, 1, 0, 0, 0, 0, 0, 0, 0, 0, 0, 0, 0, 0, 0, 0, 0, 0, 0, 0, '', 'EUR', 'ht', 3, 5, 16.33),
(2750, 2, 190, 407, 'garcon', 'Chaussures', 0, 1, 1, 1, 0, 0, 0, 0, 0, 0, 0, 0, 0, 0, 0, 0, 0, 0, 0, 0, 0, 0, 0, 0, 0, 0, 0, '', 'EUR', 'ht', 4, 3, 10.56),
(2749, 2, 191, 406, 'garcon', 'Chaussures', 0, 1, 1, 0, 1, 0, 0, 0, 0, 0, 0, 0, 0, 0, 0, 0, 0, 0, 0, 0, 0, 0, 0, 0, 0, 0, 0, '', 'EUR', 'ht', 3, 3, 10.14),
(2748, 2, 193, 363, 'fille', 'Sandales', 0, 0, 1, 1, 1, 0, 0, 0, 0, 0, 0, 0, 0, 0, 0, 0, 0, 0, 0, 0, 0, 0, 0, 0, 0, 0, 0, '', 'EUR', 'ht', 3, 3, 9.25),
(2746, 2, 194, 364, 'fille', 'Sandales', 0, 0, 1, 1, 1, 1, 1, 0, 0, 0, 0, 0, 0, 0, 0, 0, 0, 0, 0, 0, 0, 0, 0, 0, 0, 0, 0, '', 'EUR', 'ht', 3, 5, 15.64),
(2747, 2, 192, 405, 'garcon', 'Chaussures', 0, 1, 0, 0, 0, 1, 0, 0, 2, 0, 0, 0, 0, 0, 0, 0, 0, 0, 0, 0, 0, 0, 0, 0, 0, 0, 0, '', 'EUR', 'ht', 3, 4, 13.52),
(2897, 4, 234, 428, 'garcon', 'Chaussures', 0, 0, 0, 1, 1, 1, 1, 1, 1, 1, 1, 0, 0, 0, 0, 0, 0, 0, 0, 0, 0, 0, 0, 0, 0, 0, 0, '', 'EUR', 'ht', 3, 8, 27.60),
(2895, 4, 232, 425, 'garcon', 'Chaussures', 0, 0, 0, 0, 0, 0, 0, 0, 1, 1, 1, 1, 1, 1, 1, 1, 1, 1, 1, 1, 0, 0, 0, 0, 0, 0, 0, '', 'EUR', 'ht', 4, 12, 46.92),
(2896, 4, 233, 427, 'garcon', 'Chaussures', 0, 0, 0, 0, 0, 0, 0, 0, 1, 1, 1, 1, 1, 1, 1, 1, 1, 1, 1, 1, 0, 0, 0, 0, 0, 0, 0, '', 'EUR', 'ht', 4, 12, 51.61),
(2893, 4, 230, 422, 'fille', 'Chaussures', 0, 0, 0, 0, 0, 0, 0, 0, 1, 1, 1, 1, 1, 1, 1, 1, 1, 1, 1, 1, 0, 0, 0, 0, 0, 0, 0, '', 'EUR', 'ht', 4, 12, 46.92),
(2894, 4, 228, 423, 'fille', 'Chaussures', 0, 0, 0, 0, 0, 0, 0, 0, 1, 1, 1, 1, 1, 1, 1, 1, 1, 1, 1, 1, 0, 0, 0, 0, 0, 0, 0, '', 'EUR', 'ht', 4, 12, 49.68),
(2891, 4, 225, 420, 'fille', 'Ballerines', 0, 0, 0, 0, 0, 0, 0, 0, 0, 0, 0, 0, 0, 0, 0, 0, 0, 0, 0, 0, 1, 1, 1, 1, 1, 0, 0, '', 'EUR', 'ht', 3, 5, 14.95),
(2892, 4, 226, 421, 'fille', 'Ballerines', 0, 0, 0, 0, 0, 0, 0, 0, 1, 1, 1, 1, 1, 1, 1, 1, 1, 1, 0, 0, 0, 0, 0, 0, 0, 0, 0, '', 'EUR', 'ht', 3, 10, 32.20),
(2889, 4, 229, 424, 'garcon', 'Chaussures', 0, 0, 0, 0, 0, 0, 0, 0, 1, 1, 1, 1, 1, 1, 1, 1, 1, 1, 0, 0, 0, 0, 0, 0, 0, 0, 0, '', 'EUR', 'ht', 4, 10, 35.65),
(2890, 4, 231, 426, 'garcon', 'Chaussures', 0, 0, 0, 0, 0, 0, 0, 0, 1, 1, 1, 1, 1, 1, 1, 1, 1, 1, 1, 1, 0, 0, 0, 0, 0, 0, 0, '', 'EUR', 'ht', 4, 12, 51.61),
(2888, 4, 222, 417, 'fille', 'Ballerines', 0, 0, 0, 0, 0, 0, 0, 0, 0, 0, 0, 0, 0, 0, 0, 0, 0, 0, 0, 0, 1, 1, 1, 1, 1, 0, 0, '', 'EUR', 'ht', 3, 5, 14.95),
(2887, 4, 221, 416, 'fille', 'Ballerines', 0, 0, 0, 0, 0, 0, 0, 0, 0, 0, 0, 0, 0, 0, 0, 0, 0, 0, 0, 0, 1, 1, 1, 1, 1, 0, 0, '', 'EUR', 'ht', 3, 5, 14.38),
(2898, 4, 235, 429, 'garcon', 'Chaussures', 0, 0, 0, 1, 1, 1, 1, 1, 1, 1, 1, 0, 0, 0, 0, 0, 0, 0, 0, 0, 0, 0, 0, 0, 0, 0, 0, '', 'EUR', 'ht', 3, 8, 27.60),
(3005, 6, 237, 389, 'garcon', 'Baskets', 0, 0, 0, 0, 0, 0, 0, 0, 0, 2, 2, 2, 2, 2, 2, 2, 2, 2, 2, 2, 0, 0, 0, 0, 0, 0, 0, '', 'EUR', 'ht', 3, 22, 70.33),
(3006, 6, 238, 392, 'garcon', 'Baskets montantes', 0, 0, 0, 0, 0, 0, 0, 0, 0, 0, 0, 0, 0, 0, 2, 2, 2, 2, 2, 2, 0, 0, 0, 0, 0, 0, 0, '', 'EUR', 'ht', 5, 12, 62.10),
(3007, 6, 239, 393, 'garcon', 'Baskets montantes', 0, 0, 0, 0, 0, 0, 0, 0, 0, 0, 0, 0, 0, 0, 2, 2, 2, 2, 2, 2, 0, 0, 0, 0, 0, 0, 0, '', 'EUR', 'ht', 4, 12, 52.16),
(3008, 6, 240, 400, 'garcon', 'Baskets', 0, 0, 0, 0, 0, 0, 0, 0, 0, 1, 1, 1, 1, 1, 0, 0, 0, 0, 0, 0, 0, 0, 0, 0, 0, 0, 0, '', 'EUR', 'ht', 3, 5, 15.53),
(3009, 6, 241, 401, 'garcon', 'Baskets', 0, 0, 0, 0, 0, 0, 0, 0, 0, 1, 1, 1, 1, 1, 0, 0, 0, 0, 0, 0, 0, 0, 0, 0, 0, 0, 0, '', 'EUR', 'ht', 3, 5, 15.53),
(3010, 6, 242, 386, 'fille', 'Baskets montantes', 0, 0, 0, 0, 0, 0, 0, 0, 0, 0, 0, 0, 0, 0, 1, 1, 1, 1, 1, 1, 0, 0, 0, 0, 0, 0, 0, '', 'EUR', 'ht', 4, 6, 25.94),
(3011, 6, 243, 358, 'fille', 'Babies', 0, 1, 1, 1, 1, 1, 1, 1, 1, 1, 1, 0, 0, 0, 0, 0, 0, 0, 0, 0, 0, 0, 0, 0, 0, 0, 0, '', 'EUR', 'ht', 3, 10, 30.13),
(3012, 6, 244, 359, 'fille', 'Babies', 0, 1, 1, 1, 1, 1, 1, 0, 0, 0, 0, 0, 0, 0, 0, 0, 0, 0, 0, 0, 0, 0, 0, 0, 0, 0, 0, '', 'EUR', 'ht', 3, 6, 20.42),
(3013, 6, 245, 360, 'fille', 'Babies', 0, 1, 1, 1, 1, 1, 1, 1, 1, 1, 1, 0, 0, 0, 0, 0, 0, 0, 0, 0, 0, 0, 0, 0, 0, 0, 0, '', 'EUR', 'ht', 3, 10, 31.97),
(3014, 6, 246, 370, 'fille', 'Babies', 0, 1, 1, 1, 1, 0, 0, 0, 0, 0, 0, 0, 0, 0, 0, 0, 0, 0, 0, 0, 0, 0, 0, 0, 0, 0, 0, '', 'EUR', 'ht', 3, 4, 11.87),
(3015, 6, 247, 371, 'fille', 'Babies', 0, 1, 1, 1, 1, 0, 0, 0, 0, 0, 0, 0, 0, 0, 0, 0, 0, 0, 0, 0, 0, 0, 0, 0, 0, 0, 0, '', 'EUR', 'ht', 3, 4, 12.42),
(3016, 6, 248, 415, 'garcon', 'Baskets', 0, 0, 0, 0, 0, 0, 0, 0, 0, 1, 1, 1, 1, 1, 0, 0, 0, 0, 0, 0, 0, 0, 0, 0, 0, 0, 0, '', 'EUR', 'ht', 3, 5, 17.14),
(3017, 6, 249, 375, 'fille', 'Ballerines', 0, 0, 0, 0, 0, 0, 0, 0, 0, 1, 1, 1, 1, 1, 1, 1, 1, 1, 1, 1, 0, 0, 0, 0, 0, 0, 0, '', 'EUR', 'ht', 3, 11, 32.38),
(3004, 6, 236, 388, 'garcon', 'Baskets', 0, 0, 0, 0, 0, 0, 0, 0, 0, 2, 2, 2, 2, 2, 2, 2, 2, 2, 2, 2, 0, 0, 0, 0, 0, 0, 0, '', 'EUR', 'ht', 3, 22, 70.33),
(3018, 6, 250, 366, 'fille', 'Babies', 0, 1, 1, 1, 1, 0, 0, 0, 0, 0, 0, 0, 0, 0, 0, 0, 0, 0, 0, 0, 0, 0, 0, 0, 0, 0, 0, '', 'EUR', 'ht', 4, 4, 16.38),
(3152, 8, 267, 439, 'garcon', 'Chaussures', 0, 0, 0, 0, 0, 0, 0, 0, 0, 1, 1, 1, 1, 1, 0, 0, 0, 0, 0, 0, 0, 0, 0, 0, 0, 0, 0, '', 'EUR', 'ht', 5, 5, 27.03),
(3151, 8, 266, 441, 'garcon', 'Chaussures', 0, 0, 0, 0, 0, 0, 0, 0, 0, 1, 1, 1, 1, 1, 0, 0, 0, 0, 0, 0, 0, 0, 0, 0, 0, 0, 0, '', 'EUR', 'ht', 5, 5, 27.03),
(3150, 8, 265, 443, 'unisex', 'Chaussures', 0, 0, 0, 0, 0, 0, 0, 0, 0, 2, 2, 2, 2, 2, 0, 0, 0, 0, 0, 0, 0, 0, 0, 0, 0, 0, 0, '', 'EUR', 'ht', 5, 10, 54.05),
(3149, 8, 264, 437, 'garcon', 'Chaussures', 0, 0, 0, 0, 0, 0, 0, 0, 0, 1, 1, 1, 1, 1, 0, 0, 0, 0, 0, 0, 0, 0, 0, 0, 0, 0, 0, '', 'EUR', 'ht', 5, 5, 27.03),
(3148, 8, 263, 440, 'garcon', 'Chaussures', 0, 0, 0, 0, 0, 0, 0, 0, 0, 2, 2, 2, 2, 2, 0, 0, 0, 0, 0, 0, 0, 0, 0, 0, 0, 0, 0, '', 'EUR', 'ht', 5, 10, 54.05),
(3147, 8, 262, 442, 'garcon', 'Chaussures', 0, 0, 0, 0, 0, 0, 0, 0, 0, 2, 2, 2, 2, 2, 0, 0, 0, 0, 0, 0, 0, 0, 0, 0, 0, 0, 0, '', 'EUR', 'ht', 5, 10, 54.05),
(3146, 8, 259, 436, 'fille', 'Babies', 0, 0, 0, 1, 1, 1, 1, 1, 1, 0, 0, 0, 0, 0, 0, 0, 0, 0, 0, 0, 0, 0, 0, 0, 0, 0, 0, '', 'EUR', 'ht', 4, 6, 22.08),
(3145, 8, 258, 435, 'garcon', 'Chaussures', 0, 0, 0, 1, 1, 1, 1, 1, 1, 0, 0, 0, 0, 0, 0, 0, 0, 0, 0, 0, 0, 0, 0, 0, 0, 0, 0, '', 'EUR', 'ht', 5, 6, 27.60),
(3144, 8, 257, 434, 'unisex', 'Chaussures', 0, 0, 0, 1, 1, 1, 1, 1, 1, 0, 0, 0, 0, 0, 0, 0, 0, 0, 0, 0, 0, 0, 0, 0, 0, 0, 0, '', 'EUR', 'ht', 5, 6, 27.60),
(3141, 8, 261, 431, 'fille', 'Chaussures', 0, 0, 0, 2, 2, 2, 2, 2, 2, 0, 0, 0, 0, 0, 0, 0, 0, 0, 0, 0, 0, 0, 0, 0, 0, 0, 0, '', 'EUR', 'ht', 5, 12, 55.20),
(3142, 8, 255, 432, 'garcon', 'Chaussures', 0, 0, 0, 1, 1, 1, 1, 1, 1, 0, 0, 0, 0, 0, 0, 0, 0, 0, 0, 0, 0, 0, 0, 0, 0, 0, 0, '', 'EUR', 'ht', 5, 6, 27.60),
(3143, 8, 260, 433, 'garcon', 'Chaussures', 0, 0, 0, 3, 3, 3, 3, 3, 3, 0, 0, 0, 0, 0, 0, 0, 0, 0, 0, 0, 0, 0, 0, 0, 0, 0, 0, '', 'EUR', 'ht', 5, 18, 82.80),
(3140, 8, 253, 430, 'fille', 'Chaussures', 0, 0, 0, 1, 1, 1, 1, 1, 1, 0, 0, 0, 0, 0, 0, 0, 0, 0, 0, 0, 0, 0, 0, 0, 0, 0, 0, '', 'EUR', 'ht', 5, 6, 27.60),
(3153, 8, 268, 438, 'garcon', 'Chaussures', 0, 0, 0, 0, 0, 0, 0, 0, 0, 2, 2, 2, 2, 2, 0, 0, 0, 0, 0, 0, 0, 0, 0, 0, 0, 0, 0, '', 'EUR', 'ht', 5, 10, 54.05),
(4113, 9, 310, 497, 'unisex', 'Chaussures', 0, 3, 3, 3, 3, 3, 3, 3, 3, 3, 3, 3, 3, 3, 3, 3, 3, 3, 3, 0, 0, 0, 0, 0, 0, 0, 0, '', 'EUR', 'ht', 0, 54, 21.11),
(4112, 9, 309, 496, 'garcon', 'Chaussures', 0, 0, 0, 0, 0, 0, 0, 0, 1, 1, 1, 1, 1, 1, 1, 1, 1, 1, 1, 0, 0, 0, 0, 0, 0, 0, 0, '', 'EUR', 'ht', 3, 11, 30.36),
(4111, 9, 308, 495, 'garcon', 'Chaussures', 0, 0, 0, 0, 0, 0, 0, 0, 1, 1, 1, 1, 1, 1, 1, 1, 1, 1, 1, 0, 0, 0, 0, 0, 0, 0, 0, '', 'EUR', 'ht', 2, 11, 27.20),
(4110, 9, 307, 494, 'garcon', 'Chaussures', 0, 1, 1, 1, 1, 1, 1, 1, 1, 1, 0, 0, 0, 0, 0, 0, 0, 0, 0, 0, 0, 0, 0, 0, 0, 0, 0, '', 'EUR', 'ht', 3, 9, 23.81),
(4108, 9, 304, 491, 'garcon', 'Chaussures', 0, 1, 1, 1, 1, 1, 1, 1, 1, 1, 0, 0, 0, 0, 0, 0, 0, 0, 0, 0, 0, 0, 0, 0, 0, 0, 0, '', 'EUR', 'ht', 3, 9, 29.23),
(4109, 9, 312, 492, 'garcon', 'Chaussures', 0, 1, 1, 1, 1, 1, 1, 1, 1, 1, 0, 0, 0, 0, 0, 0, 0, 0, 0, 0, 0, 0, 0, 0, 0, 0, 0, '', 'EUR', 'ht', 3, 9, 24.05),
(3378, 10, 294, 480, 'garcon', 'Chaussures', 0, 1, 1, 1, 1, 1, 1, 1, 1, 1, 1, 0, 0, 0, 0, 0, 0, 0, 0, 0, 0, 0, 0, 0, 0, 0, 0, '', 'EUR', 'ht', 3, 10, 31.05),
(3377, 10, 293, 479, 'garcon', 'Chaussures', 0, 1, 1, 1, 1, 1, 1, 1, 1, 1, 1, 0, 0, 0, 0, 0, 0, 0, 0, 0, 0, 0, 0, 0, 0, 0, 0, '', 'EUR', 'ht', 3, 10, 32.20),
(3374, 10, 288, 474, 'garcon', 'Chaussures', 0, 1, 1, 1, 1, 1, 1, 1, 1, 1, 1, 0, 0, 0, 0, 0, 0, 0, 0, 0, 0, 0, 0, 0, 0, 0, 0, '', 'EUR', 'ht', 3, 10, 32.20),
(3375, 10, 290, 476, 'garcon', 'Chaussures', 0, 1, 1, 1, 1, 1, 1, 1, 1, 1, 1, 0, 0, 0, 0, 0, 0, 0, 0, 0, 0, 0, 0, 0, 0, 0, 0, '', 'EUR', 'ht', 3, 10, 31.05),
(3376, 10, 292, 478, 'garcon', 'Chaussures', 0, 1, 1, 1, 1, 1, 1, 1, 1, 1, 1, 0, 0, 0, 0, 0, 0, 0, 0, 0, 0, 0, 0, 0, 0, 0, 0, '', 'EUR', 'ht', 3, 10, 32.89),
(3373, 10, 287, 473, 'garcon', 'Chaussures', 0, 0, 0, 1, 1, 1, 1, 1, 1, 1, 1, 0, 0, 0, 0, 0, 0, 0, 0, 0, 0, 0, 0, 0, 0, 0, 0, '', 'EUR', 'ht', 3, 8, 25.21),
(3372, 10, 285, 471, 'fille', 'Chaussures', 0, 1, 1, 1, 1, 1, 1, 1, 1, 1, 1, 0, 0, 0, 0, 0, 0, 0, 0, 0, 0, 0, 0, 0, 0, 0, 0, '', 'EUR', 'ht', 3, 10, 34.50),
(3371, 10, 284, 470, 'fille', 'Chaussures', 0, 1, 1, 1, 1, 1, 1, 1, 1, 1, 1, 0, 0, 0, 0, 0, 0, 0, 0, 0, 0, 0, 0, 0, 0, 0, 0, '', 'EUR', 'ht', 3, 10, 32.20),
(3370, 10, 283, 469, 'fille', 'Chaussures', 0, 1, 1, 1, 1, 1, 1, 1, 1, 1, 1, 0, 0, 0, 0, 0, 0, 0, 0, 0, 0, 0, 0, 0, 0, 0, 0, '', 'EUR', 'ht', 3, 10, 31.05),
(3369, 10, 282, 468, 'fille', 'Chaussures', 0, 1, 1, 1, 1, 1, 1, 1, 1, 1, 1, 0, 0, 0, 0, 0, 0, 0, 0, 0, 0, 0, 0, 0, 0, 0, 0, '', 'EUR', 'ht', 3, 10, 31.05),
(3368, 10, 281, 467, 'fille', 'Chaussures', 0, 1, 1, 1, 1, 1, 1, 1, 1, 1, 1, 0, 0, 0, 0, 0, 0, 0, 0, 0, 0, 0, 0, 0, 0, 0, 0, '', 'EUR', 'ht', 3, 10, 31.05),
(3367, 10, 280, 466, 'fille', 'Chaussures', 0, 1, 1, 1, 1, 1, 1, 1, 1, 1, 1, 0, 0, 0, 0, 0, 0, 0, 0, 0, 0, 0, 0, 0, 0, 0, 0, '', 'EUR', 'ht', 3, 10, 31.05),
(4107, 9, 302, 489, 'garcon', 'Chaussures', 0, 1, 1, 1, 1, 1, 1, 1, 1, 1, 0, 0, 0, 0, 0, 0, 0, 0, 0, 0, 0, 0, 0, 0, 0, 0, 0, '', 'EUR', 'ht', 3, 9, 24.05),
(4106, 9, 311, 488, 'garcon', 'Chaussures', 0, 1, 1, 1, 1, 1, 1, 1, 1, 0, 0, 0, 0, 0, 0, 0, 0, 0, 0, 0, 0, 0, 0, 0, 0, 0, 0, '', 'EUR', 'ht', 3, 8, 21.84),
(4105, 9, 300, 487, 'fille', 'Chaussures', 0, 1, 1, 1, 1, 1, 1, 1, 1, 1, 0, 0, 0, 0, 0, 0, 0, 0, 0, 0, 0, 0, 0, 0, 0, 0, 0, '', 'EUR', 'ht', 3, 9, 29.23),
(4104, 9, 299, 486, 'fille', 'Chaussures', 0, 1, 1, 1, 1, 1, 1, 1, 1, 1, 0, 0, 0, 0, 0, 0, 0, 0, 0, 0, 0, 0, 0, 0, 0, 0, 0, '', 'EUR', 'ht', 3, 9, 24.05),
(4103, 9, 313, 460, 'fille', 'Ballerines', 0, 0, 0, 0, 0, 0, 0, 0, 1, 1, 1, 1, 1, 1, 1, 1, 1, 0, 0, 0, 0, 0, 0, 0, 0, 0, 0, '', 'EUR', 'ht', 3, 9, 28.46),
(4102, 9, 297, 484, 'fille', 'Chaussures', 0, 1, 1, 1, 1, 1, 1, 1, 1, 1, 0, 0, 0, 0, 0, 0, 0, 0, 0, 0, 0, 0, 0, 0, 0, 0, 0, '', 'EUR', 'ht', 3, 9, 24.05),
(4101, 9, 296, 483, 'fille', 'Chaussures', 0, 1, 1, 1, 1, 1, 1, 1, 1, 1, 0, 0, 0, 0, 0, 0, 0, 0, 0, 0, 0, 0, 0, 0, 0, 0, 0, '', 'EUR', 'ht', 3, 9, 24.05),
(4100, 9, 295, 482, 'fille', 'Chaussures', 0, 1, 1, 1, 1, 1, 1, 2, 1, 0, 0, 0, 0, 0, 0, 0, 0, 0, 0, 0, 0, 0, 0, 0, 0, 0, 0, '', 'EUR', 'ht', 3, 9, 24.57),
(4099, 9, 279, 456, 'fille', 'Ballerines', 0, 0, 0, 0, 0, 0, 0, 0, 1, 1, 1, 1, 1, 1, 1, 1, 1, 0, 0, 0, 0, 0, 0, 0, 0, 0, 0, '', 'EUR', 'ht', 3, 9, 25.88),
(4098, 9, 315, 490, 'garcon', 'Chaussures', 0, 2, 2, 2, 2, 2, 2, 2, 2, 2, 0, 0, 0, 0, 0, 0, 0, 0, 0, 0, 0, 0, 0, 0, 0, 0, 0, '', 'EUR', 'ht', 3, 18, 48.11),
(4097, 9, 276, 449, 'fille', 'Ballerines', 0, 0, 0, 0, 0, 0, 0, 0, 1, 1, 1, 1, 1, 1, 1, 1, 1, 0, 0, 0, 0, 0, 0, 0, 0, 0, 0, '', 'EUR', 'ht', 3, 9, 25.88),
(4096, 9, 274, 462, 'fille', 'Ballerines', 0, 0, 0, 0, 0, 0, 0, 0, 1, 1, 1, 1, 1, 1, 1, 1, 1, 0, 0, 0, 0, 0, 0, 0, 0, 0, 0, '', 'EUR', 'ht', 3, 9, 28.46),
(4095, 9, 272, 444, 'fille', 'Ballerines', 0, 0, 0, 0, 0, 0, 0, 0, 1, 1, 1, 1, 1, 1, 1, 1, 1, 0, 0, 0, 0, 0, 0, 0, 0, 0, 0, '', 'EUR', 'ht', 3, 9, 28.46),
(4094, 9, 271, 463, 'fille', 'Ballerines', 0, 0, 0, 0, 0, 0, 0, 0, 1, 1, 1, 1, 1, 1, 1, 1, 1, 0, 0, 0, 0, 0, 0, 0, 0, 0, 0, '', 'EUR', 'ht', 3, 9, 28.46),
(4093, 9, 269, 465, 'fille', 'Ballerines', 0, 0, 0, 0, 0, 0, 0, 0, 1, 1, 1, 1, 1, 1, 1, 1, 1, 0, 0, 0, 0, 0, 0, 0, 0, 0, 0, '', 'EUR', 'ht', 3, 9, 25.88),
(4395, 11, 329, 467, 'fille', 'Chaussons', 0, 2, 3, 3, 3, 3, 2, 2, 2, 1, 1, 0, 0, 0, 0, 0, 0, 0, 0, 0, 0, 0, 0, 0, 0, 0, 0, '', 'EUR', 'ht', 3, 22, 68.31),
(4396, 11, 330, 478, 'garcon', 'Chaussures', 0, 2, 2, 2, 2, 2, 2, 1, 1, 1, 1, 0, 0, 0, 0, 0, 0, 0, 0, 0, 0, 0, 0, 0, 0, 0, 0, '', 'EUR', 'ht', 3, 16, 52.62),
(4394, 11, 328, 479, 'garcon', 'Chaussons', 0, 3, 3, 3, 3, 3, 3, 2, 2, 1, 1, 0, 0, 0, 0, 0, 0, 0, 0, 0, 0, 0, 0, 0, 0, 0, 0, '', 'EUR', 'ht', 3, 24, 77.28),
(4391, 11, 325, 533, '', 'Chaussons', 0, 2, 2, 2, 2, 2, 2, 2, 2, 2, 2, 0, 0, 0, 0, 0, 0, 0, 0, 0, 0, 0, 0, 0, 0, 0, 0, '', 'EUR', 'ht', 3, 20, 69.00),
(4392, 11, 336, 534, '', 'Chaussons', 0, 2, 2, 2, 2, 2, 2, 0, 0, 0, 0, 0, 0, 0, 0, 0, 0, 0, 0, 0, 0, 0, 0, 0, 0, 0, 0, '', 'EUR', 'ht', 3, 12, 41.40),
(4393, 11, 327, 477, 'garcon', 'Chaussures', 0, 2, 2, 2, 2, 2, 1, 1, 1, 1, 1, 0, 0, 0, 0, 0, 0, 0, 0, 0, 0, 0, 0, 0, 0, 0, 0, '', 'EUR', 'ht', 3, 15, 46.58),
(4390, 11, 324, 470, 'fille', 'Chaussons', 0, 2, 2, 2, 2, 2, 2, 2, 2, 2, 2, 0, 0, 0, 0, 0, 0, 0, 0, 0, 0, 0, 0, 0, 0, 0, 0, '', 'EUR', 'ht', 3, 20, 64.40);

-- --------------------------------------------------------

--
-- Structure de la table `planification_gestion`
--

CREATE TABLE `planification_gestion` (
  `id` int(11) NOT NULL,
  `planification_id` int(11) NOT NULL,
  `fournisseur_id` int(11) NOT NULL,
  `reference_id` int(11) NOT NULL,
  `unite` tinytext CHARACTER SET utf8 COLLATE utf8_unicode_ci NOT NULL,
  `quantite_d_unites` int(10) NOT NULL,
  `tailles` tinytext CHARACTER SET utf8 COLLATE utf8_unicode_ci NOT NULL,
  `monnaie` tinytext CHARACTER SET utf8 COLLATE utf8_unicode_ci NOT NULL,
  `tva` tinytext CHARACTER SET utf8 COLLATE utf8_unicode_ci NOT NULL,
  `prix` decimal(10,2) NOT NULL
) ENGINE=MyISAM DEFAULT CHARSET=utf8;

--
-- Déchargement des données de la table `planification_gestion`
--

INSERT INTO `planification_gestion` (`id`, `planification_id`, `fournisseur_id`, `reference_id`, `unite`, `quantite_d_unites`, `tailles`, `monnaie`, `tva`, `prix`) VALUES
(124, 1, 4, 384, 'paire', 1, ':::::::::::::1:::::::::::::', 'PLN', 'ht', 14.90),
(123, 1, 4, 375, 'paire', 1, ':::::::::::::::::::1:::::::', 'PLN', 'ht', 12.80),
(122, 1, 4, 386, 'paire', 2, '::::::::::::::::::1:1:::::::', 'PLN', 'ht', 18.80),
(121, 1, 4, 377, 'paire', 2, ':::::::::::::::1:1::::::::::', 'PLN', 'ht', 13.10),
(160, 1, 4, 385, 'paire', 2, '::::::::::::::::1:1:::::::::', 'PLN', 'ht', 15.30),
(119, 1, 4, 382, 'paire', 2, ':::::::::::::1:1::::::::::::', 'PLN', 'ht', 13.50),
(118, 1, 4, 383, 'paire', 2, ':::::::::::1:1::::::::::::::', 'PLN', 'ht', 15.30),
(117, 1, 4, 371, 'paire', 2, ':::::::::1:1::::::::::::::::', 'PLN', 'ht', 13.50),
(116, 1, 4, 364, 'paire', 2, ':::::::1:1::::::::::::::::::', 'PLN', 'ht', 13.60),
(113, 1, 4, 361, 'paire', 2, ':1:1::::::::::::::::::::::::', 'PLN', 'ht', 12.90),
(114, 1, 4, 362, 'paire', 2, ':::1:1::::::::::::::::::::::', 'PLN', 'ht', 12.90),
(115, 1, 4, 363, 'paire', 2, ':::::1:1::::::::::::::::::::', 'PLN', 'ht', 13.40),
(159, 1, 4, 373, 'paire', 1, '::::::::::::::::::1::::::::', 'PLN', 'ht', 13.40),
(126, 1, 4, 381, 'paire', 1, ':::::::::::1:::::::::::::::', 'PLN', 'ht', 13.50),
(128, 1, 4, 372, 'paire', 1, '::::::::::::1::::::::::::::', 'PLN', 'ht', 16.80),
(129, 1, 4, 366, 'paire', 1, ':::::1:::::::::::::::::::::', 'PLN', 'ht', 17.80),
(133, 1, 4, 365, 'paire', 1, '::::::1::::::::::::::::::::', 'PLN', 'ht', 13.10),
(131, 1, 4, 370, 'paire', 1, ':::::::1:::::::::::::::::::', 'PLN', 'ht', 12.90),
(132, 1, 4, 358, 'paire', 1, '::::::::1::::::::::::::::::', 'PLN', 'ht', 13.10),
(134, 1, 4, 367, 'paire', 1, ':::::::::1:::::::::::::::::', 'PLN', 'ht', 15.70),
(135, 1, 4, 369, 'paire', 1, '::::::::::1::::::::::::::::', 'PLN', 'ht', 15.70),
(136, 1, 4, 387, 'paire', 1, ':::::::::1:::::::::::::::::', 'PLN', 'ht', 14.30),
(137, 1, 4, 388, 'paire', 3, '::::::::::1:1:1::::::::::::::', 'PLN', 'ht', 13.90),
(138, 1, 4, 389, 'paire', 3, ':::::::::::::1:1:1:::::::::::', 'PLN', 'ht', 13.90),
(139, 1, 4, 390, 'paire', 4, '::::::::::::::::1:1:1:1:::::::', 'PLN', 'ht', 15.30),
(140, 1, 4, 391, 'paire', 3, ':::::::::1:1:1:::::::::::::::', 'PLN', 'ht', 14.00),
(141, 1, 4, 392, 'paire', 1, ':::::::::::::::::::1:::::::', 'PLN', 'ht', 22.50),
(142, 1, 4, 393, 'paire', 1, '::::::::::::::::::1::::::::', 'PLN', 'ht', 18.90),
(143, 1, 4, 394, 'paire', 1, ':::::::::::::::::1:::::::::', 'PLN', 'ht', 13.90),
(144, 1, 4, 395, 'paire', 1, '::::::::::::::::1::::::::::', 'PLN', 'ht', 13.90),
(145, 1, 4, 396, 'paire', 1, ':::::::::::::::1:::::::::::', 'PLN', 'ht', 13.90),
(146, 1, 4, 397, 'paire', 1, '::::::::::::::1::::::::::::', 'PLN', 'ht', 13.90),
(147, 1, 4, 398, 'paire', 1, ':::::::::::::1:::::::::::::', 'PLN', 'ht', 12.90),
(148, 1, 4, 399, 'paire', 1, '::::::::::::1::::::::::::::', 'PLN', 'ht', 12.90),
(150, 1, 4, 403, 'paire', 2, '::1:1:::::::::::::::::::::::', 'PLN', 'ht', 13.40),
(151, 1, 4, 404, 'paire', 2, ':::1:1::::::::::::::::::::::', 'PLN', 'ht', 13.80),
(152, 1, 4, 405, 'paire', 1, '::::1::::::::::::::::::::::', 'PLN', 'ht', 14.70),
(155, 1, 4, 408, 'paire', 2, '::::::1:1:::::::::::::::::::', 'PLN', 'ht', 13.60),
(156, 1, 4, 409, 'paire', 2, ':::::::1:1::::::::::::::::::', 'PLN', 'ht', 13.90),
(157, 1, 4, 410, 'paire', 1, ':::::1:::::::::::::::::::::', 'PLN', 'ht', 14.20),
(158, 1, 4, 411, 'paire', 1, '::::::::1::::::::::::::::::', 'PLN', 'ht', 13.80),
(194, 2, 4, 364, 'paire', 5, '::1:1:1:1:1::::::::::::::::::::', 'PLN', 'ht', 13.60),
(192, 2, 4, 405, 'paire', 4, ':1::::1:::2::::::::::::::::::', 'PLN', 'ht', 14.70),
(193, 2, 4, 363, 'paire', 3, '::1:1:1::::::::::::::::::::::', 'PLN', 'ht', 13.40),
(191, 2, 4, 406, 'paire', 3, ':1:1::1::::::::::::::::::::::', 'PLN', 'ht', 14.70),
(190, 2, 4, 407, 'paire', 3, ':1:1:1:::::::::::::::::::::::', 'PLN', 'ht', 15.30),
(189, 2, 4, 410, 'paire', 5, ':::1:1::1:1:1::::::::::::::::::', 'PLN', 'ht', 14.20),
(188, 2, 4, 411, 'paire', 5, ':::1:1:1:1:1:::::::::::::::::::', 'PLN', 'ht', 13.80),
(187, 2, 4, 362, 'paire', 8, ':1:1:::1:1:1:1:1:1::::::::::::::::', 'PLN', 'ht', 12.90),
(186, 2, 4, 361, 'paire', 11, ':2:1:1:1:1:1:1:1:1:1::::::::::::::::', 'PLN', 'ht', 12.90),
(185, 2, 4, 384, 'paire', 10, ':::::::::2:2:2:2:2:::::::::::::', 'PLN', 'ht', 14.90),
(195, 2, 4, 414, 'paire', 2, ':::::::::1:1::::::::::::::::', 'PLN', 'ht', 15.30),
(196, 2, 4, 413, 'paire', 3, ':::::::::::1:1:1:::::::::::::', 'PLN', 'ht', 15.30),
(197, 2, 4, 409, 'paire', 3, ':::::::::1:::1:1:::::::::::::', 'PLN', 'ht', 13.90),
(198, 2, 4, 399, 'paire', 6, '::::::::::::::1:1:1:1:1:1:::::::', 'PLN', 'ht', 12.90),
(199, 2, 4, 400, 'paire', 4, ':::::::::1:1:1:1::::::::::::::', 'PLN', 'ht', 13.50),
(200, 2, 4, 396, 'paire', 2, '::::::::::::::1::1::::::::::', 'PLN', 'ht', 13.90),
(201, 2, 4, 403, 'paire', 1, ':::::1:::::::::::::::::::::', 'PLN', 'ht', 13.40),
(202, 2, 4, 404, 'paire', 1, '::::::1::::::::::::::::::::', 'PLN', 'ht', 13.80),
(203, 2, 4, 401, 'paire', 1, ':::::::::::::::1:::::::::::', 'PLN', 'ht', 13.50),
(204, 2, 4, 387, 'paire', 1, ':::::::::::::::::1:::::::::', 'PLN', 'ht', 14.30),
(205, 2, 4, 391, 'paire', 1, '::::::::::::::::::1::::::::', 'PLN', 'ht', 14.00),
(206, 2, 4, 398, 'paire', 1, ':::::::::::::::::::1:::::::', 'PLN', 'ht', 12.90),
(207, 2, 4, 383, 'paire', 3, ':::::::::1:1:::1:::::::::::::', 'PLN', 'ht', 15.30),
(220, 2, 4, 359, 'paire', 1, ':1:::::::::::::::::::::::::', 'PLN', 'ht', 14.80),
(209, 2, 4, 408, 'paire', 2, '::::::::::1:1:::::::::::::::', 'PLN', 'ht', 13.60),
(210, 2, 4, 373, 'paire', 5, ':::::::::1:2::::1:1:::::::::::', 'PLN', 'ht', 13.40),
(211, 2, 4, 374, 'paire', 1, '::::::::::::::::1::::::::::', 'PLN', 'ht', 13.70),
(212, 2, 4, 375, 'paire', 2, ':::::::::::1::::::1:::::::::', 'PLN', 'ht', 12.80),
(213, 2, 4, 376, 'paire', 1, '::::::::::::::::::1::::::::', 'PLN', 'ht', 12.90),
(214, 2, 4, 377, 'paire', 3, ':::::::::1::1::::::::1:::::::', 'PLN', 'ht', 13.10),
(215, 2, 4, 358, 'paire', 1, ':1:::::::::::::::::::::::::', 'PLN', 'ht', 13.10),
(216, 2, 4, 381, 'paire', 3, '::::::::::::::1::1::1::::::::', 'PLN', 'ht', 13.50),
(217, 2, 4, 382, 'paire', 2, ':::::::::::::::1::::1:::::::', 'PLN', 'ht', 13.50),
(218, 2, 4, 385, 'paire', 11, ':::::::::1:1:1:1:1:1:1:1:1:1:1:::::::', 'PLN', 'ht', 15.30),
(221, 4, 5, 416, 'paire', 5, '::::::::::::::::::::1:1:1:1:1::', 'PLN', 'ht', 12.50),
(222, 4, 5, 417, 'paire', 5, '::::::::::::::::::::1:1:1:1:1::', 'PLN', 'ht', 13.00),
(229, 4, 5, 424, 'paire', 10, '::::::::1:1:1:1:1:1:1:1:1:1:::::::::', 'PLN', 'ht', 15.50),
(231, 4, 5, 426, 'paire', 12, '::::::::1:1:1:1:1:1:1:1:1:1:1:1:::::::', 'PLN', 'ht', 18.70),
(225, 4, 5, 420, 'paire', 5, '::::::::::::::::::::1:1:1:1:1::', 'PLN', 'ht', 13.00),
(226, 4, 5, 421, 'paire', 10, '::::::::1:1:1:1:1:1:1:1:1:1:::::::::', 'PLN', 'ht', 14.00),
(230, 4, 5, 422, 'paire', 12, '::::::::1:1:1:1:1:1:1:1:1:1:1:1:::::::', 'PLN', 'ht', 17.00),
(228, 4, 5, 423, 'paire', 12, '::::::::1:1:1:1:1:1:1:1:1:1:1:1:::::::', 'PLN', 'ht', 18.00),
(232, 4, 5, 425, 'paire', 12, '::::::::1:1:1:1:1:1:1:1:1:1:1:1:::::::', 'PLN', 'ht', 17.00),
(233, 4, 5, 427, 'paire', 12, '::::::::1:1:1:1:1:1:1:1:1:1:1:1:::::::', 'PLN', 'ht', 18.70),
(234, 4, 5, 428, 'paire', 8, ':::1:1:1:1:1:1:1:1::::::::::::::::', 'PLN', 'ht', 15.00),
(235, 4, 5, 429, 'paire', 8, ':::1:1:1:1:1:1:1:1::::::::::::::::', 'PLN', 'ht', 15.00),
(236, 6, 4, 388, 'paire', 22, ':::::::::2:2:2:2:2:2:2:2:2:2:2:::::::', 'PLN', 'ht', 13.90),
(237, 6, 4, 389, 'paire', 22, ':::::::::2:2:2:2:2:2:2:2:2:2:2:::::::', 'PLN', 'ht', 13.90),
(238, 6, 4, 392, 'paire', 12, '::::::::::::::2:2:2:2:2:2:::::::', 'PLN', 'ht', 22.50),
(239, 6, 4, 393, 'paire', 12, '::::::::::::::2:2:2:2:2:2:::::::', 'PLN', 'ht', 18.90),
(240, 6, 4, 400, 'paire', 5, ':::::::::1:1:1:1:1:::::::::::::', 'PLN', 'ht', 13.50),
(241, 6, 4, 401, 'paire', 5, ':::::::::1:1:1:1:1:::::::::::::', 'PLN', 'ht', 13.50),
(242, 6, 4, 386, 'paire', 6, '::::::::::::::1:1:1:1:1:1:::::::', 'PLN', 'ht', 18.80),
(243, 6, 4, 358, 'paire', 10, ':1:1:1:1:1:1:1:1:1:1::::::::::::::::', 'PLN', 'ht', 13.10),
(244, 6, 4, 359, 'paire', 6, ':1:1:1:1:1:1::::::::::::::::::::', 'PLN', 'ht', 14.80),
(245, 6, 4, 360, 'paire', 10, ':1:1:1:1:1:1:1:1:1:1::::::::::::::::', 'PLN', 'ht', 13.90),
(246, 6, 4, 370, 'paire', 4, ':1:1:1:1::::::::::::::::::::::', 'PLN', 'ht', 12.90),
(247, 6, 4, 371, 'paire', 4, ':1:1:1:1::::::::::::::::::::::', 'PLN', 'ht', 13.50),
(248, 6, 4, 415, 'paire', 5, ':::::::::1:1:1:1:1:::::::::::::', 'PLN', 'ht', 14.90),
(249, 6, 4, 375, 'paire', 11, ':::::::::1:1:1:1:1:1:1:1:1:1:1:::::::', 'PLN', 'ht', 12.80),
(250, 6, 4, 366, 'paire', 4, ':1:1:1:1::::::::::::::::::::::', 'PLN', 'ht', 17.80),
(253, 8, 5, 430, 'paire', 6, ':::1:1:1:1:1:1::::::::::::::::::', 'PLN', 'ht', 20.00),
(261, 8, 5, 431, 'paire', 12, ':::2:2:2:2:2:2::::::::::::::::::', 'PLN', 'ht', 20.00),
(255, 8, 5, 432, 'paire', 6, ':::1:1:1:1:1:1::::::::::::::::::', 'PLN', 'ht', 20.00),
(260, 8, 5, 433, 'paire', 18, ':::3:3:3:3:3:3::::::::::::::::::', 'PLN', 'ht', 20.00),
(257, 8, 5, 434, 'paire', 6, ':::1:1:1:1:1:1::::::::::::::::::', 'PLN', 'ht', 20.00),
(258, 8, 5, 435, 'paire', 6, ':::1:1:1:1:1:1::::::::::::::::::', 'PLN', 'ht', 20.00),
(259, 8, 5, 436, 'paire', 6, ':::1:1:1:1:1:1::::::::::::::::::', 'PLN', 'ht', 16.00),
(262, 8, 5, 442, 'paire', 10, ':::::::::2:2:2:2:2:::::::::::::', 'PLN', 'ht', 23.50),
(263, 8, 5, 440, 'paire', 10, ':::::::::2:2:2:2:2:::::::::::::', 'PLN', 'ht', 23.50),
(264, 8, 5, 437, 'paire', 5, ':::::::::1:1:1:1:1:::::::::::::', 'PLN', 'ht', 23.50),
(265, 8, 5, 443, 'paire', 10, ':::::::::2:2:2:2:2:::::::::::::', 'PLN', 'ht', 23.50),
(266, 8, 5, 441, 'paire', 5, ':::::::::1:1:1:1:1:::::::::::::', 'PLN', 'ht', 23.50),
(267, 8, 5, 439, 'paire', 5, ':::::::::1:1:1:1:1:::::::::::::', 'PLN', 'ht', 23.50),
(268, 8, 5, 438, 'paire', 10, ':::::::::2:2:2:2:2:::::::::::::', 'PLN', 'ht', 23.50),
(269, 9, 6, 465, 'paire', 9, '::::::::1:1:1:1:1:1:1:1:1::::::::::', 'PLN', 'ht', 12.50),
(271, 9, 6, 463, 'paire', 9, '::::::::1:1:1:1:1:1:1:1:1::::::::::', 'PLN', 'ht', 13.75),
(272, 9, 6, 444, 'paire', 9, '::::::::1:1:1:1:1:1:1:1:1::::::::::', 'PLN', 'ht', 13.75),
(274, 9, 6, 462, 'paire', 9, '::::::::1:1:1:1:1:1:1:1:1::::::::::', 'PLN', 'ht', 13.75),
(276, 9, 6, 449, 'paire', 9, '::::::::1:1:1:1:1:1:1:1:1::::::::::', 'PLN', 'ht', 12.50),
(315, 9, 6, 490, 'paire', 18, ':2:2:2:2:2:2:2:2:2:::::::::::::::::', 'PLN', 'ht', 11.62),
(279, 9, 6, 456, 'paire', 9, '::::::::1:1:1:1:1:1:1:1:1::::::::::', 'PLN', 'ht', 12.50),
(280, 10, 5, 466, 'paire', 10, ':1:1:1:1:1:1:1:1:1:1::::::::::::::::', 'PLN', 'ht', 13.50),
(281, 10, 5, 467, 'paire', 10, ':1:1:1:1:1:1:1:1:1:1::::::::::::::::', 'PLN', 'ht', 13.50),
(282, 10, 5, 468, 'paire', 10, ':1:1:1:1:1:1:1:1:1:1::::::::::::::::', 'PLN', 'ht', 13.50),
(283, 10, 5, 469, 'paire', 10, ':1:1:1:1:1:1:1:1:1:1::::::::::::::::', 'PLN', 'ht', 13.50),
(284, 10, 5, 470, 'paire', 10, ':1:1:1:1:1:1:1:1:1:1::::::::::::::::', 'PLN', 'ht', 14.00),
(285, 10, 5, 471, 'paire', 10, ':1:1:1:1:1:1:1:1:1:1::::::::::::::::', 'PLN', 'ht', 15.00),
(295, 9, 6, 482, 'paire', 9, ':1:1:1:1:1:1:2:1::::::::::::::::::', 'PLN', 'ht', 11.87),
(287, 10, 5, 473, 'paire', 8, ':::1:1:1:1:1:1:1:1::::::::::::::::', 'PLN', 'ht', 13.70),
(288, 10, 5, 474, 'paire', 10, ':1:1:1:1:1:1:1:1:1:1::::::::::::::::', 'PLN', 'ht', 14.00),
(296, 9, 6, 483, 'paire', 9, ':1:1:1:1:1:1:1:1:1:::::::::::::::::', 'PLN', 'ht', 11.62),
(290, 10, 5, 476, 'paire', 10, ':1:1:1:1:1:1:1:1:1:1::::::::::::::::', 'PLN', 'ht', 13.50),
(297, 9, 6, 484, 'paire', 9, ':1:1:1:1:1:1:1:1:1:::::::::::::::::', 'PLN', 'ht', 11.62),
(292, 10, 5, 478, 'paire', 10, ':1:1:1:1:1:1:1:1:1:1::::::::::::::::', 'PLN', 'ht', 14.30),
(293, 10, 5, 479, 'paire', 10, ':1:1:1:1:1:1:1:1:1:1::::::::::::::::', 'PLN', 'ht', 14.00),
(294, 10, 5, 480, 'paire', 10, ':1:1:1:1:1:1:1:1:1:1::::::::::::::::', 'PLN', 'ht', 13.50),
(313, 9, 6, 460, 'paire', 9, '::::::::1:1:1:1:1:1:1:1:1::::::::::', 'PLN', 'ht', 13.75),
(299, 9, 6, 486, 'paire', 9, ':1:1:1:1:1:1:1:1:1:::::::::::::::::', 'PLN', 'ht', 11.62),
(300, 9, 6, 487, 'paire', 9, ':1:1:1:1:1:1:1:1:1:::::::::::::::::', 'PLN', 'ht', 14.12),
(311, 9, 6, 488, 'paire', 8, ':1:1:1:1:1:1:1:1::::::::::::::::::', 'PLN', 'ht', 11.87),
(302, 9, 6, 489, 'paire', 9, ':1:1:1:1:1:1:1:1:1:::::::::::::::::', 'PLN', 'ht', 11.62),
(304, 9, 6, 491, 'paire', 9, ':1:1:1:1:1:1:1:1:1:::::::::::::::::', 'PLN', 'ht', 14.12),
(312, 9, 6, 492, 'paire', 9, ':1:1:1:1:1:1:1:1:1:::::::::::::::::', 'PLN', 'ht', 11.62),
(307, 9, 6, 494, 'paire', 9, ':1:1:1:1:1:1:1:1:1:::::::::::::::::', 'PLN', 'ht', 11.50),
(308, 9, 6, 495, 'paire', 11, '::::::::1:1:1:1:1:1:1:1:1:1:1::::::::', 'PLN', 'ht', 10.75),
(309, 9, 6, 496, 'paire', 11, '::::::::1:1:1:1:1:1:1:1:1:1:1::::::::', 'PLN', 'ht', 12.00),
(310, 9, 6, 497, 'paire', 54, ':3:3:3:3:3:3:3:3:3:3:3:3:3:3:3:3:3:3::::::::', 'PLN', 'ht', 1.70),
(324, 11, 5, 470, 'paire', 20, ':2:2:2:2:2:2:2:2:2:2::::::::::::::::', 'PLN', 'ht', 14.00),
(325, 11, 5, 533, 'paire', 20, ':2:2:2:2:2:2:2:2:2:2::::::::::::::::', 'PLN', 'ht', 15.00),
(336, 11, 5, 534, 'paire', 12, ':2:2:2:2:2:2::::::::::::::::::::', 'PLN', 'ht', 15.00),
(327, 11, 5, 477, 'paire', 15, ':2:2:2:2:2:1:1:1:1:1::::::::::::::::', 'PLN', 'ht', 13.50),
(328, 11, 5, 479, 'paire', 24, ':3:3:3:3:3:3:2:2:1:1::::::::::::::::', 'PLN', 'ht', 14.00),
(329, 11, 5, 467, 'paire', 22, ':2:3:3:3:3:2:2:2:1:1::::::::::::::::', 'PLN', 'ht', 13.50),
(330, 11, 5, 478, 'paire', 16, ':2:2:2:2:2:2:1:1:1:1::::::::::::::::', 'PLN', 'ht', 14.30);

-- --------------------------------------------------------

--
-- Structure de la table `prix`
--

CREATE TABLE `prix` (
  `id` int(11) NOT NULL,
  `chaussure_id` int(11) NOT NULL,
  `type_prix` tinytext CHARACTER SET utf8 COLLATE utf8_unicode_ci NOT NULL,
  `date_prix` date NOT NULL,
  `prix_euro` decimal(10,2) NOT NULL,
  `prix_remise_10` decimal(10,2) NOT NULL,
  `prix_remise_15` decimal(10,2) NOT NULL,
  `prix_remise_20` decimal(10,2) NOT NULL,
  `prix_remise_30` decimal(10,2) NOT NULL
) ENGINE=MyISAM DEFAULT CHARSET=utf8;

--
-- Déchargement des données de la table `prix`
--

INSERT INTO `prix` (`id`, `chaussure_id`, `type_prix`, `date_prix`, `prix_euro`, `prix_remise_10`, `prix_remise_15`, `prix_remise_20`, `prix_remise_30`) VALUES
(1, 131, 'prix_publique_ttc', '2015-09-01', 82.00, 0.00, 0.00, 65.60, 57.40),
(2, 170, 'prix_publique_ttc', '2015-09-01', 39.00, 0.00, 0.00, 31.20, 27.30),
(3, 171, 'prix_publique_ttc', '2015-09-01', 43.00, 0.00, 0.00, 34.40, 30.10),
(4, 172, 'prix_publique_ttc', '2015-09-01', 59.00, 0.00, 0.00, 47.20, 41.30),
(5, 173, 'prix_publique_ttc', '2015-09-01', 59.00, 0.00, 0.00, 47.20, 41.30),
(6, 174, 'prix_publique_ttc', '2015-09-01', 59.00, 0.00, 0.00, 47.20, 41.30),
(7, 175, 'prix_publique_ttc', '2015-09-01', 59.00, 0.00, 0.00, 47.20, 41.30),
(8, 176, 'prix_publique_ttc', '2015-09-01', 59.00, 0.00, 0.00, 47.20, 41.30),
(9, 177, 'prix_publique_ttc', '2015-09-01', 75.00, 0.00, 0.00, 60.00, 52.50),
(10, 178, 'prix_publique_ttc', '2015-09-01', 75.00, 0.00, 0.00, 60.00, 52.50),
(11, 179, 'prix_publique_ttc', '2015-09-01', 59.00, 0.00, 0.00, 47.20, 41.30),
(12, 180, 'prix_publique_ttc', '2015-09-01', 59.00, 0.00, 0.00, 47.20, 41.30),
(13, 181, 'prix_publique_ttc', '2015-09-01', 75.00, 0.00, 0.00, 60.00, 52.50),
(14, 182, 'prix_publique_ttc', '2015-09-01', 59.00, 0.00, 0.00, 47.20, 41.30),
(15, 183, 'prix_publique_ttc', '2015-09-01', 59.00, 0.00, 0.00, 47.20, 41.30),
(16, 184, 'prix_publique_ttc', '2015-09-01', 89.00, 0.00, 0.00, 71.20, 62.30),
(17, 185, 'prix_publique_ttc', '2015-09-01', 89.00, 0.00, 0.00, 71.20, 62.30),
(18, 186, 'prix_publique_ttc', '2015-09-01', 82.00, 0.00, 0.00, 65.60, 57.40),
(19, 187, 'prix_publique_ttc', '2015-09-01', 62.00, 0.00, 0.00, 49.60, 43.40),
(20, 188, 'prix_publique_ttc', '2015-09-01', 68.00, 0.00, 0.00, 54.40, 47.60),
(21, 141, 'prix_publique_ttc', '2015-09-01', 39.00, 0.00, 0.00, 31.20, 27.30),
(22, 389, 'prix_publique_ttc', '2016-05-19', 18.00, 0.00, 0.00, 14.40, 12.60),
(23, 358, 'prix_publique_ttc', '2016-05-31', 17.40, 0.00, 0.00, 13.92, 12.18),
(24, 361, 'prix_publique_ttc', '2016-05-31', 17.30, 0.00, 0.00, 13.84, 12.11),
(25, 362, 'prix_publique_ttc', '2016-05-31', 17.30, 0.00, 0.00, 13.84, 12.11),
(26, 363, 'prix_publique_ttc', '2016-05-31', 17.50, 0.00, 0.00, 14.00, 12.25),
(27, 364, 'prix_publique_ttc', '2016-05-31', 17.60, 0.00, 0.00, 14.08, 12.32),
(28, 365, 'prix_publique_ttc', '2016-05-31', 17.40, 0.00, 0.00, 13.92, 12.18),
(29, 366, 'prix_publique_ttc', '2016-05-31', 19.90, 0.00, 0.00, 15.92, 13.93),
(30, 367, 'prix_publique_ttc', '2016-05-31', 18.80, 0.00, 0.00, 15.04, 13.16),
(31, 369, 'prix_publique_ttc', '2016-05-31', 18.80, 0.00, 0.00, 15.04, 13.16),
(32, 370, 'prix_publique_ttc', '2016-05-31', 17.30, 0.00, 0.00, 13.84, 12.11),
(33, 371, 'prix_publique_ttc', '2016-05-31', 17.60, 0.00, 0.00, 14.08, 12.32),
(34, 372, 'prix_publique_ttc', '2016-05-31', 19.40, 0.00, 0.00, 15.52, 13.58),
(35, 373, 'prix_publique_ttc', '2016-05-31', 17.50, 0.00, 0.00, 14.00, 12.25),
(36, 375, 'prix_publique_ttc', '2016-05-31', 17.20, 0.00, 0.00, 13.76, 12.04),
(37, 377, 'prix_publique_ttc', '2016-05-31', 17.40, 0.00, 0.00, 13.92, 12.18),
(38, 381, 'prix_publique_ttc', '2016-05-31', 17.60, 0.00, 0.00, 14.08, 12.32),
(39, 382, 'prix_publique_ttc', '2016-05-31', 17.60, 0.00, 0.00, 14.08, 12.32),
(40, 383, 'prix_publique_ttc', '2016-05-31', 18.60, 0.00, 0.00, 14.88, 13.02),
(41, 384, 'prix_publique_ttc', '2016-05-31', 18.40, 0.00, 0.00, 14.72, 12.88),
(42, 385, 'prix_publique_ttc', '2016-05-31', 18.60, 0.00, 0.00, 14.88, 13.02),
(43, 386, 'prix_publique_ttc', '2016-05-31', 20.50, 0.00, 0.00, 16.40, 14.35),
(44, 387, 'prix_publique_ttc', '2016-05-31', 18.00, 0.00, 0.00, 14.40, 12.60),
(45, 388, 'prix_publique_ttc', '2016-05-31', 17.80, 0.00, 0.00, 14.24, 12.46),
(46, 389, 'prix_publique_ttc', '2016-05-31', 17.80, 0.00, 0.00, 14.24, 12.46),
(47, 390, 'prix_publique_ttc', '2016-05-31', 18.60, 0.00, 0.00, 14.88, 13.02),
(48, 391, 'prix_publique_ttc', '2016-05-31', 17.90, 0.00, 0.00, 14.32, 12.53),
(49, 392, 'prix_publique_ttc', '2016-05-31', 22.50, 0.00, 0.00, 18.00, 15.75),
(50, 393, 'prix_publique_ttc', '2016-05-31', 20.50, 0.00, 0.00, 16.40, 14.35),
(51, 394, 'prix_publique_ttc', '2016-05-31', 17.80, 0.00, 0.00, 14.24, 12.46),
(52, 395, 'prix_publique_ttc', '2016-05-31', 17.80, 0.00, 0.00, 14.24, 12.46),
(53, 396, 'prix_publique_ttc', '2016-05-31', 17.80, 0.00, 0.00, 14.24, 12.46),
(54, 397, 'prix_publique_ttc', '2016-05-31', 17.80, 0.00, 0.00, 14.24, 12.46),
(55, 398, 'prix_publique_ttc', '2016-05-31', 17.30, 0.00, 0.00, 13.84, 12.11),
(56, 399, 'prix_publique_ttc', '2016-05-31', 17.30, 0.00, 0.00, 13.84, 12.11),
(57, 403, 'prix_publique_ttc', '2016-05-31', 17.50, 0.00, 0.00, 14.00, 12.25),
(58, 404, 'prix_publique_ttc', '2016-05-31', 17.80, 0.00, 0.00, 14.24, 12.46),
(59, 408, 'prix_publique_ttc', '2016-05-31', 17.60, 0.00, 0.00, 14.08, 12.32),
(60, 409, 'prix_publique_ttc', '2016-05-31', 17.80, 0.00, 0.00, 14.24, 12.46),
(61, 410, 'prix_publique_ttc', '2016-05-31', 18.00, 0.00, 0.00, 14.40, 12.60),
(62, 411, 'prix_publique_ttc', '2016-05-31', 17.80, 0.00, 0.00, 14.24, 12.46),
(63, 400, 'prix_publique_ttc', '2016-06-27', 17.50, 0.00, 0.00, 14.00, 12.25),
(64, 407, 'prix_publique_ttc', '2015-09-01', 17.80, 0.00, 0.00, 14.24, 12.46),
(65, 406, 'prix_publique_ttc', '2016-06-27', 17.80, 0.00, 0.00, 14.24, 12.46),
(66, 405, 'prix_publique_ttc', '2016-06-27', 17.80, 0.00, 0.00, 14.24, 12.46),
(67, 358, 'prix_publique_ttc', '2016-06-28', 19.00, 0.00, 0.00, 15.20, 13.30),
(68, 361, 'prix_publique_ttc', '2016-06-28', 19.00, 0.00, 0.00, 15.20, 13.30),
(69, 362, 'prix_publique_ttc', '2016-06-28', 19.00, 0.00, 0.00, 15.20, 13.30),
(70, 363, 'prix_publique_ttc', '2016-06-28', 19.00, 0.00, 0.00, 15.20, 13.30),
(71, 364, 'prix_publique_ttc', '2016-06-28', 19.00, 0.00, 0.00, 15.20, 13.30),
(72, 365, 'prix_publique_ttc', '2016-06-28', 19.00, 0.00, 0.00, 15.20, 13.30),
(73, 366, 'prix_publique_ttc', '2016-06-28', 21.00, 0.00, 0.00, 16.80, 14.70),
(74, 367, 'prix_publique_ttc', '2016-06-28', 19.00, 0.00, 0.00, 15.20, 13.30),
(75, 369, 'prix_publique_ttc', '2016-06-28', 19.00, 0.00, 0.00, 15.20, 13.30),
(76, 370, 'prix_publique_ttc', '2016-06-28', 19.00, 0.00, 0.00, 15.20, 13.30),
(77, 371, 'prix_publique_ttc', '2016-06-28', 21.00, 0.00, 0.00, 16.80, 14.70),
(78, 372, 'prix_publique_ttc', '2016-06-28', 21.00, 0.00, 0.00, 16.80, 14.70),
(79, 373, 'prix_publique_ttc', '2016-06-28', 22.00, 0.00, 0.00, 17.60, 15.40),
(80, 375, 'prix_publique_ttc', '2016-06-28', 22.00, 0.00, 0.00, 17.60, 15.40),
(81, 377, 'prix_publique_ttc', '2016-06-28', 22.00, 0.00, 0.00, 17.60, 15.40),
(82, 381, 'prix_publique_ttc', '2016-06-28', 21.00, 0.00, 0.00, 16.80, 14.70),
(83, 382, 'prix_publique_ttc', '2016-06-28', 21.00, 0.00, 0.00, 16.80, 14.70),
(84, 383, 'prix_publique_ttc', '2016-06-28', 24.00, 0.00, 0.00, 19.20, 16.80),
(85, 384, 'prix_publique_ttc', '2016-06-28', 24.00, 0.00, 0.00, 19.20, 16.80),
(86, 385, 'prix_publique_ttc', '2016-06-28', 24.00, 0.00, 0.00, 19.20, 16.80),
(87, 386, 'prix_publique_ttc', '2016-06-28', 24.00, 0.00, 0.00, 19.20, 16.80),
(88, 387, 'prix_publique_ttc', '2016-06-28', 19.00, 0.00, 0.00, 15.20, 13.30),
(89, 388, 'prix_publique_ttc', '2016-06-28', 21.00, 0.00, 0.00, 16.80, 14.70),
(90, 389, 'prix_publique_ttc', '2016-06-28', 21.00, 0.00, 0.00, 16.80, 14.70),
(91, 390, 'prix_publique_ttc', '2016-06-28', 24.00, 0.00, 0.00, 19.20, 16.80),
(92, 391, 'prix_publique_ttc', '2016-06-28', 19.00, 0.00, 0.00, 15.20, 13.30),
(93, 392, 'prix_publique_ttc', '2016-06-28', 24.00, 0.00, 0.00, 19.20, 16.80),
(94, 393, 'prix_publique_ttc', '2016-06-28', 24.00, 0.00, 0.00, 19.20, 16.80),
(95, 394, 'prix_publique_ttc', '2016-06-28', 19.00, 0.00, 0.00, 15.20, 13.30),
(96, 395, 'prix_publique_ttc', '2016-06-28', 19.00, 0.00, 0.00, 15.20, 13.30),
(97, 396, 'prix_publique_ttc', '2016-06-28', 19.00, 0.00, 0.00, 15.20, 13.30),
(98, 397, 'prix_publique_ttc', '2016-06-28', 19.00, 0.00, 0.00, 15.20, 13.30),
(99, 398, 'prix_publique_ttc', '2016-06-28', 19.00, 0.00, 0.00, 15.20, 13.30),
(100, 399, 'prix_publique_ttc', '2016-06-28', 22.00, 0.00, 0.00, 17.60, 15.40),
(101, 400, 'prix_publique_ttc', '2016-06-28', 22.00, 0.00, 0.00, 17.60, 15.40),
(102, 403, 'prix_publique_ttc', '2016-06-28', 19.00, 0.00, 0.00, 15.20, 13.30),
(103, 404, 'prix_publique_ttc', '2016-06-28', 19.00, 0.00, 0.00, 15.20, 13.30),
(104, 405, 'prix_publique_ttc', '2016-06-28', 19.00, 0.00, 0.00, 15.20, 13.30),
(105, 406, 'prix_publique_ttc', '2016-06-28', 19.00, 0.00, 0.00, 15.20, 13.30),
(106, 407, 'prix_publique_ttc', '2016-06-28', 19.00, 0.00, 0.00, 15.20, 13.30),
(107, 408, 'prix_publique_ttc', '2016-06-28', 19.00, 0.00, 0.00, 15.20, 13.30),
(108, 409, 'prix_publique_ttc', '2016-06-28', 19.00, 0.00, 0.00, 15.20, 13.30),
(109, 410, 'prix_publique_ttc', '2016-06-28', 19.00, 0.00, 0.00, 15.20, 13.30),
(110, 411, 'prix_publique_ttc', '2016-06-28', 19.00, 0.00, 0.00, 15.20, 13.30),
(111, 363, 'solde072016', '2016-06-28', 15.20, 0.00, 0.00, 0.00, 0.00),
(112, 364, 'solde072016', '2016-06-28', 15.20, 0.00, 0.00, 0.00, 0.00),
(113, 365, 'solde072016', '2016-06-28', 15.20, 0.00, 0.00, 0.00, 0.00),
(114, 367, 'solde072016', '2016-06-28', 15.20, 0.00, 0.00, 0.00, 0.00),
(115, 369, 'solde072016', '2016-06-28', 15.20, 0.00, 0.00, 0.00, 0.00),
(116, 387, 'solde072016', '2016-06-28', 15.20, 0.00, 0.00, 0.00, 0.00),
(117, 391, 'solde072016', '2016-06-28', 15.20, 0.00, 0.00, 0.00, 0.00),
(118, 394, 'solde072016', '2016-06-28', 15.20, 0.00, 0.00, 0.00, 0.00),
(119, 395, 'solde072016', '2016-06-28', 15.20, 0.00, 0.00, 0.00, 0.00),
(120, 396, 'solde072016', '2016-06-28', 15.20, 0.00, 0.00, 0.00, 0.00),
(121, 397, 'solde072016', '2016-06-28', 15.20, 0.00, 0.00, 0.00, 0.00),
(122, 398, 'solde072016', '2016-06-28', 15.20, 0.00, 0.00, 0.00, 0.00),
(123, 403, 'solde072016', '2016-06-28', 15.20, 0.00, 0.00, 0.00, 0.00),
(124, 404, 'solde072016', '2016-06-28', 15.20, 0.00, 0.00, 0.00, 0.00),
(125, 405, 'solde072016', '2016-06-28', 15.20, 0.00, 0.00, 0.00, 0.00),
(126, 406, 'solde072016', '2016-06-28', 15.20, 0.00, 0.00, 0.00, 0.00),
(127, 407, 'solde072016', '2016-06-28', 15.20, 0.00, 0.00, 0.00, 0.00),
(128, 408, 'solde072016', '2016-06-28', 15.20, 0.00, 0.00, 0.00, 0.00),
(129, 409, 'solde072016', '2016-06-28', 15.20, 0.00, 0.00, 0.00, 0.00),
(130, 410, 'solde072016', '2016-06-28', 15.20, 0.00, 0.00, 0.00, 0.00),
(131, 411, 'solde072016', '2016-06-28', 15.20, 0.00, 0.00, 0.00, 0.00),
(132, 363, 'solde072016', '2016-07-01', 9.50, 0.00, 0.00, 0.00, 0.00),
(133, 364, 'solde072016', '2016-07-01', 9.50, 0.00, 0.00, 0.00, 0.00),
(134, 367, 'solde072016', '2016-07-01', 9.50, 0.00, 0.00, 0.00, 0.00),
(135, 369, 'solde072016', '2016-07-01', 9.50, 0.00, 0.00, 0.00, 0.00),
(136, 403, 'solde072016', '2016-07-01', 9.50, 0.00, 0.00, 0.00, 0.00),
(137, 405, 'solde072016', '2016-07-01', 9.50, 0.00, 0.00, 0.00, 0.00),
(138, 406, 'solde072016', '2016-07-01', 9.50, 0.00, 0.00, 0.00, 0.00),
(139, 407, 'solde072016', '2016-07-01', 9.50, 0.00, 0.00, 0.00, 0.00),
(140, 411, 'solde072016', '2016-07-01', 9.50, 0.00, 0.00, 0.00, 0.00),
(141, 359, 'prix_publique_ttc', '2016-07-06', 19.00, 17.10, 16.15, 15.20, 13.30),
(142, 414, 'prix_publique_ttc', '2016-07-12', 24.00, 21.60, 20.40, 19.20, 16.80),
(143, 401, 'prix_publique_ttc', '2016-07-12', 22.00, 19.80, 18.70, 17.60, 15.40),
(144, 376, 'prix_publique_ttc', '2016-07-13', 21.00, 18.90, 17.85, 16.80, 14.70),
(145, 374, 'prix_publique_ttc', '2016-07-14', 21.00, 18.90, 17.85, 16.80, 14.70),
(146, 413, 'prix_publique_ttc', '2016-07-14', 24.00, 21.60, 20.40, 19.20, 16.80),
(147, 443, 'prix_publique_ttc', '2016-09-15', 24.00, 21.60, 20.40, 19.20, 16.80),
(148, 433, 'prix_publique_ttc', '2016-09-16', 24.00, 21.60, 20.40, 19.20, 16.80),
(149, 431, 'prix_publique_ttc', '2016-09-16', 24.00, 21.60, 20.40, 19.20, 16.80),
(150, 430, 'prix_publique_ttc', '2016-09-22', 23.00, 20.70, 19.55, 18.40, 16.10),
(151, 434, 'prix_publique_ttc', '2016-09-22', 23.00, 20.70, 19.55, 18.40, 16.10),
(152, 432, 'prix_publique_ttc', '2016-09-23', 23.00, 20.70, 19.55, 18.40, 16.10),
(153, 439, 'prix_publique_ttc', '2016-09-23', 24.00, 21.60, 20.40, 19.20, 16.80),
(154, 438, 'prix_publique_ttc', '2016-09-23', 24.00, 21.60, 20.40, 19.20, 16.80),
(155, 440, 'prix_publique_ttc', '2016-09-23', 24.00, 21.60, 20.40, 19.20, 16.80),
(156, 442, 'prix_publique_ttc', '2016-09-23', 24.00, 21.60, 20.40, 19.20, 16.80),
(157, 437, 'prix_publique_ttc', '2016-09-25', 24.00, 21.60, 20.40, 19.20, 16.80),
(158, 435, 'prix_publique_ttc', '2016-09-25', 23.00, 20.70, 19.55, 18.40, 16.10),
(159, 441, 'prix_publique_ttc', '2016-09-25', 24.00, 21.60, 20.40, 19.20, 16.80),
(160, 436, 'prix_publique_ttc', '2016-09-25', 22.00, 19.80, 18.70, 17.60, 15.40),
(161, 479, 'prix_publique_ttc', '2016-09-30', 14.90, 13.41, 12.67, 11.92, 10.43),
(162, 469, 'prix_publique_ttc', '2016-09-30', 14.90, 13.41, 12.67, 11.92, 10.43),
(163, 468, 'prix_publique_ttc', '2016-10-01', 14.90, 13.41, 12.67, 11.92, 10.43),
(164, 467, 'prix_publique_ttc', '2016-10-03', 14.90, 13.41, 12.67, 11.92, 10.43),
(165, 466, 'prix_publique_ttc', '2016-10-04', 14.90, 13.41, 12.67, 11.92, 10.43),
(166, 473, 'prix_publique_ttc', '2016-10-07', 14.90, 13.41, 12.67, 11.92, 10.43),
(167, 474, 'prix_publique_ttc', '2016-10-08', 14.90, 13.41, 12.67, 11.92, 10.43),
(168, 476, 'prix_publique_ttc', '2016-10-10', 14.90, 13.41, 12.67, 11.92, 10.43),
(169, 466, 'prix_publique_ttc', '2016-11-03', 10.00, 0.00, 0.00, 0.00, 0.00),
(170, 467, 'prix_publique_ttc', '2016-11-03', 10.00, 0.00, 0.00, 0.00, 0.00),
(171, 468, 'prix_publique_ttc', '2016-11-03', 10.00, 0.00, 0.00, 0.00, 0.00),
(172, 469, 'prix_publique_ttc', '2016-11-03', 10.00, 0.00, 0.00, 0.00, 0.00),
(173, 473, 'prix_publique_ttc', '2016-11-03', 10.00, 0.00, 0.00, 0.00, 0.00),
(174, 474, 'prix_publique_ttc', '2016-11-03', 10.00, 0.00, 0.00, 0.00, 0.00),
(175, 476, 'prix_publique_ttc', '2016-11-03', 10.00, 0.00, 0.00, 0.00, 0.00),
(176, 479, 'prix_publique_ttc', '2016-11-03', 10.00, 0.00, 0.00, 0.00, 0.00),
(177, 430, 'prix_publique_ttc', '2016-11-03', 15.00, 0.00, 0.00, 0.00, 0.00),
(178, 431, 'prix_publique_ttc', '2016-11-03', 15.00, 0.00, 0.00, 0.00, 0.00),
(179, 432, 'prix_publique_ttc', '2016-11-03', 15.00, 0.00, 0.00, 0.00, 0.00),
(180, 433, 'prix_publique_ttc', '2016-11-03', 15.00, 0.00, 0.00, 0.00, 0.00),
(181, 435, 'prix_publique_ttc', '2016-11-03', 15.00, 0.00, 0.00, 0.00, 0.00),
(182, 437, 'prix_publique_ttc', '2016-11-03', 15.00, 0.00, 0.00, 0.00, 0.00),
(183, 438, 'prix_publique_ttc', '2016-11-03', 15.00, 0.00, 0.00, 0.00, 0.00),
(184, 439, 'prix_publique_ttc', '2016-11-03', 15.00, 0.00, 0.00, 0.00, 0.00),
(185, 440, 'prix_publique_ttc', '2016-11-03', 15.00, 0.00, 0.00, 0.00, 0.00),
(186, 441, 'prix_publique_ttc', '2016-11-03', 15.00, 0.00, 0.00, 0.00, 0.00),
(187, 442, 'prix_publique_ttc', '2016-11-03', 15.00, 0.00, 0.00, 0.00, 0.00),
(188, 479, 'prix_publique_ttc', '2016-11-03', 11.00, 0.00, 0.00, 0.00, 0.00),
(189, 434, 'prix_publique_ttc', '2016-11-03', 15.00, 0.00, 0.00, 0.00, 0.00),
(190, 443, 'prix_publique_ttc', '2016-11-03', 15.00, 0.00, 0.00, 0.00, 0.00),
(191, 466, 'prix_publique_ttc', '2016-11-03', 11.00, 0.00, 0.00, 0.00, 0.00),
(192, 467, 'prix_publique_ttc', '2016-11-03', 11.00, 0.00, 0.00, 0.00, 0.00),
(193, 468, 'prix_publique_ttc', '2016-11-03', 11.00, 0.00, 0.00, 0.00, 0.00),
(194, 469, 'prix_publique_ttc', '2016-11-03', 11.00, 0.00, 0.00, 0.00, 0.00),
(195, 473, 'prix_publique_ttc', '2016-11-03', 11.00, 0.00, 0.00, 0.00, 0.00),
(196, 474, 'prix_publique_ttc', '2016-11-03', 11.00, 0.00, 0.00, 0.00, 0.00),
(197, 476, 'prix_publique_ttc', '2016-11-03', 11.00, 0.00, 0.00, 0.00, 0.00),
(198, 358, 'prix_publique_ttc', '2016-11-03', 14.00, 0.00, 0.00, 0.00, 0.00),
(199, 359, 'prix_publique_ttc', '2016-11-03', 14.00, 0.00, 0.00, 0.00, 0.00),
(200, 361, 'prix_publique_ttc', '2016-11-03', 14.00, 0.00, 0.00, 0.00, 0.00),
(201, 362, 'prix_publique_ttc', '2016-11-03', 14.00, 0.00, 0.00, 0.00, 0.00),
(202, 366, 'prix_publique_ttc', '2016-11-03', 14.00, 0.00, 0.00, 0.00, 0.00),
(203, 370, 'prix_publique_ttc', '2016-11-03', 14.00, 0.00, 0.00, 0.00, 0.00),
(204, 371, 'prix_publique_ttc', '2016-11-03', 14.00, 0.00, 0.00, 0.00, 0.00),
(205, 436, 'prix_publique_ttc', '2016-11-03', 14.00, 0.00, 0.00, 0.00, 0.00),
(206, 363, 'prix_publique_ttc', '2016-11-03', 12.00, 0.00, 0.00, 0.00, 0.00),
(207, 364, 'prix_publique_ttc', '2016-11-03', 12.00, 0.00, 0.00, 0.00, 0.00),
(208, 367, 'prix_publique_ttc', '2016-11-03', 13.00, 0.00, 0.00, 0.00, 0.00),
(209, 369, 'prix_publique_ttc', '2016-11-03', 13.00, 0.00, 0.00, 0.00, 0.00),
(210, 403, 'prix_publique_ttc', '2016-11-03', 12.00, 0.00, 0.00, 0.00, 0.00),
(211, 404, 'prix_publique_ttc', '2016-11-03', 12.00, 0.00, 0.00, 0.00, 0.00),
(212, 405, 'prix_publique_ttc', '2016-11-03', 13.00, 0.00, 0.00, 0.00, 0.00),
(213, 406, 'prix_publique_ttc', '2016-11-03', 13.00, 0.00, 0.00, 0.00, 0.00),
(214, 407, 'prix_publique_ttc', '2016-11-03', 13.00, 0.00, 0.00, 0.00, 0.00),
(215, 408, 'prix_publique_ttc', '2016-11-03', 12.00, 0.00, 0.00, 0.00, 0.00),
(216, 409, 'prix_publique_ttc', '2016-11-03', 12.00, 0.00, 0.00, 0.00, 0.00),
(217, 410, 'prix_publique_ttc', '2016-11-03', 12.00, 0.00, 0.00, 0.00, 0.00),
(218, 411, 'prix_publique_ttc', '2016-11-03', 12.00, 0.00, 0.00, 0.00, 0.00),
(219, 372, 'prix_publique_ttc', '2016-11-03', 13.50, 0.00, 0.00, 0.00, 0.00),
(220, 373, 'prix_publique_ttc', '2016-11-03', 13.50, 0.00, 0.00, 0.00, 0.00),
(221, 374, 'prix_publique_ttc', '2016-11-03', 13.50, 0.00, 0.00, 0.00, 0.00),
(222, 375, 'prix_publique_ttc', '2016-11-03', 13.50, 0.00, 0.00, 0.00, 0.00),
(223, 376, 'prix_publique_ttc', '2016-11-03', 13.50, 0.00, 0.00, 0.00, 0.00),
(224, 377, 'prix_publique_ttc', '2016-11-03', 13.50, 0.00, 0.00, 0.00, 0.00),
(225, 381, 'prix_publique_ttc', '2016-11-03', 13.50, 0.00, 0.00, 0.00, 0.00),
(226, 382, 'prix_publique_ttc', '2016-11-03', 13.50, 0.00, 0.00, 0.00, 0.00),
(227, 383, 'prix_publique_ttc', '2016-11-03', 14.00, 0.00, 0.00, 0.00, 0.00),
(228, 384, 'prix_publique_ttc', '2016-11-03', 15.00, 0.00, 0.00, 0.00, 0.00),
(229, 385, 'prix_publique_ttc', '2016-11-03', 15.00, 0.00, 0.00, 0.00, 0.00),
(230, 386, 'prix_publique_ttc', '2016-11-03', 14.00, 0.00, 0.00, 0.00, 0.00),
(231, 387, 'prix_publique_ttc', '2016-11-03', 12.00, 0.00, 0.00, 0.00, 0.00),
(232, 388, 'prix_publique_ttc', '2016-11-03', 14.00, 0.00, 0.00, 0.00, 0.00),
(233, 389, 'prix_publique_ttc', '2016-11-03', 14.00, 0.00, 0.00, 0.00, 0.00),
(234, 390, 'prix_publique_ttc', '2016-11-03', 14.00, 0.00, 0.00, 0.00, 0.00),
(235, 391, 'prix_publique_ttc', '2016-11-03', 12.00, 0.00, 0.00, 0.00, 0.00),
(236, 392, 'prix_publique_ttc', '2016-11-03', 14.00, 0.00, 0.00, 0.00, 0.00),
(237, 393, 'prix_publique_ttc', '2016-11-03', 14.00, 0.00, 0.00, 0.00, 0.00),
(238, 394, 'prix_publique_ttc', '2016-11-03', 12.00, 0.00, 0.00, 0.00, 0.00),
(239, 395, 'prix_publique_ttc', '2016-11-03', 12.00, 0.00, 0.00, 0.00, 0.00),
(240, 396, 'prix_publique_ttc', '2016-11-03', 12.00, 0.00, 0.00, 0.00, 0.00),
(241, 397, 'prix_publique_ttc', '2016-11-03', 12.00, 0.00, 0.00, 0.00, 0.00),
(242, 398, 'prix_publique_ttc', '2016-11-03', 12.00, 0.00, 0.00, 0.00, 0.00),
(243, 399, 'prix_publique_ttc', '2016-11-03', 13.00, 0.00, 0.00, 0.00, 0.00),
(244, 400, 'prix_publique_ttc', '2016-11-03', 13.00, 0.00, 0.00, 0.00, 0.00),
(245, 401, 'prix_publique_ttc', '2016-11-03', 13.00, 0.00, 0.00, 0.00, 0.00),
(246, 383, 'prix_publique_ttc', '2016-11-03', 13.00, 0.00, 0.00, 0.00, 0.00),
(247, 388, 'prix_publique_ttc', '2016-11-03', 13.00, 0.00, 0.00, 0.00, 0.00),
(248, 389, 'prix_publique_ttc', '2016-11-03', 13.00, 0.00, 0.00, 0.00, 0.00),
(249, 390, 'prix_publique_ttc', '2016-11-03', 13.00, 0.00, 0.00, 0.00, 0.00),
(250, 413, 'prix_publique_ttc', '2016-11-03', 13.00, 0.00, 0.00, 0.00, 0.00),
(251, 414, 'prix_publique_ttc', '2016-11-03', 13.00, 0.00, 0.00, 0.00, 0.00),
(252, 516, 'prix_publique_ttc', '2016-11-12', 7.00, 6.30, 5.95, 5.60, 4.90),
(253, 517, 'prix_publique_ttc', '2016-11-12', 7.00, 6.30, 5.95, 5.60, 4.90),
(254, 516, 'prix_publique_ttc', '2016-11-12', 8.00, 0.00, 0.00, 0.00, 0.00),
(255, 517, 'prix_publique_ttc', '2016-11-12', 8.00, 0.00, 0.00, 0.00, 0.00),
(256, 514, 'prix_publique_ttc', '2016-11-15', 7.00, 6.30, 5.95, 5.60, 4.90),
(257, 512, 'prix_publique_ttc', '2016-11-16', 7.00, 6.30, 5.95, 5.60, 4.90),
(258, 513, 'prix_publique_ttc', '2016-11-16', 7.00, 6.30, 5.95, 5.60, 4.90),
(259, 535, 'prix_publique_ttc', '2016-11-20', 12.00, 10.80, 10.20, 9.60, 8.40),
(260, 470, 'prix_publique_ttc', '2016-11-21', 11.00, 9.90, 9.35, 8.80, 7.70),
(261, 478, 'prix_publique_ttc', '2016-11-22', 11.00, 9.90, 9.35, 8.80, 7.70),
(262, 477, 'prix_publique_ttc', '2016-11-22', 11.00, 9.90, 9.35, 8.80, 7.70),
(263, 534, 'prix_publique_ttc', '2016-11-24', 11.00, 9.90, 9.35, 8.80, 7.70),
(264, 536, 'prix_publique_ttc', '2016-12-30', 17.00, 15.30, 14.45, 13.60, 11.90),
(265, 536, 'prix_publique_ttc', '2017-01-01', 25.00, 0.00, 0.00, 0.00, 0.00),
(266, 537, 'prix_publique_ttc', '2017-01-02', 25.00, 22.50, 21.25, 20.00, 17.50);

-- --------------------------------------------------------

--
-- Structure de la table `prix_fabricants`
--

CREATE TABLE `prix_fabricants` (
  `id` int(11) NOT NULL,
  `date_prix` date NOT NULL,
  `reference_id` int(11) NOT NULL,
  `monnaie` tinytext CHARACTER SET utf8 COLLATE utf8_unicode_ci NOT NULL,
  `unite` tinytext CHARACTER SET utf8 COLLATE utf8_unicode_ci NOT NULL,
  `tva` tinytext CHARACTER SET utf8 COLLATE utf8_unicode_ci NOT NULL,
  `prix` decimal(5,2) NOT NULL
) ENGINE=MyISAM DEFAULT CHARSET=utf8;

--
-- Déchargement des données de la table `prix_fabricants`
--

INSERT INTO `prix_fabricants` (`id`, `date_prix`, `reference_id`, `monnaie`, `unite`, `tva`, `prix`) VALUES
(45, '2016-05-07', 377, 'PLN', 'paire', 'ht', 13.10),
(44, '2016-05-07', 373, 'PLN', 'paire', 'ht', 13.40),
(43, '2016-05-07', 382, 'PLN', 'paire', 'ht', 13.50),
(42, '2016-05-07', 383, 'PLN', 'paire', 'ht', 15.30),
(41, '2016-05-07', 371, 'PLN', 'paire', 'ht', 13.50),
(40, '2016-05-07', 364, 'PLN', 'paire', 'ht', 13.60),
(39, '2016-05-07', 363, 'PLN', 'paire', 'ht', 13.40),
(38, '2016-05-07', 362, 'PLN', 'paire', 'ht', 12.90),
(37, '2016-05-07', 361, 'PLN', 'paire', 'ht', 12.90),
(36, '2016-05-06', 366, 'PLN', 'paire', 'ht', 17.80),
(35, '2016-05-05', 358, 'PLN', 'paire', 'ht', 13.10),
(46, '2016-05-07', 386, 'PLN', 'paire', 'ht', 18.80),
(47, '2016-05-07', 375, 'PLN', 'paire', 'ht', 12.80),
(48, '2016-05-07', 384, 'PLN', 'paire', 'ht', 14.90),
(49, '2016-05-07', 385, 'PLN', 'paire', 'ht', 15.30),
(50, '2016-05-07', 381, 'PLN', 'paire', 'ht', 13.50),
(51, '2016-05-07', 372, 'PLN', 'paire', 'ht', 16.80),
(52, '2016-05-07', 370, 'PLN', 'paire', 'ht', 12.90),
(53, '2016-05-07', 365, 'PLN', 'paire', 'ht', 13.10),
(54, '2016-05-07', 367, 'PLN', 'paire', 'ht', 15.70),
(55, '2016-05-07', 369, 'PLN', 'paire', 'ht', 15.70),
(56, '2016-05-07', 387, 'PLN', 'paire', 'ht', 14.30),
(57, '2016-05-07', 388, 'PLN', 'paire', 'ht', 13.90),
(58, '2016-05-07', 389, 'PLN', 'paire', 'ht', 13.90),
(59, '2016-05-07', 390, 'PLN', 'paire', 'ht', 15.30),
(60, '2016-05-08', 391, 'PLN', 'paire', 'ht', 14.00),
(61, '2016-05-08', 392, 'PLN', 'paire', 'ht', 22.50),
(62, '2016-05-08', 393, 'PLN', 'paire', 'ht', 18.90),
(63, '2016-05-08', 394, 'PLN', 'paire', 'ht', 13.90),
(64, '2016-05-08', 395, 'PLN', 'paire', 'ht', 13.90),
(65, '2016-05-08', 396, 'PLN', 'paire', 'ht', 13.90),
(66, '2016-05-08', 397, 'PLN', 'paire', 'ht', 13.90),
(67, '2016-05-08', 398, 'PLN', 'paire', 'ht', 12.90),
(68, '2016-05-08', 399, 'PLN', 'paire', 'ht', 12.90),
(69, '2016-05-08', 402, 'PLN', 'paire', 'ht', 12.90),
(70, '2016-05-08', 403, 'PLN', 'paire', 'ht', 13.40),
(71, '2016-05-08', 404, 'PLN', 'paire', 'ht', 13.80),
(72, '2016-05-08', 405, 'PLN', 'paire', 'ht', 14.70),
(73, '2016-05-08', 406, 'PLN', 'paire', 'ht', 14.70),
(74, '2016-05-08', 407, 'PLN', 'paire', 'ht', 15.30),
(75, '2016-05-08', 408, 'PLN', 'paire', 'ht', 13.60),
(76, '2016-05-08', 409, 'PLN', 'paire', 'ht', 13.90),
(77, '2016-05-08', 410, 'PLN', 'paire', 'ht', 14.20),
(78, '2016-05-08', 411, 'PLN', 'paire', 'ht', 13.80),
(79, '2016-06-06', 379, 'PLN', 'paire', 'ht', 13.90),
(80, '2016-06-06', 376, 'PLN', 'paire', 'ht', 12.90),
(81, '2016-06-07', 414, 'PLN', 'paire', 'ht', 15.30),
(82, '2016-06-07', 413, 'PLN', 'paire', 'ht', 15.30),
(83, '2016-06-07', 400, 'PLN', 'paire', 'ht', 13.50),
(84, '2016-06-07', 401, 'PLN', 'paire', 'ht', 13.50),
(85, '2016-06-07', 359, 'PLN', 'paire', 'ht', 14.80),
(86, '2016-06-07', 374, 'PLN', 'paire', 'ht', 13.70),
(87, '2016-07-07', 416, 'PLN', 'paire', 'ht', 12.50),
(88, '2016-07-07', 417, 'PLN', 'paire', 'ht', 13.00),
(89, '2016-07-07', 418, 'PLN', 'paire', 'ht', 13.00),
(90, '2016-07-07', 419, 'PLN', 'paire', 'ht', 13.00),
(91, '2016-07-07', 420, 'PLN', 'paire', 'ht', 13.00),
(92, '2016-07-07', 421, 'PLN', 'paire', 'ht', 14.00),
(93, '2016-07-07', 422, 'PLN', 'paire', 'ht', 17.00),
(94, '2016-07-07', 423, 'PLN', 'paire', 'ht', 18.00),
(95, '2016-07-07', 424, 'PLN', 'paire', 'ht', 15.50),
(96, '2016-07-07', 426, 'PLN', 'paire', 'ht', 18.70),
(97, '2016-07-07', 425, 'PLN', 'paire', 'ht', 17.00),
(98, '2016-07-07', 427, 'PLN', 'paire', 'ht', 18.70),
(99, '2016-07-07', 428, 'PLN', 'paire', 'ht', 15.00),
(100, '2016-07-07', 429, 'PLN', 'paire', 'ht', 15.00),
(101, '2016-07-25', 360, 'PLN', 'paire', 'ht', 13.90),
(102, '2016-07-25', 415, 'PLN', 'paire', 'ht', 14.90),
(103, '2016-07-26', 430, 'PLN', 'paire', 'ht', 20.00),
(104, '2016-07-26', 431, 'PLN', 'paire', 'ht', 20.00),
(105, '2016-07-26', 432, 'PLN', 'paire', 'ht', 20.00),
(106, '2016-07-26', 433, 'PLN', 'paire', 'ht', 20.00),
(107, '2016-07-26', 434, 'PLN', 'paire', 'ht', 20.00),
(108, '2016-07-26', 435, 'PLN', 'paire', 'ht', 20.00),
(109, '2016-07-26', 436, 'PLN', 'paire', 'ht', 16.00),
(110, '2016-07-26', 442, 'PLN', 'paire', 'ht', 23.50),
(111, '2016-07-26', 440, 'PLN', 'paire', 'ht', 23.50),
(112, '2016-07-26', 437, 'PLN', 'paire', 'ht', 23.50),
(113, '2016-07-26', 443, 'PLN', 'paire', 'ht', 23.50),
(114, '2016-07-26', 441, 'PLN', 'paire', 'ht', 23.50),
(115, '2016-07-26', 439, 'PLN', 'paire', 'ht', 23.50),
(116, '2016-07-26', 438, 'PLN', 'paire', 'ht', 23.50),
(117, '2016-08-08', 465, 'PLN', 'paire', 'ht', 12.50),
(118, '2016-08-08', 464, 'PLN', 'paire', 'ht', 12.50),
(119, '2016-08-08', 463, 'PLN', 'paire', 'ht', 13.75),
(120, '2016-08-08', 444, 'PLN', 'paire', 'ht', 13.75),
(121, '2016-08-08', 445, 'PLN', 'paire', 'ht', 13.75),
(122, '2016-08-08', 462, 'PLN', 'paire', 'ht', 13.75),
(123, '2016-08-08', 461, 'PLN', 'paire', 'ht', 13.75),
(124, '2016-08-08', 449, 'PLN', 'paire', 'ht', 12.50),
(125, '2016-08-08', 454, 'PLN', 'paire', 'ht', 13.75),
(126, '2016-08-08', 455, 'PLN', 'paire', 'ht', 13.75),
(127, '2016-08-08', 456, 'PLN', 'paire', 'ht', 12.50),
(128, '2016-08-08', 466, 'PLN', 'paire', 'ht', 13.50),
(129, '2016-08-08', 467, 'PLN', 'paire', 'ht', 13.50),
(130, '2016-08-08', 468, 'PLN', 'paire', 'ht', 13.50),
(131, '2016-08-08', 469, 'PLN', 'paire', 'ht', 13.50),
(132, '2016-08-08', 470, 'PLN', 'paire', 'ht', 14.00),
(133, '2016-08-08', 471, 'PLN', 'paire', 'ht', 15.00),
(134, '2016-08-08', 472, 'PLN', 'paire', 'ht', 14.00),
(135, '2016-08-08', 473, 'PLN', 'paire', 'ht', 13.70),
(136, '2016-08-08', 474, 'PLN', 'paire', 'ht', 14.00),
(137, '2016-08-08', 475, 'PLN', 'paire', 'ht', 15.00),
(138, '2016-08-08', 476, 'PLN', 'paire', 'ht', 13.50),
(139, '2016-08-08', 477, 'PLN', 'paire', 'ht', 13.50),
(140, '2016-08-08', 478, 'PLN', 'paire', 'ht', 14.30),
(141, '2016-08-08', 479, 'PLN', 'paire', 'ht', 14.00),
(142, '2016-08-08', 480, 'PLN', 'paire', 'ht', 13.50),
(143, '2016-08-14', 482, 'PLN', 'paire', 'ht', 11.87),
(144, '2016-08-14', 483, 'PLN', 'paire', 'ht', 11.62),
(145, '2016-08-14', 484, 'PLN', 'paire', 'ht', 11.62),
(146, '2016-08-14', 485, 'PLN', 'paire', 'ht', 9.37),
(147, '2016-08-14', 486, 'PLN', 'paire', 'ht', 11.62),
(148, '2016-08-14', 487, 'PLN', 'paire', 'ht', 14.12),
(149, '2016-08-15', 488, 'PLN', 'paire', 'ht', 11.87),
(150, '2016-08-15', 489, 'PLN', 'paire', 'ht', 11.62),
(151, '2016-08-15', 490, 'PLN', 'paire', 'ht', 11.62),
(152, '2016-08-15', 491, 'PLN', 'paire', 'ht', 14.12),
(153, '2016-08-15', 492, 'PLN', 'paire', 'ht', 11.62),
(154, '2016-08-15', 493, 'PLN', 'paire', 'ht', 11.50),
(155, '2016-08-15', 494, 'PLN', 'paire', 'ht', 11.50),
(156, '2016-08-15', 495, 'PLN', 'paire', 'ht', 10.75),
(157, '2016-08-15', 496, 'PLN', 'paire', 'ht', 12.00),
(158, '2016-08-15', 497, 'PLN', 'paire', 'ht', 1.70),
(159, '2016-08-15', 460, 'PLN', 'paire', 'ht', 13.75),
(160, '2016-11-03', 527, 'PLN', 'paire', 'ht', 30.00),
(161, '2016-11-03', 528, 'PLN', 'paire', 'ht', 30.00),
(162, '2016-11-03', 529, 'PLN', 'paire', 'ht', 30.00),
(163, '2016-11-03', 530, 'PLN', 'paire', 'ht', 30.00),
(164, '2016-11-03', 532, 'PLN', 'paire', 'ht', 30.00),
(165, '2016-11-03', 533, 'PLN', 'paire', 'ht', 15.00),
(166, '2016-11-03', 534, 'PLN', 'paire', 'ht', 15.00),
(167, '2016-11-03', 531, 'PLN', 'paire', 'ht', 30.00);

-- --------------------------------------------------------

--
-- Structure de la table `stock`
--

CREATE TABLE `stock` (
  `id` int(11) NOT NULL,
  `operation_informatique_id` int(20) NOT NULL,
  `document_source` tinytext CHARACTER SET utf8 COLLATE utf8_unicode_ci NOT NULL,
  `date_operation` datetime NOT NULL,
  `stock_nom` tinytext CHARACTER SET utf8 COLLATE utf8_unicode_ci NOT NULL,
  `operation_direction` tinytext CHARACTER SET utf8 COLLATE utf8_unicode_ci NOT NULL,
  `operation_description` tinytext CHARACTER SET utf8 COLLATE utf8_unicode_ci NOT NULL,
  `reference_id` int(11) NOT NULL,
  `quantite_taille_17` int(11) NOT NULL DEFAULT '0',
  `quantite_taille_18` int(11) NOT NULL DEFAULT '0',
  `quantite_taille_19` int(11) NOT NULL DEFAULT '0',
  `quantite_taille_20` int(11) NOT NULL DEFAULT '0',
  `quantite_taille_21` int(11) NOT NULL DEFAULT '0',
  `quantite_taille_22` int(11) NOT NULL DEFAULT '0',
  `quantite_taille_23` int(11) NOT NULL DEFAULT '0',
  `quantite_taille_24` int(11) NOT NULL DEFAULT '0',
  `quantite_taille_25` int(11) NOT NULL DEFAULT '0',
  `quantite_taille_26` int(11) NOT NULL DEFAULT '0',
  `quantite_taille_27` int(11) NOT NULL DEFAULT '0',
  `quantite_taille_28` int(11) NOT NULL DEFAULT '0',
  `quantite_taille_29` int(11) NOT NULL DEFAULT '0',
  `quantite_taille_30` int(11) NOT NULL DEFAULT '0',
  `quantite_taille_31` int(11) NOT NULL DEFAULT '0',
  `quantite_taille_32` int(11) NOT NULL DEFAULT '0',
  `quantite_taille_33` int(11) NOT NULL DEFAULT '0',
  `quantite_taille_34` int(11) NOT NULL DEFAULT '0',
  `quantite_taille_35` int(11) NOT NULL DEFAULT '0',
  `quantite_taille_36` int(11) NOT NULL DEFAULT '0',
  `quantite_taille_37` int(11) NOT NULL DEFAULT '0',
  `quantite_taille_38` int(11) NOT NULL DEFAULT '0',
  `quantite_taille_39` int(11) NOT NULL DEFAULT '0',
  `quantite_taille_40` int(11) NOT NULL DEFAULT '0',
  `quantite_taille_41` int(11) NOT NULL DEFAULT '0',
  `quantite_taille_42` int(11) NOT NULL DEFAULT '0',
  `quantite_taille_43` int(11) NOT NULL DEFAULT '0',
  `reservation_jusquau` datetime NOT NULL,
  `reservation_identification` tinytext CHARACTER SET utf8 COLLATE utf8_unicode_ci NOT NULL
) ENGINE=MyISAM DEFAULT CHARSET=utf8;

--
-- Déchargement des données de la table `stock`
--

INSERT INTO `stock` (`id`, `operation_informatique_id`, `document_source`, `date_operation`, `stock_nom`, `operation_direction`, `operation_description`, `reference_id`, `quantite_taille_17`, `quantite_taille_18`, `quantite_taille_19`, `quantite_taille_20`, `quantite_taille_21`, `quantite_taille_22`, `quantite_taille_23`, `quantite_taille_24`, `quantite_taille_25`, `quantite_taille_26`, `quantite_taille_27`, `quantite_taille_28`, `quantite_taille_29`, `quantite_taille_30`, `quantite_taille_31`, `quantite_taille_32`, `quantite_taille_33`, `quantite_taille_34`, `quantite_taille_35`, `quantite_taille_36`, `quantite_taille_37`, `quantite_taille_38`, `quantite_taille_39`, `quantite_taille_40`, `quantite_taille_41`, `quantite_taille_42`, `quantite_taille_43`, `reservation_jusquau`, `reservation_identification`) VALUES
(2, 0, '', '2016-05-01 00:00:00', 'Rouen', 'plus', 'achat', 178, 0, 0, 0, 1, 0, 1, 1, 0, 1, 0, 0, 0, 0, 0, 0, 0, 0, 0, 0, 0, 0, 0, 0, 0, 0, 0, 0, '0000-00-00 00:00:00', ''),
(42, 0, '', '2016-05-25 00:00:00', 'Rouen', 'plus', 'achat', 369, 0, 0, 0, 0, 0, 0, 0, 0, 0, 0, 1, 0, 0, 0, 0, 0, 0, 0, 0, 0, 0, 0, 0, 0, 0, 0, 0, '0000-00-00 00:00:00', ''),
(40, 0, '', '2016-05-25 00:00:00', 'Rouen', 'plus', 'achat', 411, 0, 0, 0, 0, 0, 0, 0, 0, 1, 0, 0, 0, 0, 0, 0, 0, 0, 0, 0, 0, 0, 0, 0, 0, 0, 0, 0, '0000-00-00 00:00:00', ''),
(41, 0, '', '2016-05-25 00:00:00', 'Rouen', 'plus', 'achat', 367, 0, 0, 0, 0, 0, 0, 0, 0, 0, 1, 0, 0, 0, 0, 0, 0, 0, 0, 0, 0, 0, 0, 0, 0, 0, 0, 0, '0000-00-00 00:00:00', ''),
(39, 0, '', '2016-05-25 00:00:00', 'Rouen', 'plus', 'achat', 399, 0, 0, 0, 0, 0, 0, 0, 0, 0, 0, 0, 0, 1, 0, 0, 0, 0, 0, 0, 0, 0, 0, 0, 0, 0, 0, 0, '0000-00-00 00:00:00', ''),
(37, 0, '', '2016-05-25 00:00:00', 'Rouen', 'plus', 'achat', 410, 0, 0, 0, 0, 0, 1, 0, 0, 0, 0, 0, 0, 0, 0, 0, 0, 0, 0, 0, 0, 0, 0, 0, 0, 0, 0, 0, '0000-00-00 00:00:00', ''),
(38, 0, '', '2016-05-25 00:00:00', 'Rouen', 'plus', 'achat', 404, 0, 0, 0, 1, 1, 0, 0, 0, 0, 0, 0, 0, 0, 0, 0, 0, 0, 0, 0, 0, 0, 0, 0, 0, 0, 0, 0, '0000-00-00 00:00:00', ''),
(36, 0, '', '2016-05-25 00:00:00', 'Rouen', 'plus', 'achat', 366, 0, 0, 0, 0, 0, 1, 0, 0, 0, 0, 0, 0, 0, 0, 0, 0, 0, 0, 0, 0, 0, 0, 0, 0, 0, 0, 0, '0000-00-00 00:00:00', ''),
(35, 0, '', '2016-05-25 00:00:00', 'Rouen', 'plus', 'achat', 381, 0, 0, 0, 0, 0, 0, 0, 0, 0, 0, 0, 1, 0, 0, 0, 0, 0, 0, 0, 0, 0, 0, 0, 0, 0, 0, 0, '0000-00-00 00:00:00', ''),
(34, 0, '', '2016-05-25 00:00:00', 'Rouen', 'plus', 'achat', 375, 0, 0, 0, 0, 0, 0, 0, 0, 0, 0, 0, 0, 0, 0, 0, 0, 0, 0, 0, 1, 0, 0, 0, 0, 0, 0, 0, '0000-00-00 00:00:00', ''),
(32, 0, '', '2016-05-25 00:00:00', 'Rouen', 'plus', 'achat', 396, 0, 0, 0, 0, 0, 0, 0, 0, 0, 0, 0, 0, 0, 0, 0, 1, 0, 0, 0, 0, 0, 0, 0, 0, 0, 0, 0, '0000-00-00 00:00:00', ''),
(33, 0, '', '2016-05-25 00:00:00', 'Rouen', 'plus', 'achat', 371, 0, 0, 0, 0, 0, 0, 0, 0, 0, 1, 1, 0, 0, 0, 0, 0, 0, 0, 0, 0, 0, 0, 0, 0, 0, 0, 0, '0000-00-00 00:00:00', ''),
(31, 0, '', '2016-05-25 00:00:00', 'Rouen', 'plus', 'achat', 395, 0, 0, 0, 0, 0, 0, 0, 0, 0, 0, 0, 0, 0, 0, 0, 0, 1, 0, 0, 0, 0, 0, 0, 0, 0, 0, 0, '0000-00-00 00:00:00', ''),
(29, 0, '', '2016-05-25 00:00:00', 'Rouen', 'plus', 'achat', 387, 0, 0, 0, 0, 0, 0, 0, 0, 0, 1, 0, 0, 0, 0, 0, 0, 0, 0, 0, 0, 0, 0, 0, 0, 0, 0, 0, '0000-00-00 00:00:00', ''),
(30, 0, '', '2016-05-25 00:00:00', 'Rouen', 'plus', 'achat', 394, 0, 0, 0, 0, 0, 0, 0, 0, 0, 0, 0, 0, 0, 0, 0, 0, 0, 1, 0, 0, 0, 0, 0, 0, 0, 0, 0, '0000-00-00 00:00:00', ''),
(28, 0, '', '2016-05-25 00:00:00', 'Rouen', 'plus', 'achat', 389, 0, 0, 0, 0, 0, 0, 0, 0, 0, 0, 0, 0, 0, 1, 1, 1, 0, 0, 0, 0, 0, 0, 0, 0, 0, 0, 0, '0000-00-00 00:00:00', ''),
(26, 0, '', '2016-05-25 00:00:00', 'Rouen', 'plus', 'achat', 358, 0, 0, 0, 0, 0, 0, 0, 0, 1, 0, 0, 0, 0, 0, 0, 0, 0, 0, 0, 0, 0, 0, 0, 0, 0, 0, 0, '0000-00-00 00:00:00', ''),
(27, 0, '', '2016-05-25 00:00:00', 'Rouen', 'plus', 'achat', 388, 0, 0, 0, 0, 0, 0, 0, 0, 0, 0, 1, 1, 1, 0, 0, 0, 0, 0, 0, 0, 0, 0, 0, 0, 0, 0, 0, '0000-00-00 00:00:00', ''),
(43, 0, '', '2016-05-25 00:00:00', 'Rouen', 'plus', 'achat', 398, 0, 0, 0, 0, 0, 0, 0, 0, 0, 0, 0, 0, 0, 1, 0, 0, 0, 0, 0, 0, 0, 0, 0, 0, 0, 0, 0, '0000-00-00 00:00:00', ''),
(44, 0, '', '2016-05-25 00:00:00', 'Rouen', 'plus', 'achat', 397, 0, 0, 0, 0, 0, 0, 0, 0, 0, 0, 0, 0, 0, 0, 1, 0, 0, 0, 0, 0, 0, 0, 0, 0, 0, 0, 0, '0000-00-00 00:00:00', ''),
(45, 0, '', '2016-05-25 00:00:00', 'Rouen', 'plus', 'achat', 361, 0, 1, 1, 0, 0, 0, 0, 0, 0, 0, 0, 0, 0, 0, 0, 0, 0, 0, 0, 0, 0, 0, 0, 0, 0, 0, 0, '0000-00-00 00:00:00', ''),
(46, 0, '', '2016-05-25 00:00:00', 'Rouen', 'plus', 'achat', 362, 0, 0, 0, 1, 1, 0, 0, 0, 0, 0, 0, 0, 0, 0, 0, 0, 0, 0, 0, 0, 0, 0, 0, 0, 0, 0, 0, '0000-00-00 00:00:00', ''),
(47, 0, '', '2016-05-25 00:00:00', 'Rouen', 'plus', 'achat', 372, 0, 0, 0, 0, 0, 0, 0, 0, 0, 0, 0, 0, 1, 0, 0, 0, 0, 0, 0, 0, 0, 0, 0, 0, 0, 0, 0, '0000-00-00 00:00:00', ''),
(48, 0, '', '2016-05-25 00:00:00', 'Rouen', 'plus', 'achat', 382, 0, 0, 0, 0, 0, 0, 0, 0, 0, 0, 0, 0, 0, 1, 1, 0, 0, 0, 0, 0, 0, 0, 0, 0, 0, 0, 0, '0000-00-00 00:00:00', ''),
(49, 0, '', '2016-05-25 00:00:00', 'Rouen', 'plus', 'achat', 391, 0, 0, 0, 0, 0, 0, 0, 0, 0, 1, 1, 1, 0, 0, 0, 0, 0, 0, 0, 0, 0, 0, 0, 0, 0, 0, 0, '0000-00-00 00:00:00', ''),
(50, 0, '', '2016-05-25 00:00:00', 'Rouen', 'plus', 'achat', 373, 0, 0, 0, 0, 0, 0, 0, 0, 0, 0, 0, 0, 0, 0, 0, 0, 0, 0, 1, 0, 0, 0, 0, 0, 0, 0, 0, '0000-00-00 00:00:00', ''),
(51, 0, '', '2016-05-25 00:00:00', 'Rouen', 'plus', 'achat', 377, 0, 0, 0, 0, 0, 0, 0, 0, 0, 0, 0, 0, 0, 0, 0, 1, 1, 0, 0, 0, 0, 0, 0, 0, 0, 0, 0, '0000-00-00 00:00:00', ''),
(52, 0, '', '2016-05-25 00:00:00', 'Rouen', 'plus', 'achat', 364, 0, 0, 0, 0, 0, 0, 0, 1, 1, 0, 0, 0, 0, 0, 0, 0, 0, 0, 0, 0, 0, 0, 0, 0, 0, 0, 0, '0000-00-00 00:00:00', ''),
(53, 0, '', '2016-05-25 00:00:00', 'Rouen', 'plus', 'achat', 363, 0, 0, 0, 0, 0, 1, 1, 0, 0, 0, 0, 0, 0, 0, 0, 0, 0, 0, 0, 0, 0, 0, 0, 0, 0, 0, 0, '0000-00-00 00:00:00', ''),
(54, 0, '', '2016-05-25 00:00:00', 'Rouen', 'plus', 'achat', 403, 0, 0, 1, 1, 0, 0, 0, 0, 0, 0, 0, 0, 0, 0, 0, 0, 0, 0, 0, 0, 0, 0, 0, 0, 0, 0, 0, '0000-00-00 00:00:00', ''),
(55, 0, '', '2016-05-25 00:00:00', 'Rouen', 'plus', 'achat', 370, 0, 0, 0, 0, 0, 0, 0, 1, 0, 0, 0, 0, 0, 0, 0, 0, 0, 0, 0, 0, 0, 0, 0, 0, 0, 0, 0, '0000-00-00 00:00:00', ''),
(56, 0, '', '2016-05-25 00:00:00', 'Rouen', 'plus', 'achat', 384, 0, 0, 0, 0, 0, 0, 0, 0, 0, 0, 0, 0, 0, 1, 0, 0, 0, 0, 0, 0, 0, 0, 0, 0, 0, 0, 0, '0000-00-00 00:00:00', ''),
(57, 0, '', '2016-05-25 00:00:00', 'Rouen', 'plus', 'achat', 386, 0, 0, 0, 0, 0, 0, 0, 0, 0, 0, 0, 0, 0, 0, 0, 0, 0, 0, 1, 1, 0, 0, 0, 0, 0, 0, 0, '0000-00-00 00:00:00', ''),
(58, 0, '', '2016-05-25 00:00:00', 'Rouen', 'plus', 'achat', 385, 0, 0, 0, 0, 0, 0, 0, 0, 0, 0, 0, 0, 0, 0, 0, 0, 1, 1, 0, 0, 0, 0, 0, 0, 0, 0, 0, '0000-00-00 00:00:00', ''),
(59, 0, '', '2016-05-25 00:00:00', 'Rouen', 'plus', 'achat', 383, 0, 0, 0, 0, 0, 0, 0, 0, 0, 0, 0, 1, 1, 0, 0, 0, 0, 0, 0, 0, 0, 0, 0, 0, 0, 0, 0, '0000-00-00 00:00:00', ''),
(60, 0, '', '2016-05-25 00:00:00', 'Rouen', 'plus', 'achat', 390, 0, 0, 0, 0, 0, 0, 0, 0, 0, 0, 0, 0, 0, 0, 0, 0, 1, 1, 1, 1, 0, 0, 0, 0, 0, 0, 0, '0000-00-00 00:00:00', ''),
(61, 0, '', '2016-05-25 00:00:00', 'Rouen', 'plus', 'achat', 392, 0, 0, 0, 0, 0, 0, 0, 0, 0, 0, 0, 0, 0, 0, 0, 0, 0, 0, 0, 1, 0, 0, 0, 0, 0, 0, 0, '0000-00-00 00:00:00', ''),
(62, 0, '', '2016-05-25 00:00:00', 'Rouen', 'plus', 'achat', 393, 0, 0, 0, 0, 0, 0, 0, 0, 0, 0, 0, 0, 0, 0, 0, 0, 0, 0, 1, 0, 0, 0, 0, 0, 0, 0, 0, '0000-00-00 00:00:00', ''),
(63, 0, '', '2016-05-25 00:00:00', 'Rouen', 'plus', 'achat', 408, 0, 0, 0, 0, 0, 0, 1, 1, 0, 0, 0, 0, 0, 0, 0, 0, 0, 0, 0, 0, 0, 0, 0, 0, 0, 0, 0, '0000-00-00 00:00:00', ''),
(64, 0, '', '2016-05-25 00:00:00', 'Rouen', 'plus', 'achat', 409, 0, 0, 0, 0, 0, 0, 0, 1, 1, 0, 0, 0, 0, 0, 0, 0, 0, 0, 0, 0, 0, 0, 0, 0, 0, 0, 0, '0000-00-00 00:00:00', ''),
(65, 0, '', '2016-05-25 00:00:00', 'Rouen', 'plus', 'achat', 365, 0, 0, 0, 0, 0, 0, 1, 0, 0, 0, 0, 0, 0, 0, 0, 0, 0, 0, 0, 0, 0, 0, 0, 0, 0, 0, 0, '0000-00-00 00:00:00', ''),
(161, 0, '', '2016-07-27 00:00:00', 'Rouen', 'plus', 'achat', 426, 0, 0, 0, 0, 0, 0, 0, 0, 1, 1, 1, 0, 0, 0, 1, 1, 1, 1, 1, 1, 0, 0, 0, 0, 0, 0, 0, '0000-00-00 00:00:00', ''),
(160, 0, '', '2016-07-27 00:00:00', 'Rouen', 'plus', 'achat', 422, 0, 0, 0, 0, 0, 0, 0, 0, 1, 1, 1, 1, 1, 1, 1, 1, 1, 1, 1, 1, 0, 0, 0, 0, 0, 0, 0, '0000-00-00 00:00:00', ''),
(159, 0, '', '2016-07-27 00:00:00', 'Rouen', 'plus', 'achat', 421, 0, 0, 0, 0, 0, 0, 0, 0, 1, 1, 1, 1, 1, 1, 1, 1, 1, 1, 0, 0, 0, 0, 0, 0, 0, 0, 0, '0000-00-00 00:00:00', ''),
(71, 0, '', '2016-06-04 18:36:48', 'Rouen', 'moins', 'vente', 361, 0, -1, 0, 0, 0, 0, 0, 0, 0, 0, 0, 0, 0, 0, 0, 0, 0, 0, 0, 0, 0, 0, 0, 0, 0, 0, 0, '0000-00-00 00:00:00', ''),
(72, 0, '', '2016-06-04 20:55:22', 'Rouen', 'moins', 'vente', 371, 0, 0, 0, 0, 0, 0, 0, 0, 0, -1, 0, 0, 0, 0, 0, 0, 0, 0, 0, 0, 0, 0, 0, 0, 0, 0, 0, '0000-00-00 00:00:00', ''),
(73, 0, '', '2016-06-04 20:57:59', 'Rouen', 'moins', 'vente', 373, 0, 0, 0, 0, 0, 0, 0, 0, 0, 0, 0, 0, 0, 0, 0, 0, 0, 0, -1, 0, 0, 0, 0, 0, 0, 0, 0, '0000-00-00 00:00:00', ''),
(75, 0, '', '2016-06-04 21:09:55', 'Rouen', 'moins', 'vente', 399, 0, 0, 0, 0, 0, 0, 0, 0, 0, 0, 0, 0, -1, 0, 0, 0, 0, 0, 0, 0, 0, 0, 0, 0, 0, 0, 0, '0000-00-00 00:00:00', ''),
(158, 0, '', '2016-07-27 00:00:00', 'Rouen', 'plus', 'achat', 420, 0, 0, 0, 0, 0, 0, 0, 0, 0, 0, 0, 0, 0, 0, 0, 0, 0, 0, 0, 0, 0, 1, 1, 1, 1, 0, 0, '0000-00-00 00:00:00', ''),
(156, 0, '', '2016-07-27 00:00:00', 'Rouen', 'plus', 'achat', 417, 0, 0, 0, 0, 0, 0, 0, 0, 0, 0, 0, 0, 0, 0, 0, 0, 0, 0, 0, 0, 0, 0, 0, 1, 1, 0, 0, '0000-00-00 00:00:00', ''),
(157, 0, '', '2016-07-27 00:00:00', 'Rouen', 'plus', 'achat', 427, 0, 0, 0, 0, 0, 0, 0, 0, 1, 1, 1, 1, 1, 1, 1, 1, 1, 1, 1, 1, 0, 0, 0, 0, 0, 0, 0, '0000-00-00 00:00:00', ''),
(155, 0, '', '2016-07-27 00:00:00', 'Rouen', 'plus', 'achat', 416, 0, 0, 0, 0, 0, 0, 0, 0, 0, 0, 0, 0, 0, 0, 0, 0, 0, 0, 0, 0, 0, 1, 1, 0, 1, 0, 0, '0000-00-00 00:00:00', ''),
(153, 0, '', '2016-07-24 11:57:55', 'Rouen', 'moins', 'vente', 361, 0, 0, -1, 0, 0, 0, 0, 0, 0, 0, 0, 0, 0, 0, 0, 0, 0, 0, 0, 0, 0, 0, 0, 0, 0, 0, 0, '0000-00-00 00:00:00', ''),
(154, 0, '', '2016-07-25 11:58:46', 'Rouen', 'moins', 'vente', 382, 0, 0, 0, 0, 0, 0, 0, 0, 0, 0, 0, 0, 0, -1, 0, 0, 0, 0, 0, 0, 0, 0, 0, 0, 0, 0, 0, '0000-00-00 00:00:00', ''),
(152, 0, '', '2016-07-24 11:55:33', 'Rouen', 'moins', 'vente', 359, 0, -1, 0, 0, 0, 0, 0, 0, 0, 0, 0, 0, 0, 0, 0, 0, 0, 0, 0, 0, 0, 0, 0, 0, 0, 0, 0, '0000-00-00 00:00:00', ''),
(150, 0, '', '2016-07-14 00:00:00', 'Rouen', 'plus', 'achat', 411, 0, 0, 0, 1, 0, 0, 1, 0, 0, 0, 0, 0, 0, 0, 0, 0, 0, 0, 0, 0, 0, 0, 0, 0, 0, 0, 0, '0000-00-00 00:00:00', ''),
(151, 0, '', '2016-07-21 10:38:18', 'Rouen', 'moins', 'vente', 364, 0, 0, 0, 0, 0, 0, 0, -1, 0, 0, 0, 0, 0, 0, 0, 0, 0, 0, 0, 0, 0, 0, 0, 0, 0, 0, 0, '0000-00-00 00:00:00', ''),
(149, 0, '', '2016-07-14 00:00:00', 'Rouen', 'plus', 'achat', 413, 0, 0, 0, 0, 0, 0, 0, 0, 0, 0, 0, 1, 1, 1, 0, 0, 0, 0, 0, 0, 0, 0, 0, 0, 0, 0, 0, '0000-00-00 00:00:00', ''),
(100, 0, '', '2016-06-23 00:00:00', 'Rouen', 'plus', 'achat', 385, 0, 0, 0, 0, 0, 0, 0, 0, 0, 1, 1, 1, 1, 1, 0, 0, 1, 1, 1, 1, 0, 0, 0, 0, 0, 0, 0, '0000-00-00 00:00:00', ''),
(147, 0, '', '2016-07-13 00:00:00', 'Rouen', 'plus', 'achat', 376, 0, 0, 0, 0, 0, 0, 0, 0, 0, 0, 0, 0, 0, 0, 0, 0, 0, 0, 1, 0, 0, 0, 0, 0, 0, 0, 0, '0000-00-00 00:00:00', ''),
(148, 0, '', '2016-07-14 00:00:00', 'Rouen', 'plus', 'achat', 374, 0, 0, 0, 0, 0, 0, 0, 0, 0, 0, 0, 0, 0, 0, 0, 0, 1, 0, 0, 0, 0, 0, 0, 0, 0, 0, 0, '0000-00-00 00:00:00', ''),
(146, 0, '', '2016-07-12 00:00:00', 'Rouen', 'plus', 'achat', 401, 0, 0, 0, 0, 0, 0, 0, 0, 0, 0, 0, 0, 0, 0, 0, 1, 0, 0, 0, 0, 0, 0, 0, 0, 0, 0, 0, '0000-00-00 00:00:00', ''),
(144, 0, '', '2016-07-12 11:34:59', 'Rouen', 'moins', 'vente', 361, 0, 0, 0, 0, 0, 0, 0, 0, 0, -1, 0, 0, 0, 0, 0, 0, 0, 0, 0, 0, 0, 0, 0, 0, 0, 0, 0, '0000-00-00 00:00:00', ''),
(145, 0, '', '2016-07-12 00:00:00', 'Rouen', 'plus', 'achat', 414, 0, 0, 0, 0, 0, 0, 0, 0, 0, 1, 1, 0, 0, 0, 0, 0, 0, 0, 0, 0, 0, 0, 0, 0, 0, 0, 0, '0000-00-00 00:00:00', ''),
(143, 0, '', '2016-07-06 00:00:00', 'Rouen', 'plus', 'achat', 359, 0, 1, 0, 0, 0, 0, 0, 0, 0, 0, 0, 0, 0, 0, 0, 0, 0, 0, 0, 0, 0, 0, 0, 0, 0, 0, 0, '0000-00-00 00:00:00', ''),
(99, 0, '', '2016-06-23 13:15:06', 'Rouen', 'moins', 'vente', 384, 0, 0, 0, 0, 0, 0, 0, 0, 0, 0, -1, 0, 0, 0, 0, 0, 0, 0, 0, 0, 0, 0, 0, 0, 0, 0, 0, '0000-00-00 00:00:00', ''),
(97, 0, '', '2016-06-23 00:00:00', 'Rouen', 'plus', 'achat', 384, 0, 0, 0, 0, 0, 0, 0, 0, 0, 4, 2, 0, 2, 2, 0, 0, 0, 0, 0, 0, 0, 0, 0, 0, 0, 0, 0, '0000-00-00 00:00:00', ''),
(98, 0, '', '2016-06-23 13:13:27', 'Rouen', 'moins', 'vente', 384, 0, 0, 0, 0, 0, 0, 0, 0, 0, -1, 0, 0, 0, 0, 0, 0, 0, 0, 0, 0, 0, 0, 0, 0, 0, 0, 0, '0000-00-00 00:00:00', ''),
(141, 0, '', '2016-06-28 00:00:00', 'Rouen', 'plus', 'achat', 405, 0, 1, 0, 0, 0, 1, 0, 0, 2, 0, 0, 0, 0, 0, 0, 0, 0, 0, 0, 0, 0, 0, 0, 0, 0, 0, 0, '0000-00-00 00:00:00', ''),
(142, 0, '', '2016-06-28 00:00:00', 'Rouen', 'plus', 'achat', 406, 0, 1, 1, 0, 1, 0, 0, 0, 0, 0, 0, 0, 0, 0, 0, 0, 0, 0, 0, 0, 0, 0, 0, 0, 0, 0, 0, '0000-00-00 00:00:00', ''),
(101, 0, '', '2016-06-23 13:30:29', 'Rouen', 'moins', 'vente', 385, 0, 0, 0, 0, 0, 0, 0, 0, 0, -1, 0, 0, 0, 0, 0, 0, 0, 0, 0, 0, 0, 0, 0, 0, 0, 0, 0, '0000-00-00 00:00:00', ''),
(102, 0, '', '2016-06-23 00:00:00', 'Rouen', 'plus', 'achat', 383, 0, 0, 0, 0, 0, 0, 0, 0, 0, 1, 1, 0, 0, 1, 0, 0, 0, 0, 0, 0, 0, 0, 0, 0, 0, 0, 0, '0000-00-00 00:00:00', ''),
(103, 0, '', '2016-06-23 00:00:00', 'Rouen', 'plus', 'achat', 382, 0, 0, 0, 0, 0, 0, 0, 0, 0, 0, 0, 0, 0, 0, 0, 1, 0, 0, 0, 1, 0, 0, 0, 0, 0, 0, 0, '0000-00-00 00:00:00', ''),
(104, 0, '', '2016-06-23 00:00:00', 'Rouen', 'plus', 'achat', 381, 0, 0, 0, 0, 0, 0, 0, 0, 0, 0, 0, 0, 0, 0, 1, 0, 1, 0, 1, 0, 0, 0, 0, 0, 0, 0, 0, '0000-00-00 00:00:00', ''),
(105, 0, '', '2016-06-23 00:00:00', 'Rouen', 'plus', 'achat', 387, 0, 0, 0, 0, 0, 0, 0, 0, 0, 0, 0, 0, 0, 0, 0, 0, 0, 1, 0, 0, 0, 0, 0, 0, 0, 0, 0, '0000-00-00 00:00:00', ''),
(106, 0, '', '2016-06-23 00:00:00', 'Rouen', 'plus', 'achat', 408, 0, 0, 0, 0, 0, 0, 0, 0, 0, 0, 1, 1, 0, 0, 0, 0, 0, 0, 0, 0, 0, 0, 0, 0, 0, 0, 0, '0000-00-00 00:00:00', ''),
(107, 0, '', '2016-06-23 00:00:00', 'Rouen', 'plus', 'achat', 403, 0, 0, 0, 0, 0, 1, 0, 0, 0, 0, 0, 0, 0, 0, 0, 0, 0, 0, 0, 0, 0, 0, 0, 0, 0, 0, 0, '0000-00-00 00:00:00', ''),
(108, 0, '', '2016-06-23 00:00:00', 'Rouen', 'plus', 'achat', 364, 0, 0, 1, 1, 0, 1, 0, 0, 0, 0, 0, 0, 0, 0, 0, 0, 0, 0, 0, 0, 0, 0, 0, 0, 0, 0, 0, '0000-00-00 00:00:00', ''),
(109, 0, '', '2016-06-23 00:00:00', 'Rouen', 'plus', 'achat', 399, 0, 0, 0, 0, 0, 0, 0, 0, 0, 0, 0, 0, 0, 0, 1, 1, 1, 1, 1, 1, 0, 0, 0, 0, 0, 0, 0, '0000-00-00 00:00:00', ''),
(110, 0, '', '2016-06-23 00:00:00', 'Rouen', 'plus', 'achat', 409, 0, 0, 0, 0, 0, 0, 0, 0, 0, 1, 0, 0, 1, 1, 0, 0, 0, 0, 0, 0, 0, 0, 0, 0, 0, 0, 0, '0000-00-00 00:00:00', ''),
(111, 0, '', '2016-06-23 00:00:00', 'Rouen', 'plus', 'achat', 377, 0, 0, 0, 0, 0, 0, 0, 0, 0, 1, 0, 1, 0, 0, 0, 0, 0, 0, 0, 1, 0, 0, 0, 0, 0, 0, 0, '0000-00-00 00:00:00', ''),
(112, 0, '', '2016-06-23 00:00:00', 'Rouen', 'plus', 'achat', 373, 0, 0, 0, 0, 0, 0, 0, 0, 0, 1, 2, 0, 0, 0, 1, 1, 0, 0, 0, 0, 0, 0, 0, 0, 0, 0, 0, '0000-00-00 00:00:00', ''),
(113, 0, '', '2016-06-23 00:00:00', 'Rouen', 'plus', 'achat', 362, 0, 1, 1, 0, 0, 1, 1, 1, 1, 1, 1, 0, 0, 0, 0, 0, 0, 0, 0, 0, 0, 0, 0, 0, 0, 0, 0, '0000-00-00 00:00:00', ''),
(114, 0, '', '2016-06-23 00:00:00', 'Rouen', 'plus', 'achat', 361, 0, 2, 1, 1, 1, 1, 1, 1, 1, 1, 1, 0, 0, 0, 0, 0, 0, 0, 0, 0, 0, 0, 0, 0, 0, 0, 0, '0000-00-00 00:00:00', ''),
(115, 0, '', '2016-06-23 00:00:00', 'Rouen', 'plus', 'achat', 358, 0, 1, 0, 0, 0, 0, 0, 0, 0, 0, 0, 0, 0, 0, 0, 0, 0, 0, 0, 0, 0, 0, 0, 0, 0, 0, 0, '0000-00-00 00:00:00', ''),
(116, 0, '', '2016-06-23 00:00:00', 'Rouen', 'plus', 'achat', 375, 0, 0, 0, 0, 0, 0, 0, 0, 0, 0, 0, 1, 0, 0, 0, 0, 0, 1, 0, 0, 0, 0, 0, 0, 0, 0, 0, '0000-00-00 00:00:00', ''),
(117, 0, '', '2016-06-23 00:00:00', 'Rouen', 'plus', 'achat', 411, 0, 0, 0, 0, 1, 1, 0, 1, 0, 0, 0, 0, 0, 0, 0, 0, 0, 0, 0, 0, 0, 0, 0, 0, 0, 0, 0, '0000-00-00 00:00:00', ''),
(118, 0, '', '2016-06-23 00:00:00', 'Rouen', 'plus', 'achat', 410, 0, 0, 0, 1, 1, 0, 1, 1, 1, 0, 0, 0, 0, 0, 0, 0, 0, 0, 0, 0, 0, 0, 0, 0, 0, 0, 0, '0000-00-00 00:00:00', ''),
(119, 0, '', '2016-06-23 00:00:00', 'Rouen', 'plus', 'achat', 391, 0, 0, 0, 0, 0, 0, 0, 0, 0, 0, 0, 0, 0, 0, 0, 0, 0, 0, 1, 0, 0, 0, 0, 0, 0, 0, 0, '0000-00-00 00:00:00', ''),
(120, 0, '', '2016-06-23 00:00:00', 'Rouen', 'plus', 'achat', 404, 0, 0, 0, 0, 0, 0, 1, 0, 0, 0, 0, 0, 0, 0, 0, 0, 0, 0, 0, 0, 0, 0, 0, 0, 0, 0, 0, '0000-00-00 00:00:00', ''),
(121, 0, '', '2016-06-23 00:00:00', 'Rouen', 'plus', 'achat', 398, 0, 0, 0, 0, 0, 0, 0, 0, 0, 0, 0, 0, 0, 0, 0, 0, 0, 0, 0, 1, 0, 0, 0, 0, 0, 0, 0, '0000-00-00 00:00:00', ''),
(122, 0, '', '2016-06-23 00:00:00', 'Rouen', 'plus', 'achat', 396, 0, 0, 0, 0, 0, 0, 0, 0, 0, 0, 0, 0, 0, 0, 1, 0, 1, 0, 0, 0, 0, 0, 0, 0, 0, 0, 0, '0000-00-00 00:00:00', ''),
(123, 0, '', '2016-06-23 00:00:00', 'Rouen', 'plus', 'achat', 363, 0, 0, 0, 0, 1, 0, 0, 0, 0, 0, 0, 0, 0, 0, 0, 0, 0, 0, 0, 0, 0, 0, 0, 0, 0, 0, 0, '0000-00-00 00:00:00', ''),
(124, 0, '', '2016-06-23 17:03:46', 'Rouen', 'moins', 'vente', 361, 0, 0, 0, 0, 0, 0, 0, 0, -1, 0, 0, 0, 0, 0, 0, 0, 0, 0, 0, 0, 0, 0, 0, 0, 0, 0, 0, '0000-00-00 00:00:00', ''),
(125, 0, '', '2016-06-23 17:09:55', 'Rouen', 'moins', 'vente', 409, 0, 0, 0, 0, 0, 0, 0, 0, 0, -1, 0, 0, 0, 0, 0, 0, 0, 0, 0, 0, 0, 0, 0, 0, 0, 0, 0, '0000-00-00 00:00:00', ''),
(140, 0, '', '2016-06-28 00:00:00', 'Rouen', 'plus', 'achat', 407, 0, 1, 1, 1, 0, 0, 0, 0, 0, 0, 0, 0, 0, 0, 0, 0, 0, 0, 0, 0, 0, 0, 0, 0, 0, 0, 0, '0000-00-00 00:00:00', ''),
(138, 0, '', '2016-06-28 00:00:00', 'Rouen', 'plus', 'achat', 400, 0, 0, 0, 0, 0, 0, 0, 0, 0, 1, 1, 1, 1, 0, 0, 0, 0, 0, 0, 0, 0, 0, 0, 0, 0, 0, 0, '0000-00-00 00:00:00', ''),
(139, 0, '', '2016-06-28 14:29:19', 'Rouen', 'moins', 'vente', 400, 0, 0, 0, 0, 0, 0, 0, 0, 0, 0, -1, 0, 0, 0, 0, 0, 0, 0, 0, 0, 0, 0, 0, 0, 0, 0, 0, '0000-00-00 00:00:00', ''),
(162, 0, '', '2016-07-27 00:00:00', 'Rouen', 'plus', 'achat', 428, 0, 0, 0, 1, 1, 0, 0, 0, 1, 1, 1, 0, 0, 0, 0, 0, 0, 0, 0, 0, 0, 0, 0, 0, 0, 0, 0, '0000-00-00 00:00:00', ''),
(163, 0, '', '2016-08-05 14:04:13', 'Rouen', 'moins', 'vente', 358, 0, -1, 0, 0, 0, 0, 0, 0, 0, 0, 0, 0, 0, 0, 0, 0, 0, 0, 0, 0, 0, 0, 0, 0, 0, 0, 0, '0000-00-00 00:00:00', ''),
(164, 0, '', '2016-08-05 14:07:13', 'Rouen', 'moins', 'vente', 361, 0, 0, 0, 0, 0, 0, 0, -1, 0, 0, 0, 0, 0, 0, 0, 0, 0, 0, 0, 0, 0, 0, 0, 0, 0, 0, 0, '0000-00-00 00:00:00', ''),
(165, 0, '', '2016-08-05 14:28:21', 'Rouen', 'moins', 'vente', 362, 0, 0, -1, 0, 0, 0, 0, 0, 0, 0, 0, 0, 0, 0, 0, 0, 0, 0, 0, 0, 0, 0, 0, 0, 0, 0, 0, '0000-00-00 00:00:00', ''),
(166, 0, '', '2016-08-09 14:42:41', 'Rouen', 'moins', 'vente', 363, 0, 0, 0, 0, -1, 0, 0, 0, 0, 0, 0, 0, 0, 0, 0, 0, 0, 0, 0, 0, 0, 0, 0, 0, 0, 0, 0, '0000-00-00 00:00:00', ''),
(167, 0, '', '2016-08-09 14:47:13', 'Rouen', 'moins', 'vente', 363, 0, 0, 0, 0, 0, 0, -1, 0, 0, 0, 0, 0, 0, 0, 0, 0, 0, 0, 0, 0, 0, 0, 0, 0, 0, 0, 0, '0000-00-00 00:00:00', ''),
(168, 0, '', '2016-08-09 14:47:49', 'Rouen', 'moins', 'vente', 370, 0, 0, 0, 0, 0, 0, 0, -1, 0, 0, 0, 0, 0, 0, 0, 0, 0, 0, 0, 0, 0, 0, 0, 0, 0, 0, 0, '0000-00-00 00:00:00', ''),
(169, 0, '', '2016-08-09 16:10:24', 'Rouen', 'moins', 'vente', 422, 0, 0, 0, 0, 0, 0, 0, 0, 0, 0, 0, 0, 0, 0, 0, 0, 0, -1, 0, 0, 0, 0, 0, 0, 0, 0, 0, '0000-00-00 00:00:00', ''),
(170, 0, '', '2016-08-10 14:15:34', 'Rouen', 'moins', 'vente', 411, 0, 0, 0, 0, -1, 0, 0, 0, 0, 0, 0, 0, 0, 0, 0, 0, 0, 0, 0, 0, 0, 0, 0, 0, 0, 0, 0, '0000-00-00 00:00:00', ''),
(171, 0, '', '2016-08-10 14:16:24', 'Rouen', 'moins', 'vente', 405, 0, -1, 0, 0, 0, 0, 0, 0, 0, 0, 0, 0, 0, 0, 0, 0, 0, 0, 0, 0, 0, 0, 0, 0, 0, 0, 0, '0000-00-00 00:00:00', ''),
(172, 0, '', '2016-08-10 14:50:14', 'Rouen', 'moins', 'vente', 407, 0, -1, 0, 0, 0, 0, 0, 0, 0, 0, 0, 0, 0, 0, 0, 0, 0, 0, 0, 0, 0, 0, 0, 0, 0, 0, 0, '0000-00-00 00:00:00', ''),
(173, 0, '', '2016-08-01 00:00:00', 'Rouen', 'plus', 'achat', 481, 1, 1, 1, 1, 1, 0, 0, 0, 0, 0, 0, 0, 0, 0, 0, 0, 0, 0, 0, 0, 0, 0, 0, 0, 0, 0, 0, '0000-00-00 00:00:00', ''),
(174, 0, '', '2016-08-17 00:00:00', 'Rouen', 'plus', 'achat', 359, 0, 1, 1, 1, 1, 1, 1, 0, 0, 0, 0, 0, 0, 0, 0, 0, 0, 0, 0, 0, 0, 0, 0, 0, 0, 0, 0, '0000-00-00 00:00:00', ''),
(175, 0, '', '2016-08-17 00:00:00', 'Rouen', 'plus', 'achat', 358, 0, 0, 0, 1, 1, 1, 1, 1, 1, 1, 1, 0, 0, 0, 0, 0, 0, 0, 0, 0, 0, 0, 0, 0, 0, 0, 0, '0000-00-00 00:00:00', ''),
(176, 0, '', '2016-08-13 13:53:40', 'Rouen', 'moins', 'vente', 411, 0, 0, 0, 0, 0, 0, 0, -1, 0, 0, 0, 0, 0, 0, 0, 0, 0, 0, 0, 0, 0, 0, 0, 0, 0, 0, 0, '0000-00-00 00:00:00', ''),
(177, 0, '', '2016-08-14 13:55:06', 'Rouen', 'moins', 'vente', 411, 0, 0, 0, 0, 0, 0, -1, 0, 0, 0, 0, 0, 0, 0, 0, 0, 0, 0, 0, 0, 0, 0, 0, 0, 0, 0, 0, '0000-00-00 00:00:00', ''),
(178, 0, '', '2016-08-17 00:00:00', 'Rouen', 'plus', 'achat', 370, 0, 1, 1, 1, 1, 0, 0, 0, 0, 0, 0, 0, 0, 0, 0, 0, 0, 0, 0, 0, 0, 0, 0, 0, 0, 0, 0, '0000-00-00 00:00:00', ''),
(179, 0, '', '2016-08-17 00:00:00', 'Rouen', 'plus', 'achat', 366, 0, 1, 1, 1, 1, 0, 0, 0, 0, 0, 0, 0, 0, 0, 0, 0, 0, 0, 0, 0, 0, 0, 0, 0, 0, 0, 0, '0000-00-00 00:00:00', ''),
(180, 0, '', '2016-08-17 00:00:00', 'Rouen', 'plus', 'achat', 371, 0, 1, 1, 1, 1, 0, 0, 0, 0, 0, 0, 0, 0, 0, 0, 0, 0, 0, 0, 0, 0, 0, 0, 0, 0, 0, 0, '0000-00-00 00:00:00', ''),
(181, 0, '', '2016-08-17 00:00:00', 'Rouen', 'plus', 'achat', 360, 0, 1, 1, 1, 1, 1, 1, 1, 1, 1, 1, 0, 0, 0, 0, 0, 0, 0, 0, 0, 0, 0, 0, 0, 0, 0, 0, '0000-00-00 00:00:00', ''),
(182, 0, '', '2016-08-17 00:00:00', 'Rouen', 'plus', 'achat', 375, 0, 0, 0, 0, 0, 0, 0, 0, 0, 1, 1, 1, 1, 1, 1, 1, 1, 1, 1, 1, 0, 0, 0, 0, 0, 0, 0, '0000-00-00 00:00:00', ''),
(183, 0, '', '2016-08-17 00:00:00', 'Rouen', 'plus', 'achat', 386, 0, 0, 0, 0, 0, 0, 0, 0, 0, 0, 0, 0, 0, 0, 1, 1, 1, 0, 1, 1, 0, 0, 0, 0, 0, 0, 0, '0000-00-00 00:00:00', ''),
(184, 0, '', '2016-08-17 00:00:00', 'Rouen', 'plus', 'achat', 388, 0, 0, 0, 0, 0, 0, 0, 0, 0, 2, 2, 2, 2, 2, 2, 2, 2, 2, 2, 2, 0, 0, 0, 0, 0, 0, 0, '0000-00-00 00:00:00', ''),
(185, 0, '', '2016-08-17 00:00:00', 'Rouen', 'plus', 'achat', 389, 0, 0, 0, 0, 0, 0, 0, 0, 0, 2, 2, 2, 2, 2, 2, 2, 2, 2, 2, 2, 0, 0, 0, 0, 0, 0, 0, '0000-00-00 00:00:00', ''),
(186, 0, '', '2016-08-17 00:00:00', 'Rouen', 'plus', 'achat', 415, 0, 0, 0, 0, 0, 0, 0, 0, 0, 1, 1, 1, 1, 1, 0, 0, 0, 0, 0, 0, 0, 0, 0, 0, 0, 0, 0, '0000-00-00 00:00:00', ''),
(187, 0, '', '2016-08-17 00:00:00', 'Rouen', 'plus', 'achat', 400, 0, 0, 0, 0, 0, 0, 0, 0, 0, 1, 1, 1, 1, 1, 0, 0, 0, 0, 0, 0, 0, 0, 0, 0, 0, 0, 0, '0000-00-00 00:00:00', ''),
(188, 0, '', '2016-08-17 00:00:00', 'Rouen', 'plus', 'achat', 401, 0, 0, 0, 0, 0, 0, 0, 0, 0, 1, 1, 1, 1, 1, 0, 0, 0, 0, 0, 0, 0, 0, 0, 0, 0, 0, 0, '0000-00-00 00:00:00', ''),
(189, 0, '', '2016-08-17 00:00:00', 'Rouen', 'plus', 'achat', 392, 0, 0, 0, 0, 0, 0, 0, 0, 0, 0, 0, 0, 0, 0, 2, 2, 2, 2, 2, 2, 0, 0, 0, 0, 0, 0, 0, '0000-00-00 00:00:00', ''),
(190, 0, '', '2016-08-17 00:00:00', 'Rouen', 'plus', 'achat', 393, 0, 0, 0, 0, 0, 0, 0, 0, 0, 0, 0, 0, 0, 0, 2, 2, 2, 2, 2, 2, 0, 0, 0, 0, 0, 0, 0, '0000-00-00 00:00:00', ''),
(191, 0, '', '2016-08-18 20:58:30', 'Rouen', 'moins', 'vente', 370, 0, 0, 0, 0, -1, 0, 0, 0, 0, 0, 0, 0, 0, 0, 0, 0, 0, 0, 0, 0, 0, 0, 0, 0, 0, 0, 0, '0000-00-00 00:00:00', ''),
(192, 0, '', '2016-08-18 20:59:24', 'Rouen', 'moins', 'vente', 389, 0, 0, 0, 0, 0, 0, 0, 0, 0, 0, -1, 0, 0, 0, 0, 0, 0, 0, 0, 0, 0, 0, 0, 0, 0, 0, 0, '0000-00-00 00:00:00', ''),
(193, 0, '', '2016-08-24 16:25:26', 'Rouen', 'moins', 'vente', 417, 0, 0, 0, 0, 0, 0, 0, 0, 0, 0, 0, 0, 0, 0, 0, 0, 0, 0, 0, 0, 0, 0, 0, -1, 0, 0, 0, '0000-00-00 00:00:00', ''),
(194, 0, '', '2016-08-24 16:27:40', 'Rouen', 'moins', 'vente', 427, 0, 0, 0, 0, 0, 0, 0, 0, -1, 0, 0, 0, 0, 0, 0, 0, 0, 0, 0, 0, 0, 0, 0, 0, 0, 0, 0, '0000-00-00 00:00:00', ''),
(195, 0, '', '2016-08-28 12:44:49', 'Rouen', 'moins', 'vente', 358, 0, 0, 0, 0, 0, 0, -1, 0, 0, 0, 0, 0, 0, 0, 0, 0, 0, 0, 0, 0, 0, 0, 0, 0, 0, 0, 0, '0000-00-00 00:00:00', ''),
(196, 0, '', '2016-08-26 12:46:52', 'Rouen', 'moins', 'vente', 359, 0, 0, 0, 0, -1, 0, 0, 0, 0, 0, 0, 0, 0, 0, 0, 0, 0, 0, 0, 0, 0, 0, 0, 0, 0, 0, 0, '0000-00-00 00:00:00', ''),
(197, 0, '', '2016-08-26 12:48:28', 'Rouen', 'moins', 'vente', 360, 0, 0, 0, -1, 0, 0, 0, 0, 0, 0, 0, 0, 0, 0, 0, 0, 0, 0, 0, 0, 0, 0, 0, 0, 0, 0, 0, '0000-00-00 00:00:00', ''),
(198, 0, '', '2016-08-26 12:49:50', 'Rouen', 'moins', 'vente', 365, 0, 0, 0, 0, 0, 0, -1, 0, 0, 0, 0, 0, 0, 0, 0, 0, 0, 0, 0, 0, 0, 0, 0, 0, 0, 0, 0, '0000-00-00 00:00:00', ''),
(199, 0, '', '2016-08-28 12:52:34', 'Rouen', 'moins', 'vente', 404, 0, 0, 0, -1, 0, 0, 0, 0, 0, 0, 0, 0, 0, 0, 0, 0, 0, 0, 0, 0, 0, 0, 0, 0, 0, 0, 0, '0000-00-00 00:00:00', ''),
(200, 0, '', '2016-08-26 12:55:11', 'Rouen', 'moins', 'vente', 420, 0, 0, 0, 0, 0, 0, 0, 0, 0, 0, 0, 0, 0, 0, 0, 0, 0, 0, 0, 0, 0, -1, 0, 0, 0, 0, 0, '0000-00-00 00:00:00', ''),
(201, 0, '', '2016-09-01 12:57:03', 'Rouen', 'moins', 'vente', 422, 0, 0, 0, 0, 0, 0, 0, 0, -1, 0, 0, 0, 0, 0, 0, 0, 0, 0, 0, 0, 0, 0, 0, 0, 0, 0, 0, '0000-00-00 00:00:00', ''),
(202, 0, 'FactureFournisseur-101', '2016-09-01 00:00:00', 'Rouen', 'plus', 'achat', 520, 4, 4, 4, 0, 0, 0, 0, 0, 0, 0, 0, 0, 0, 0, 0, 0, 0, 0, 0, 0, 0, 0, 0, 0, 0, 0, 0, '0000-00-00 00:00:00', ''),
(203, 0, 'FactureFournisseur-101', '2016-09-01 00:00:00', 'Rouen', 'plus', 'achat', 507, 6, 0, 0, 0, 0, 0, 0, 0, 0, 0, 0, 0, 0, 0, 0, 0, 0, 0, 0, 0, 0, 0, 0, 0, 0, 0, 0, '0000-00-00 00:00:00', ''),
(204, 0, 'FactureFournisseur-101', '2016-09-01 00:00:00', 'Rouen', 'plus', 'achat', 508, 6, 0, 0, 0, 0, 0, 0, 0, 0, 0, 0, 0, 0, 0, 0, 0, 0, 0, 0, 0, 0, 0, 0, 0, 0, 0, 0, '0000-00-00 00:00:00', ''),
(205, 0, 'FactureFournisseur-101', '2016-09-01 00:00:00', 'Rouen', 'plus', 'achat', 504, 6, 0, 0, 0, 0, 0, 0, 0, 0, 0, 0, 0, 0, 0, 0, 0, 0, 0, 0, 0, 0, 0, 0, 0, 0, 0, 0, '0000-00-00 00:00:00', ''),
(206, 0, 'FactureFournisseur-101', '2016-09-01 00:00:00', 'Rouen', 'plus', 'achat', 506, 6, 0, 0, 0, 0, 0, 0, 0, 0, 0, 0, 0, 0, 0, 0, 0, 0, 0, 0, 0, 0, 0, 0, 0, 0, 0, 0, '0000-00-00 00:00:00', ''),
(209, 0, 'FactureFournisseur-101', '2016-09-01 00:00:00', 'Rouen', 'plus', 'achat', 510, 3, 0, 0, 0, 0, 0, 0, 0, 0, 0, 0, 0, 0, 0, 0, 0, 0, 0, 0, 0, 0, 0, 0, 0, 0, 0, 0, '0000-00-00 00:00:00', ''),
(208, 0, 'FactureFournisseur-101', '2016-09-01 00:00:00', 'Rouen', 'plus', 'achat', 509, 3, 0, 0, 0, 0, 0, 0, 0, 0, 0, 0, 0, 0, 0, 0, 0, 0, 0, 0, 0, 0, 0, 0, 0, 0, 0, 0, '0000-00-00 00:00:00', ''),
(210, 0, 'FactureFournisseur-101', '2016-09-01 00:00:00', 'Rouen', 'plus', 'achat', 511, 6, 0, 0, 0, 0, 0, 0, 0, 0, 0, 0, 0, 0, 0, 0, 0, 0, 0, 0, 0, 0, 0, 0, 0, 0, 0, 0, '0000-00-00 00:00:00', ''),
(211, 0, 'FactureFournisseur-101', '2016-09-01 00:00:00', 'Rouen', 'plus', 'achat', 512, 1, 2, 1, 0, 0, 0, 0, 0, 0, 0, 0, 0, 0, 0, 0, 0, 0, 0, 0, 0, 0, 0, 0, 0, 0, 0, 0, '0000-00-00 00:00:00', ''),
(212, 0, 'FactureFournisseur-101', '2016-09-01 00:00:00', 'Rouen', 'plus', 'achat', 513, 1, 2, 1, 0, 0, 0, 0, 0, 0, 0, 0, 0, 0, 0, 0, 0, 0, 0, 0, 0, 0, 0, 0, 0, 0, 0, 0, '0000-00-00 00:00:00', ''),
(213, 0, 'FactureFournisseur-101', '2016-09-01 00:00:00', 'Rouen', 'plus', 'achat', 514, 1, 2, 1, 0, 0, 0, 0, 0, 0, 0, 0, 0, 0, 0, 0, 0, 0, 0, 0, 0, 0, 0, 0, 0, 0, 0, 0, '0000-00-00 00:00:00', ''),
(214, 0, 'FactureFournisseur-101', '2016-09-01 00:00:00', 'Rouen', 'plus', 'achat', 515, 4, 4, 4, 0, 0, 0, 0, 0, 0, 0, 0, 0, 0, 0, 0, 0, 0, 0, 0, 0, 0, 0, 0, 0, 0, 0, 0, '0000-00-00 00:00:00', ''),
(215, 0, 'FactureFournisseur-101', '2016-09-01 00:00:00', 'Rouen', 'plus', 'achat', 516, 2, 2, 2, 0, 0, 0, 0, 0, 0, 0, 0, 0, 0, 0, 0, 0, 0, 0, 0, 0, 0, 0, 0, 0, 0, 0, 0, '0000-00-00 00:00:00', ''),
(216, 0, 'FactureFournisseur-101', '2016-09-01 00:00:00', 'Rouen', 'plus', 'achat', 517, 2, 2, 2, 0, 0, 0, 0, 0, 0, 0, 0, 0, 0, 0, 0, 0, 0, 0, 0, 0, 0, 0, 0, 0, 0, 0, 0, '0000-00-00 00:00:00', ''),
(217, 0, 'FactureFournisseur-101', '2016-09-01 00:00:00', 'Rouen', 'plus', 'achat', 519, 2, 2, 2, 0, 0, 0, 0, 0, 0, 0, 0, 0, 0, 0, 0, 0, 0, 0, 0, 0, 0, 0, 0, 0, 0, 0, 0, '0000-00-00 00:00:00', ''),
(218, 0, 'FactureFournisseur-101', '2016-09-01 00:00:00', 'Rouen', 'plus', 'achat', 518, 2, 2, 2, 0, 0, 0, 0, 0, 0, 0, 0, 0, 0, 0, 0, 0, 0, 0, 0, 0, 0, 0, 0, 0, 0, 0, 0, '0000-00-00 00:00:00', ''),
(219, 0, '', '2016-09-03 21:40:22', 'Rouen', 'moins', 'vente', 366, 0, 0, 0, 0, -1, 0, 0, 0, 0, 0, 0, 0, 0, 0, 0, 0, 0, 0, 0, 0, 0, 0, 0, 0, 0, 0, 0, '0000-00-00 00:00:00', ''),
(220, 0, '', '2016-09-07 11:35:13', 'Rouen', 'moins', 'vente', 375, 0, 0, 0, 0, 0, 0, 0, 0, 0, 0, 0, 0, 0, 0, 0, 0, 0, -1, 0, 0, 0, 0, 0, 0, 0, 0, 0, '0000-00-00 00:00:00', ''),
(221, 0, '', '2016-09-08 06:14:18', 'Rouen', 'moins', 'vente', 406, 0, 0, 0, 0, -1, 0, 0, 0, 0, 0, 0, 0, 0, 0, 0, 0, 0, 0, 0, 0, 0, 0, 0, 0, 0, 0, 0, '0000-00-00 00:00:00', ''),
(222, 0, '', '2016-09-09 06:15:28', 'Rouen', 'moins', 'vente', 414, 0, 0, 0, 0, 0, 0, 0, 0, 0, -1, 0, 0, 0, 0, 0, 0, 0, 0, 0, 0, 0, 0, 0, 0, 0, 0, 0, '0000-00-00 00:00:00', ''),
(223, 0, '', '2016-09-09 15:02:19', 'Rouen', 'moins', 'vente', 403, 0, 0, -1, 0, 0, 0, 0, 0, 0, 0, 0, 0, 0, 0, 0, 0, 0, 0, 0, 0, 0, 0, 0, 0, 0, 0, 0, '0000-00-00 00:00:00', ''),
(224, 0, '', '2016-09-09 15:03:54', 'Rouen', 'moins', 'vente', 410, 0, 0, 0, 0, 0, 0, 0, -1, 0, 0, 0, 0, 0, 0, 0, 0, 0, 0, 0, 0, 0, 0, 0, 0, 0, 0, 0, '0000-00-00 00:00:00', ''),
(225, 0, '', '2016-09-12 15:16:31', 'Rouen', 'moins', 'vente', 513, 0, 0, -1, 0, 0, 0, 0, 0, 0, 0, 0, 0, 0, 0, 0, 0, 0, 0, 0, 0, 0, 0, 0, 0, 0, 0, 0, '0000-00-00 00:00:00', ''),
(226, 0, '', '2016-09-11 15:17:03', 'Rouen', 'moins', 'vente', 375, 0, 0, 0, 0, 0, 0, 0, 0, 0, 0, 0, 0, -1, 0, 0, 0, 0, 0, 0, 0, 0, 0, 0, 0, 0, 0, 0, '0000-00-00 00:00:00', ''),
(227, 0, '', '2016-09-12 15:18:09', 'Rouen', 'moins', 'vente', 398, 0, 0, 0, 0, 0, 0, 0, 0, 0, 0, 0, 0, 0, -1, 0, 0, 0, 0, 0, 0, 0, 0, 0, 0, 0, 0, 0, '0000-00-00 00:00:00', ''),
(228, 0, '', '2016-09-12 15:18:49', 'Rouen', 'moins', 'vente', 409, 0, 0, 0, 0, 0, 0, 0, 0, 0, 0, 0, 0, 0, -1, 0, 0, 0, 0, 0, 0, 0, 0, 0, 0, 0, 0, 0, '0000-00-00 00:00:00', ''),
(229, 0, '', '2016-09-12 15:19:30', 'Rouen', 'moins', 'vente', 428, 0, 0, 0, 0, -1, 0, 0, 0, 0, 0, 0, 0, 0, 0, 0, 0, 0, 0, 0, 0, 0, 0, 0, 0, 0, 0, 0, '0000-00-00 00:00:00', ''),
(230, 0, 'FactureFournisseur-102', '2016-09-14 00:00:00', 'Rouen', 'plus', 'achat', 431, 0, 0, 0, 2, 2, 2, 2, 2, 2, 0, 0, 0, 0, 0, 0, 0, 0, 0, 0, 0, 0, 0, 0, 0, 0, 0, 0, '0000-00-00 00:00:00', ''),
(231, 0, 'FactureFournisseur-102', '2016-09-14 00:00:00', 'Rouen', 'plus', 'achat', 443, 0, 0, 0, 0, 0, 0, 0, 0, 0, 2, 2, 2, 2, 2, 0, 0, 0, 0, 0, 0, 0, 0, 0, 0, 0, 0, 0, '0000-00-00 00:00:00', ''),
(232, 0, 'FactureFournisseur-102', '2016-09-14 00:00:00', 'Rouen', 'plus', 'achat', 442, 0, 0, 0, 0, 0, 0, 0, 0, 0, 2, 2, 2, 2, 2, 0, 0, 0, 0, 0, 0, 0, 0, 0, 0, 0, 0, 0, '0000-00-00 00:00:00', ''),
(233, 0, 'FactureFournisseur-102', '2016-09-14 00:00:00', 'Rouen', 'plus', 'achat', 433, 0, 0, 0, 3, 3, 0, 0, 3, 3, 0, 0, 0, 0, 0, 0, 0, 0, 0, 0, 0, 0, 0, 0, 0, 0, 0, 0, '0000-00-00 00:00:00', ''),
(234, 0, 'FactureFournisseur-102', '2016-09-14 00:00:00', 'Rouen', 'plus', 'achat', 430, 0, 0, 0, 1, 1, 1, 1, 1, 1, 0, 0, 0, 0, 0, 0, 0, 0, 0, 0, 0, 0, 0, 0, 0, 0, 0, 0, '0000-00-00 00:00:00', ''),
(235, 0, 'FactureFournisseur-102', '2016-09-14 00:00:00', 'Rouen', 'plus', 'achat', 436, 0, 0, 0, 0, 1, 0, 1, 0, 0, 0, 0, 0, 0, 0, 0, 0, 0, 0, 0, 0, 0, 0, 0, 0, 0, 0, 0, '0000-00-00 00:00:00', ''),
(236, 0, 'FactureFournisseur-102', '2016-09-14 00:00:00', 'Rouen', 'plus', 'achat', 432, 0, 0, 0, 1, 0, 1, 1, 1, 1, 0, 0, 0, 0, 0, 0, 0, 0, 0, 0, 0, 0, 0, 0, 0, 0, 0, 0, '0000-00-00 00:00:00', ''),
(237, 0, 'FactureFournisseur-102', '2016-09-14 00:00:00', 'Rouen', 'plus', 'achat', 479, 0, 1, 1, 1, 1, 1, 1, 1, 1, 1, 1, 0, 0, 0, 0, 0, 0, 0, 0, 0, 0, 0, 0, 0, 0, 0, 0, '0000-00-00 00:00:00', ''),
(238, 0, 'FactureFournisseur-102', '2016-09-14 00:00:00', 'Rouen', 'plus', 'achat', 467, 0, 1, 1, 1, 1, 1, 1, 1, 1, 1, 1, 0, 0, 0, 0, 0, 0, 0, 0, 0, 0, 0, 0, 0, 0, 0, 0, '0000-00-00 00:00:00', ''),
(239, 0, 'FactureFournisseur-102', '2016-09-14 00:00:00', 'Rouen', 'plus', 'achat', 478, 0, 1, 1, 0, 0, 0, 0, 0, 0, 0, 0, 0, 0, 0, 0, 0, 0, 0, 0, 0, 0, 0, 0, 0, 0, 0, 0, '0000-00-00 00:00:00', ''),
(240, 0, 'FactureFournisseur-102', '2016-09-15 00:00:00', 'Rouen', 'plus', 'achat', 473, 0, 0, 0, 1, 1, 1, 1, 1, 1, 1, 1, 0, 0, 0, 0, 0, 0, 0, 0, 0, 0, 0, 0, 0, 0, 0, 0, '0000-00-00 00:00:00', ''),
(241, 0, 'FactureFournisseur-102', '2016-09-14 00:00:00', 'Rouen', 'plus', 'achat', 468, 0, 1, 1, 0, 1, 1, 1, 1, 1, 1, 1, 0, 0, 0, 0, 0, 0, 0, 0, 0, 0, 0, 0, 0, 0, 0, 0, '0000-00-00 00:00:00', ''),
(242, 0, 'FactureFournisseur-102', '2016-09-16 00:00:00', 'Rouen', 'plus', 'achat', 434, 0, 0, 0, 1, 0, 1, 0, 1, 0, 0, 0, 0, 0, 0, 0, 0, 0, 0, 0, 0, 0, 0, 0, 0, 0, 0, 0, '0000-00-00 00:00:00', ''),
(243, 0, 'FactureFournisseur-102', '2016-09-16 00:00:00', 'Rouen', 'plus', 'achat', 435, 0, 0, 0, 1, 1, 1, 1, 1, 1, 0, 0, 0, 0, 0, 0, 0, 0, 0, 0, 0, 0, 0, 0, 0, 0, 0, 0, '0000-00-00 00:00:00', ''),
(244, 0, 'FactureFournisseur-102', '2016-09-16 00:00:00', 'Rouen', 'plus', 'achat', 441, 0, 0, 0, 0, 0, 0, 0, 0, 0, 1, 1, 1, 1, 1, 0, 0, 0, 0, 0, 0, 0, 0, 0, 0, 0, 0, 0, '0000-00-00 00:00:00', ''),
(245, 0, 'FactureFournisseur-102', '2016-09-16 00:00:00', 'Rouen', 'plus', 'achat', 437, 0, 0, 0, 0, 0, 0, 0, 0, 0, 0, 0, 0, 1, 0, 0, 0, 0, 0, 0, 0, 0, 0, 0, 0, 0, 0, 0, '0000-00-00 00:00:00', ''),
(246, 0, 'FactureFournisseur-102', '2016-09-16 00:00:00', 'Rouen', 'plus', 'achat', 439, 0, 0, 0, 0, 0, 0, 0, 0, 0, 1, 1, 1, 1, 1, 0, 0, 0, 0, 0, 0, 0, 0, 0, 0, 0, 0, 0, '0000-00-00 00:00:00', ''),
(247, 0, 'FactureFournisseur-102', '2016-09-16 00:00:00', 'Rouen', 'plus', 'achat', 438, 0, 0, 0, 0, 0, 0, 0, 0, 0, 1, 1, 1, 1, 1, 0, 0, 0, 0, 0, 0, 0, 0, 0, 0, 0, 0, 0, '0000-00-00 00:00:00', ''),
(248, 0, 'FactureFournisseur-102', '2016-09-16 00:00:00', 'Rouen', 'plus', 'achat', 440, 0, 0, 0, 0, 0, 0, 0, 0, 0, 1, 1, 1, 1, 1, 0, 0, 0, 0, 0, 0, 0, 0, 0, 0, 0, 0, 0, '0000-00-00 00:00:00', ''),
(249, 0, 'FactureFournisseur-102', '2016-09-16 00:00:00', 'Rouen', 'plus', 'achat', 466, 0, 1, 1, 1, 1, 1, 1, 1, 1, 1, 1, 0, 0, 0, 0, 0, 0, 0, 0, 0, 0, 0, 0, 0, 0, 0, 0, '0000-00-00 00:00:00', ''),
(250, 0, 'FactureFournisseur-102', '2016-09-16 00:00:00', 'Rouen', 'plus', 'achat', 474, 0, 1, 0, 1, 1, 1, 1, 1, 1, 1, 1, 0, 0, 0, 0, 0, 0, 0, 0, 0, 0, 0, 0, 0, 0, 0, 0, '0000-00-00 00:00:00', ''),
(251, 0, 'FactureFournisseur-102', '2016-09-16 00:00:00', 'Rouen', 'plus', 'achat', 469, 0, 1, 1, 1, 1, 1, 1, 1, 1, 1, 1, 0, 0, 0, 0, 0, 0, 0, 0, 0, 0, 0, 0, 0, 0, 0, 0, '0000-00-00 00:00:00', ''),
(252, 0, 'FactureFournisseur-102', '2016-09-16 00:00:00', 'Rouen', 'plus', 'achat', 476, 0, 1, 1, 1, 1, 1, 1, 1, 1, 1, 1, 0, 0, 0, 0, 0, 0, 0, 0, 0, 0, 0, 0, 0, 0, 0, 0, '0000-00-00 00:00:00', ''),
(253, 0, 'FactureFournisseur-102', '2016-09-16 00:00:00', 'Rouen', 'plus', 'achat', 480, 0, 1, 1, 1, 1, 1, 1, 1, 1, 1, 1, 0, 0, 0, 0, 0, 0, 0, 0, 0, 0, 0, 0, 0, 0, 0, 0, '0000-00-00 00:00:00', ''),
(254, 0, 'FactureFournisseur-102', '2016-09-16 00:00:00', 'Rouen', 'plus', 'achat', 471, 0, 1, 1, 1, 1, 1, 1, 1, 1, 1, 1, 0, 0, 0, 0, 0, 0, 0, 0, 0, 0, 0, 0, 0, 0, 0, 0, '0000-00-00 00:00:00', ''),
(255, 0, '', '2016-10-01 05:43:05', 'Rouen', 'moins', 'deplacement', 363, 0, 0, 0, 0, 0, -1, 0, 0, 0, 0, 0, 0, 0, 0, 0, 0, 0, 0, 0, 0, 0, 0, 0, 0, 0, 0, 0, '0000-00-00 00:00:00', ''),
(256, 0, '', '2016-10-01 05:43:05', 'Reserve', 'plus', 'deplacement', 363, 0, 0, 0, 0, 0, 1, 0, 0, 0, 0, 0, 0, 0, 0, 0, 0, 0, 0, 0, 0, 0, 0, 0, 0, 0, 0, 0, '0000-00-00 00:00:00', ''),
(257, 0, '', '2016-10-01 06:17:28', 'Rouen', 'moins', 'deplacement', 364, 0, 0, -1, 0, 0, 0, 0, 0, 0, 0, 0, 0, 0, 0, 0, 0, 0, 0, 0, 0, 0, 0, 0, 0, 0, 0, 0, '0000-00-00 00:00:00', ''),
(258, 0, '', '2016-10-01 06:17:28', 'Reserve', 'plus', 'deplacement', 364, 0, 0, 1, 0, 0, 0, 0, 0, 0, 0, 0, 0, 0, 0, 0, 0, 0, 0, 0, 0, 0, 0, 0, 0, 0, 0, 0, '0000-00-00 00:00:00', ''),
(259, 0, '', '2016-10-01 06:17:28', 'Rouen', 'moins', 'deplacement', 364, 0, 0, 0, -1, 0, 0, 0, 0, 0, 0, 0, 0, 0, 0, 0, 0, 0, 0, 0, 0, 0, 0, 0, 0, 0, 0, 0, '0000-00-00 00:00:00', ''),
(260, 0, '', '2016-10-01 06:17:28', 'Reserve', 'plus', 'deplacement', 364, 0, 0, 0, 1, 0, 0, 0, 0, 0, 0, 0, 0, 0, 0, 0, 0, 0, 0, 0, 0, 0, 0, 0, 0, 0, 0, 0, '0000-00-00 00:00:00', ''),
(261, 0, '', '2016-10-01 06:17:28', 'Rouen', 'moins', 'deplacement', 364, 0, 0, 0, 0, 0, -1, 0, 0, 0, 0, 0, 0, 0, 0, 0, 0, 0, 0, 0, 0, 0, 0, 0, 0, 0, 0, 0, '0000-00-00 00:00:00', ''),
(262, 0, '', '2016-10-01 06:17:28', 'Reserve', 'plus', 'deplacement', 364, 0, 0, 0, 0, 0, 1, 0, 0, 0, 0, 0, 0, 0, 0, 0, 0, 0, 0, 0, 0, 0, 0, 0, 0, 0, 0, 0, '0000-00-00 00:00:00', ''),
(263, 0, '', '2016-10-01 06:17:28', 'Rouen', 'moins', 'deplacement', 364, 0, 0, 0, 0, 0, 0, 0, 0, -1, 0, 0, 0, 0, 0, 0, 0, 0, 0, 0, 0, 0, 0, 0, 0, 0, 0, 0, '0000-00-00 00:00:00', ''),
(264, 0, '', '2016-10-01 06:17:28', 'Reserve', 'plus', 'deplacement', 364, 0, 0, 0, 0, 0, 0, 0, 0, 1, 0, 0, 0, 0, 0, 0, 0, 0, 0, 0, 0, 0, 0, 0, 0, 0, 0, 0, '0000-00-00 00:00:00', ''),
(265, 0, '', '2016-10-01 06:20:15', 'Rouen', 'moins', 'deplacement', 388, 0, 0, 0, 0, 0, 0, 0, 0, 0, -1, 0, 0, 0, 0, 0, 0, 0, 0, 0, 0, 0, 0, 0, 0, 0, 0, 0, '0000-00-00 00:00:00', ''),
(266, 0, '', '2016-10-01 06:20:15', 'Marche_St_Marc', 'plus', 'deplacement', 388, 0, 0, 0, 0, 0, 0, 0, 0, 0, 1, 0, 0, 0, 0, 0, 0, 0, 0, 0, 0, 0, 0, 0, 0, 0, 0, 0, '0000-00-00 00:00:00', ''),
(267, 0, '', '2016-10-01 06:20:15', 'Rouen', 'moins', 'deplacement', 388, 0, 0, 0, 0, 0, 0, 0, 0, 0, 0, -1, 0, 0, 0, 0, 0, 0, 0, 0, 0, 0, 0, 0, 0, 0, 0, 0, '0000-00-00 00:00:00', ''),
(268, 0, '', '2016-10-01 06:20:15', 'Marche_St_Marc', 'plus', 'deplacement', 388, 0, 0, 0, 0, 0, 0, 0, 0, 0, 0, 1, 0, 0, 0, 0, 0, 0, 0, 0, 0, 0, 0, 0, 0, 0, 0, 0, '0000-00-00 00:00:00', ''),
(269, 0, '', '2016-10-01 06:20:15', 'Rouen', 'moins', 'deplacement', 388, 0, 0, 0, 0, 0, 0, 0, 0, 0, 0, 0, -1, 0, 0, 0, 0, 0, 0, 0, 0, 0, 0, 0, 0, 0, 0, 0, '0000-00-00 00:00:00', ''),
(270, 0, '', '2016-10-01 06:20:15', 'Marche_St_Marc', 'plus', 'deplacement', 388, 0, 0, 0, 0, 0, 0, 0, 0, 0, 0, 0, 1, 0, 0, 0, 0, 0, 0, 0, 0, 0, 0, 0, 0, 0, 0, 0, '0000-00-00 00:00:00', ''),
(271, 0, '', '2016-10-01 06:20:15', 'Rouen', 'moins', 'deplacement', 388, 0, 0, 0, 0, 0, 0, 0, 0, 0, 0, 0, 0, -1, 0, 0, 0, 0, 0, 0, 0, 0, 0, 0, 0, 0, 0, 0, '0000-00-00 00:00:00', ''),
(272, 0, '', '2016-10-01 06:20:15', 'Marche_St_Marc', 'plus', 'deplacement', 388, 0, 0, 0, 0, 0, 0, 0, 0, 0, 0, 0, 0, 1, 0, 0, 0, 0, 0, 0, 0, 0, 0, 0, 0, 0, 0, 0, '0000-00-00 00:00:00', ''),
(273, 0, '', '2016-10-01 06:20:15', 'Rouen', 'moins', 'deplacement', 388, 0, 0, 0, 0, 0, 0, 0, 0, 0, 0, 0, 0, 0, -1, 0, 0, 0, 0, 0, 0, 0, 0, 0, 0, 0, 0, 0, '0000-00-00 00:00:00', ''),
(274, 0, '', '2016-10-01 06:20:15', 'Marche_St_Marc', 'plus', 'deplacement', 388, 0, 0, 0, 0, 0, 0, 0, 0, 0, 0, 0, 0, 0, 1, 0, 0, 0, 0, 0, 0, 0, 0, 0, 0, 0, 0, 0, '0000-00-00 00:00:00', ''),
(275, 0, '', '2016-10-01 06:20:15', 'Rouen', 'moins', 'deplacement', 388, 0, 0, 0, 0, 0, 0, 0, 0, 0, 0, 0, 0, 0, 0, -1, 0, 0, 0, 0, 0, 0, 0, 0, 0, 0, 0, 0, '0000-00-00 00:00:00', ''),
(276, 0, '', '2016-10-01 06:20:15', 'Marche_St_Marc', 'plus', 'deplacement', 388, 0, 0, 0, 0, 0, 0, 0, 0, 0, 0, 0, 0, 0, 0, 1, 0, 0, 0, 0, 0, 0, 0, 0, 0, 0, 0, 0, '0000-00-00 00:00:00', ''),
(277, 0, '', '2016-10-01 06:20:15', 'Rouen', 'moins', 'deplacement', 388, 0, 0, 0, 0, 0, 0, 0, 0, 0, 0, 0, 0, 0, 0, 0, -1, 0, 0, 0, 0, 0, 0, 0, 0, 0, 0, 0, '0000-00-00 00:00:00', ''),
(278, 0, '', '2016-10-01 06:20:15', 'Marche_St_Marc', 'plus', 'deplacement', 388, 0, 0, 0, 0, 0, 0, 0, 0, 0, 0, 0, 0, 0, 0, 0, 1, 0, 0, 0, 0, 0, 0, 0, 0, 0, 0, 0, '0000-00-00 00:00:00', ''),
(279, 0, '', '2016-10-01 06:20:15', 'Rouen', 'moins', 'deplacement', 388, 0, 0, 0, 0, 0, 0, 0, 0, 0, 0, 0, 0, 0, 0, 0, 0, -1, 0, 0, 0, 0, 0, 0, 0, 0, 0, 0, '0000-00-00 00:00:00', ''),
(280, 0, '', '2016-10-01 06:20:15', 'Marche_St_Marc', 'plus', 'deplacement', 388, 0, 0, 0, 0, 0, 0, 0, 0, 0, 0, 0, 0, 0, 0, 0, 0, 1, 0, 0, 0, 0, 0, 0, 0, 0, 0, 0, '0000-00-00 00:00:00', ''),
(281, 0, '', '2016-10-01 06:20:15', 'Rouen', 'moins', 'deplacement', 388, 0, 0, 0, 0, 0, 0, 0, 0, 0, 0, 0, 0, 0, 0, 0, 0, 0, -1, 0, 0, 0, 0, 0, 0, 0, 0, 0, '0000-00-00 00:00:00', ''),
(282, 0, '', '2016-10-01 06:20:15', 'Marche_St_Marc', 'plus', 'deplacement', 388, 0, 0, 0, 0, 0, 0, 0, 0, 0, 0, 0, 0, 0, 0, 0, 0, 0, 1, 0, 0, 0, 0, 0, 0, 0, 0, 0, '0000-00-00 00:00:00', ''),
(283, 0, '', '2016-10-01 06:20:15', 'Rouen', 'moins', 'deplacement', 388, 0, 0, 0, 0, 0, 0, 0, 0, 0, 0, 0, 0, 0, 0, 0, 0, 0, 0, -1, 0, 0, 0, 0, 0, 0, 0, 0, '0000-00-00 00:00:00', ''),
(284, 0, '', '2016-10-01 06:20:15', 'Marche_St_Marc', 'plus', 'deplacement', 388, 0, 0, 0, 0, 0, 0, 0, 0, 0, 0, 0, 0, 0, 0, 0, 0, 0, 0, 1, 0, 0, 0, 0, 0, 0, 0, 0, '0000-00-00 00:00:00', ''),
(285, 0, '', '2016-10-01 06:20:15', 'Rouen', 'moins', 'deplacement', 388, 0, 0, 0, 0, 0, 0, 0, 0, 0, 0, 0, 0, 0, 0, 0, 0, 0, 0, 0, -1, 0, 0, 0, 0, 0, 0, 0, '0000-00-00 00:00:00', ''),
(286, 0, '', '2016-10-01 06:20:15', 'Marche_St_Marc', 'plus', 'deplacement', 388, 0, 0, 0, 0, 0, 0, 0, 0, 0, 0, 0, 0, 0, 0, 0, 0, 0, 0, 0, 1, 0, 0, 0, 0, 0, 0, 0, '0000-00-00 00:00:00', ''),
(287, 0, '', '2016-10-01 06:22:53', 'Rouen', 'moins', 'deplacement', 374, 0, 0, 0, 0, 0, 0, 0, 0, 0, 0, 0, 0, 0, 0, 0, 0, -1, 0, 0, 0, 0, 0, 0, 0, 0, 0, 0, '0000-00-00 00:00:00', ''),
(288, 0, '', '2016-10-01 06:22:53', 'Marche_St_Marc', 'plus', 'deplacement', 374, 0, 0, 0, 0, 0, 0, 0, 0, 0, 0, 0, 0, 0, 0, 0, 0, 1, 0, 0, 0, 0, 0, 0, 0, 0, 0, 0, '0000-00-00 00:00:00', ''),
(289, 0, '', '2016-10-01 06:40:12', 'Rouen', 'moins', 'deplacement', 479, 0, -1, 0, 0, 0, 0, 0, 0, 0, 0, 0, 0, 0, 0, 0, 0, 0, 0, 0, 0, 0, 0, 0, 0, 0, 0, 0, '0000-00-00 00:00:00', ''),
(290, 0, '', '2016-10-01 06:40:12', 'Marche_St_Marc', 'plus', 'deplacement', 479, 0, 1, 0, 0, 0, 0, 0, 0, 0, 0, 0, 0, 0, 0, 0, 0, 0, 0, 0, 0, 0, 0, 0, 0, 0, 0, 0, '0000-00-00 00:00:00', ''),
(291, 0, '', '2016-10-01 06:40:12', 'Rouen', 'moins', 'deplacement', 479, 0, 0, -1, 0, 0, 0, 0, 0, 0, 0, 0, 0, 0, 0, 0, 0, 0, 0, 0, 0, 0, 0, 0, 0, 0, 0, 0, '0000-00-00 00:00:00', ''),
(292, 0, '', '2016-10-01 06:40:12', 'Marche_St_Marc', 'plus', 'deplacement', 479, 0, 0, 1, 0, 0, 0, 0, 0, 0, 0, 0, 0, 0, 0, 0, 0, 0, 0, 0, 0, 0, 0, 0, 0, 0, 0, 0, '0000-00-00 00:00:00', ''),
(293, 0, '', '2016-10-01 06:40:12', 'Rouen', 'moins', 'deplacement', 479, 0, 0, 0, -1, 0, 0, 0, 0, 0, 0, 0, 0, 0, 0, 0, 0, 0, 0, 0, 0, 0, 0, 0, 0, 0, 0, 0, '0000-00-00 00:00:00', ''),
(294, 0, '', '2016-10-01 06:40:12', 'Marche_St_Marc', 'plus', 'deplacement', 479, 0, 0, 0, 1, 0, 0, 0, 0, 0, 0, 0, 0, 0, 0, 0, 0, 0, 0, 0, 0, 0, 0, 0, 0, 0, 0, 0, '0000-00-00 00:00:00', ''),
(295, 0, '', '2016-10-01 06:40:12', 'Rouen', 'moins', 'deplacement', 479, 0, 0, 0, 0, -1, 0, 0, 0, 0, 0, 0, 0, 0, 0, 0, 0, 0, 0, 0, 0, 0, 0, 0, 0, 0, 0, 0, '0000-00-00 00:00:00', ''),
(296, 0, '', '2016-10-01 06:40:12', 'Marche_St_Marc', 'plus', 'deplacement', 479, 0, 0, 0, 0, 1, 0, 0, 0, 0, 0, 0, 0, 0, 0, 0, 0, 0, 0, 0, 0, 0, 0, 0, 0, 0, 0, 0, '0000-00-00 00:00:00', ''),
(297, 0, '', '2016-10-01 06:40:12', 'Rouen', 'moins', 'deplacement', 479, 0, 0, 0, 0, 0, -1, 0, 0, 0, 0, 0, 0, 0, 0, 0, 0, 0, 0, 0, 0, 0, 0, 0, 0, 0, 0, 0, '0000-00-00 00:00:00', ''),
(298, 0, '', '2016-10-01 06:40:12', 'Marche_St_Marc', 'plus', 'deplacement', 479, 0, 0, 0, 0, 0, 1, 0, 0, 0, 0, 0, 0, 0, 0, 0, 0, 0, 0, 0, 0, 0, 0, 0, 0, 0, 0, 0, '0000-00-00 00:00:00', ''),
(299, 0, '', '2016-10-01 06:40:12', 'Rouen', 'moins', 'deplacement', 479, 0, 0, 0, 0, 0, 0, -1, 0, 0, 0, 0, 0, 0, 0, 0, 0, 0, 0, 0, 0, 0, 0, 0, 0, 0, 0, 0, '0000-00-00 00:00:00', ''),
(300, 0, '', '2016-10-01 06:40:12', 'Marche_St_Marc', 'plus', 'deplacement', 479, 0, 0, 0, 0, 0, 0, 1, 0, 0, 0, 0, 0, 0, 0, 0, 0, 0, 0, 0, 0, 0, 0, 0, 0, 0, 0, 0, '0000-00-00 00:00:00', ''),
(301, 0, '', '2016-10-01 06:40:12', 'Rouen', 'moins', 'deplacement', 479, 0, 0, 0, 0, 0, 0, 0, -1, 0, 0, 0, 0, 0, 0, 0, 0, 0, 0, 0, 0, 0, 0, 0, 0, 0, 0, 0, '0000-00-00 00:00:00', ''),
(302, 0, '', '2016-10-01 06:40:12', 'Marche_St_Marc', 'plus', 'deplacement', 479, 0, 0, 0, 0, 0, 0, 0, 1, 0, 0, 0, 0, 0, 0, 0, 0, 0, 0, 0, 0, 0, 0, 0, 0, 0, 0, 0, '0000-00-00 00:00:00', ''),
(303, 0, '', '2016-10-01 06:40:12', 'Rouen', 'moins', 'deplacement', 479, 0, 0, 0, 0, 0, 0, 0, 0, -1, 0, 0, 0, 0, 0, 0, 0, 0, 0, 0, 0, 0, 0, 0, 0, 0, 0, 0, '0000-00-00 00:00:00', ''),
(304, 0, '', '2016-10-01 06:40:12', 'Marche_St_Marc', 'plus', 'deplacement', 479, 0, 0, 0, 0, 0, 0, 0, 0, 1, 0, 0, 0, 0, 0, 0, 0, 0, 0, 0, 0, 0, 0, 0, 0, 0, 0, 0, '0000-00-00 00:00:00', ''),
(305, 0, '', '2016-10-01 06:40:12', 'Rouen', 'moins', 'deplacement', 479, 0, 0, 0, 0, 0, 0, 0, 0, 0, -1, 0, 0, 0, 0, 0, 0, 0, 0, 0, 0, 0, 0, 0, 0, 0, 0, 0, '0000-00-00 00:00:00', ''),
(306, 0, '', '2016-10-01 06:40:12', 'Marche_St_Marc', 'plus', 'deplacement', 479, 0, 0, 0, 0, 0, 0, 0, 0, 0, 1, 0, 0, 0, 0, 0, 0, 0, 0, 0, 0, 0, 0, 0, 0, 0, 0, 0, '0000-00-00 00:00:00', ''),
(307, 0, '', '2016-10-01 06:40:12', 'Rouen', 'moins', 'deplacement', 479, 0, 0, 0, 0, 0, 0, 0, 0, 0, 0, -1, 0, 0, 0, 0, 0, 0, 0, 0, 0, 0, 0, 0, 0, 0, 0, 0, '0000-00-00 00:00:00', ''),
(308, 0, '', '2016-10-01 06:40:12', 'Marche_St_Marc', 'plus', 'deplacement', 479, 0, 0, 0, 0, 0, 0, 0, 0, 0, 0, 1, 0, 0, 0, 0, 0, 0, 0, 0, 0, 0, 0, 0, 0, 0, 0, 0, '0000-00-00 00:00:00', ''),
(309, 0, '', '2016-10-01 06:45:34', 'Rouen', 'moins', 'deplacement', 474, 0, -1, 0, 0, 0, 0, 0, 0, 0, 0, 0, 0, 0, 0, 0, 0, 0, 0, 0, 0, 0, 0, 0, 0, 0, 0, 0, '0000-00-00 00:00:00', ''),
(310, 0, '', '2016-10-01 06:45:34', 'Marche_St_Marc', 'plus', 'deplacement', 474, 0, 1, 0, 0, 0, 0, 0, 0, 0, 0, 0, 0, 0, 0, 0, 0, 0, 0, 0, 0, 0, 0, 0, 0, 0, 0, 0, '0000-00-00 00:00:00', ''),
(311, 0, '', '2016-10-01 06:45:34', 'Rouen', 'moins', 'deplacement', 474, 0, 0, 0, -1, 0, 0, 0, 0, 0, 0, 0, 0, 0, 0, 0, 0, 0, 0, 0, 0, 0, 0, 0, 0, 0, 0, 0, '0000-00-00 00:00:00', ''),
(312, 0, '', '2016-10-01 06:45:34', 'Marche_St_Marc', 'plus', 'deplacement', 474, 0, 0, 0, 1, 0, 0, 0, 0, 0, 0, 0, 0, 0, 0, 0, 0, 0, 0, 0, 0, 0, 0, 0, 0, 0, 0, 0, '0000-00-00 00:00:00', ''),
(313, 0, '', '2016-10-01 06:45:34', 'Rouen', 'moins', 'deplacement', 474, 0, 0, 0, 0, -1, 0, 0, 0, 0, 0, 0, 0, 0, 0, 0, 0, 0, 0, 0, 0, 0, 0, 0, 0, 0, 0, 0, '0000-00-00 00:00:00', ''),
(314, 0, '', '2016-10-01 06:45:34', 'Marche_St_Marc', 'plus', 'deplacement', 474, 0, 0, 0, 0, 1, 0, 0, 0, 0, 0, 0, 0, 0, 0, 0, 0, 0, 0, 0, 0, 0, 0, 0, 0, 0, 0, 0, '0000-00-00 00:00:00', ''),
(315, 0, '', '2016-10-01 06:45:34', 'Rouen', 'moins', 'deplacement', 474, 0, 0, 0, 0, 0, -1, 0, 0, 0, 0, 0, 0, 0, 0, 0, 0, 0, 0, 0, 0, 0, 0, 0, 0, 0, 0, 0, '0000-00-00 00:00:00', ''),
(316, 0, '', '2016-10-01 06:45:34', 'Marche_St_Marc', 'plus', 'deplacement', 474, 0, 0, 0, 0, 0, 1, 0, 0, 0, 0, 0, 0, 0, 0, 0, 0, 0, 0, 0, 0, 0, 0, 0, 0, 0, 0, 0, '0000-00-00 00:00:00', ''),
(317, 0, '', '2016-10-01 06:45:34', 'Rouen', 'moins', 'deplacement', 474, 0, 0, 0, 0, 0, 0, -1, 0, 0, 0, 0, 0, 0, 0, 0, 0, 0, 0, 0, 0, 0, 0, 0, 0, 0, 0, 0, '0000-00-00 00:00:00', ''),
(318, 0, '', '2016-10-01 06:45:34', 'Marche_St_Marc', 'plus', 'deplacement', 474, 0, 0, 0, 0, 0, 0, 1, 0, 0, 0, 0, 0, 0, 0, 0, 0, 0, 0, 0, 0, 0, 0, 0, 0, 0, 0, 0, '0000-00-00 00:00:00', ''),
(319, 0, '', '2016-10-01 06:45:34', 'Rouen', 'moins', 'deplacement', 474, 0, 0, 0, 0, 0, 0, 0, -1, 0, 0, 0, 0, 0, 0, 0, 0, 0, 0, 0, 0, 0, 0, 0, 0, 0, 0, 0, '0000-00-00 00:00:00', ''),
(320, 0, '', '2016-10-01 06:45:34', 'Marche_St_Marc', 'plus', 'deplacement', 474, 0, 0, 0, 0, 0, 0, 0, 1, 0, 0, 0, 0, 0, 0, 0, 0, 0, 0, 0, 0, 0, 0, 0, 0, 0, 0, 0, '0000-00-00 00:00:00', ''),
(321, 0, '', '2016-10-01 06:45:34', 'Rouen', 'moins', 'deplacement', 474, 0, 0, 0, 0, 0, 0, 0, 0, -1, 0, 0, 0, 0, 0, 0, 0, 0, 0, 0, 0, 0, 0, 0, 0, 0, 0, 0, '0000-00-00 00:00:00', ''),
(322, 0, '', '2016-10-01 06:45:34', 'Marche_St_Marc', 'plus', 'deplacement', 474, 0, 0, 0, 0, 0, 0, 0, 0, 1, 0, 0, 0, 0, 0, 0, 0, 0, 0, 0, 0, 0, 0, 0, 0, 0, 0, 0, '0000-00-00 00:00:00', ''),
(323, 0, '', '2016-10-01 06:45:34', 'Rouen', 'moins', 'deplacement', 474, 0, 0, 0, 0, 0, 0, 0, 0, 0, -1, 0, 0, 0, 0, 0, 0, 0, 0, 0, 0, 0, 0, 0, 0, 0, 0, 0, '0000-00-00 00:00:00', ''),
(324, 0, '', '2016-10-01 06:45:34', 'Marche_St_Marc', 'plus', 'deplacement', 474, 0, 0, 0, 0, 0, 0, 0, 0, 0, 1, 0, 0, 0, 0, 0, 0, 0, 0, 0, 0, 0, 0, 0, 0, 0, 0, 0, '0000-00-00 00:00:00', ''),
(325, 0, '', '2016-10-01 06:45:34', 'Rouen', 'moins', 'deplacement', 474, 0, 0, 0, 0, 0, 0, 0, 0, 0, 0, -1, 0, 0, 0, 0, 0, 0, 0, 0, 0, 0, 0, 0, 0, 0, 0, 0, '0000-00-00 00:00:00', ''),
(326, 0, '', '2016-10-01 06:45:34', 'Marche_St_Marc', 'plus', 'deplacement', 474, 0, 0, 0, 0, 0, 0, 0, 0, 0, 0, 1, 0, 0, 0, 0, 0, 0, 0, 0, 0, 0, 0, 0, 0, 0, 0, 0, '0000-00-00 00:00:00', ''),
(327, 0, '', '2016-10-01 06:48:49', 'Rouen', 'moins', 'deplacement', 473, 0, 0, 0, -1, 0, 0, 0, 0, 0, 0, 0, 0, 0, 0, 0, 0, 0, 0, 0, 0, 0, 0, 0, 0, 0, 0, 0, '0000-00-00 00:00:00', ''),
(328, 0, '', '2016-10-01 06:48:49', 'Marche_St_Marc', 'plus', 'deplacement', 473, 0, 0, 0, 1, 0, 0, 0, 0, 0, 0, 0, 0, 0, 0, 0, 0, 0, 0, 0, 0, 0, 0, 0, 0, 0, 0, 0, '0000-00-00 00:00:00', ''),
(329, 0, '', '2016-10-01 06:48:49', 'Rouen', 'moins', 'deplacement', 473, 0, 0, 0, 0, -1, 0, 0, 0, 0, 0, 0, 0, 0, 0, 0, 0, 0, 0, 0, 0, 0, 0, 0, 0, 0, 0, 0, '0000-00-00 00:00:00', ''),
(330, 0, '', '2016-10-01 06:48:49', 'Marche_St_Marc', 'plus', 'deplacement', 473, 0, 0, 0, 0, 1, 0, 0, 0, 0, 0, 0, 0, 0, 0, 0, 0, 0, 0, 0, 0, 0, 0, 0, 0, 0, 0, 0, '0000-00-00 00:00:00', ''),
(331, 0, '', '2016-10-01 06:48:49', 'Rouen', 'moins', 'deplacement', 473, 0, 0, 0, 0, 0, -1, 0, 0, 0, 0, 0, 0, 0, 0, 0, 0, 0, 0, 0, 0, 0, 0, 0, 0, 0, 0, 0, '0000-00-00 00:00:00', ''),
(332, 0, '', '2016-10-01 06:48:49', 'Marche_St_Marc', 'plus', 'deplacement', 473, 0, 0, 0, 0, 0, 1, 0, 0, 0, 0, 0, 0, 0, 0, 0, 0, 0, 0, 0, 0, 0, 0, 0, 0, 0, 0, 0, '0000-00-00 00:00:00', ''),
(333, 0, '', '2016-10-01 06:48:49', 'Rouen', 'moins', 'deplacement', 473, 0, 0, 0, 0, 0, 0, -1, 0, 0, 0, 0, 0, 0, 0, 0, 0, 0, 0, 0, 0, 0, 0, 0, 0, 0, 0, 0, '0000-00-00 00:00:00', ''),
(334, 0, '', '2016-10-01 06:48:49', 'Marche_St_Marc', 'plus', 'deplacement', 473, 0, 0, 0, 0, 0, 0, 1, 0, 0, 0, 0, 0, 0, 0, 0, 0, 0, 0, 0, 0, 0, 0, 0, 0, 0, 0, 0, '0000-00-00 00:00:00', ''),
(335, 0, '', '2016-10-01 06:48:49', 'Rouen', 'moins', 'deplacement', 473, 0, 0, 0, 0, 0, 0, 0, -1, 0, 0, 0, 0, 0, 0, 0, 0, 0, 0, 0, 0, 0, 0, 0, 0, 0, 0, 0, '0000-00-00 00:00:00', '');
INSERT INTO `stock` (`id`, `operation_informatique_id`, `document_source`, `date_operation`, `stock_nom`, `operation_direction`, `operation_description`, `reference_id`, `quantite_taille_17`, `quantite_taille_18`, `quantite_taille_19`, `quantite_taille_20`, `quantite_taille_21`, `quantite_taille_22`, `quantite_taille_23`, `quantite_taille_24`, `quantite_taille_25`, `quantite_taille_26`, `quantite_taille_27`, `quantite_taille_28`, `quantite_taille_29`, `quantite_taille_30`, `quantite_taille_31`, `quantite_taille_32`, `quantite_taille_33`, `quantite_taille_34`, `quantite_taille_35`, `quantite_taille_36`, `quantite_taille_37`, `quantite_taille_38`, `quantite_taille_39`, `quantite_taille_40`, `quantite_taille_41`, `quantite_taille_42`, `quantite_taille_43`, `reservation_jusquau`, `reservation_identification`) VALUES
(336, 0, '', '2016-10-01 06:48:49', 'Marche_St_Marc', 'plus', 'deplacement', 473, 0, 0, 0, 0, 0, 0, 0, 1, 0, 0, 0, 0, 0, 0, 0, 0, 0, 0, 0, 0, 0, 0, 0, 0, 0, 0, 0, '0000-00-00 00:00:00', ''),
(337, 0, '', '2016-10-01 06:48:49', 'Rouen', 'moins', 'deplacement', 473, 0, 0, 0, 0, 0, 0, 0, 0, -1, 0, 0, 0, 0, 0, 0, 0, 0, 0, 0, 0, 0, 0, 0, 0, 0, 0, 0, '0000-00-00 00:00:00', ''),
(338, 0, '', '2016-10-01 06:48:49', 'Marche_St_Marc', 'plus', 'deplacement', 473, 0, 0, 0, 0, 0, 0, 0, 0, 1, 0, 0, 0, 0, 0, 0, 0, 0, 0, 0, 0, 0, 0, 0, 0, 0, 0, 0, '0000-00-00 00:00:00', ''),
(339, 0, '', '2016-10-01 06:48:49', 'Rouen', 'moins', 'deplacement', 473, 0, 0, 0, 0, 0, 0, 0, 0, 0, -1, 0, 0, 0, 0, 0, 0, 0, 0, 0, 0, 0, 0, 0, 0, 0, 0, 0, '0000-00-00 00:00:00', ''),
(340, 0, '', '2016-10-01 06:48:49', 'Marche_St_Marc', 'plus', 'deplacement', 473, 0, 0, 0, 0, 0, 0, 0, 0, 0, 1, 0, 0, 0, 0, 0, 0, 0, 0, 0, 0, 0, 0, 0, 0, 0, 0, 0, '0000-00-00 00:00:00', ''),
(341, 0, '', '2016-10-01 06:48:49', 'Rouen', 'moins', 'deplacement', 473, 0, 0, 0, 0, 0, 0, 0, 0, 0, 0, -1, 0, 0, 0, 0, 0, 0, 0, 0, 0, 0, 0, 0, 0, 0, 0, 0, '0000-00-00 00:00:00', ''),
(342, 0, '', '2016-10-01 06:48:49', 'Marche_St_Marc', 'plus', 'deplacement', 473, 0, 0, 0, 0, 0, 0, 0, 0, 0, 0, 1, 0, 0, 0, 0, 0, 0, 0, 0, 0, 0, 0, 0, 0, 0, 0, 0, '0000-00-00 00:00:00', ''),
(343, 0, '', '2016-10-01 06:55:16', 'Rouen', 'moins', 'deplacement', 476, 0, -1, 0, 0, 0, 0, 0, 0, 0, 0, 0, 0, 0, 0, 0, 0, 0, 0, 0, 0, 0, 0, 0, 0, 0, 0, 0, '0000-00-00 00:00:00', ''),
(344, 0, '', '2016-10-01 06:55:16', 'Rouen', 'plus', 'deplacement', 476, 0, 1, 0, 0, 0, 0, 0, 0, 0, 0, 0, 0, 0, 0, 0, 0, 0, 0, 0, 0, 0, 0, 0, 0, 0, 0, 0, '0000-00-00 00:00:00', ''),
(345, 0, '', '2016-10-01 06:55:16', 'Rouen', 'moins', 'deplacement', 476, 0, 0, -1, 0, 0, 0, 0, 0, 0, 0, 0, 0, 0, 0, 0, 0, 0, 0, 0, 0, 0, 0, 0, 0, 0, 0, 0, '0000-00-00 00:00:00', ''),
(346, 0, '', '2016-10-01 06:55:16', 'Rouen', 'plus', 'deplacement', 476, 0, 0, 1, 0, 0, 0, 0, 0, 0, 0, 0, 0, 0, 0, 0, 0, 0, 0, 0, 0, 0, 0, 0, 0, 0, 0, 0, '0000-00-00 00:00:00', ''),
(347, 0, '', '2016-10-01 06:55:16', 'Rouen', 'moins', 'deplacement', 476, 0, 0, 0, -1, 0, 0, 0, 0, 0, 0, 0, 0, 0, 0, 0, 0, 0, 0, 0, 0, 0, 0, 0, 0, 0, 0, 0, '0000-00-00 00:00:00', ''),
(348, 0, '', '2016-10-01 06:55:16', 'Rouen', 'plus', 'deplacement', 476, 0, 0, 0, 1, 0, 0, 0, 0, 0, 0, 0, 0, 0, 0, 0, 0, 0, 0, 0, 0, 0, 0, 0, 0, 0, 0, 0, '0000-00-00 00:00:00', ''),
(349, 0, '', '2016-10-01 06:55:16', 'Rouen', 'moins', 'deplacement', 476, 0, 0, 0, 0, -1, 0, 0, 0, 0, 0, 0, 0, 0, 0, 0, 0, 0, 0, 0, 0, 0, 0, 0, 0, 0, 0, 0, '0000-00-00 00:00:00', ''),
(350, 0, '', '2016-10-01 06:55:16', 'Rouen', 'plus', 'deplacement', 476, 0, 0, 0, 0, 1, 0, 0, 0, 0, 0, 0, 0, 0, 0, 0, 0, 0, 0, 0, 0, 0, 0, 0, 0, 0, 0, 0, '0000-00-00 00:00:00', ''),
(351, 0, '', '2016-10-01 06:55:16', 'Rouen', 'moins', 'deplacement', 476, 0, 0, 0, 0, 0, -1, 0, 0, 0, 0, 0, 0, 0, 0, 0, 0, 0, 0, 0, 0, 0, 0, 0, 0, 0, 0, 0, '0000-00-00 00:00:00', ''),
(352, 0, '', '2016-10-01 06:55:16', 'Rouen', 'plus', 'deplacement', 476, 0, 0, 0, 0, 0, 1, 0, 0, 0, 0, 0, 0, 0, 0, 0, 0, 0, 0, 0, 0, 0, 0, 0, 0, 0, 0, 0, '0000-00-00 00:00:00', ''),
(353, 0, '', '2016-10-01 06:55:16', 'Rouen', 'moins', 'deplacement', 476, 0, 0, 0, 0, 0, 0, -1, 0, 0, 0, 0, 0, 0, 0, 0, 0, 0, 0, 0, 0, 0, 0, 0, 0, 0, 0, 0, '0000-00-00 00:00:00', ''),
(354, 0, '', '2016-10-01 06:55:16', 'Rouen', 'plus', 'deplacement', 476, 0, 0, 0, 0, 0, 0, 1, 0, 0, 0, 0, 0, 0, 0, 0, 0, 0, 0, 0, 0, 0, 0, 0, 0, 0, 0, 0, '0000-00-00 00:00:00', ''),
(355, 0, '', '2016-10-01 06:55:16', 'Rouen', 'moins', 'deplacement', 476, 0, 0, 0, 0, 0, 0, 0, -1, 0, 0, 0, 0, 0, 0, 0, 0, 0, 0, 0, 0, 0, 0, 0, 0, 0, 0, 0, '0000-00-00 00:00:00', ''),
(356, 0, '', '2016-10-01 06:55:16', 'Rouen', 'plus', 'deplacement', 476, 0, 0, 0, 0, 0, 0, 0, 1, 0, 0, 0, 0, 0, 0, 0, 0, 0, 0, 0, 0, 0, 0, 0, 0, 0, 0, 0, '0000-00-00 00:00:00', ''),
(357, 0, '', '2016-10-01 06:55:16', 'Rouen', 'moins', 'deplacement', 476, 0, 0, 0, 0, 0, 0, 0, 0, -1, 0, 0, 0, 0, 0, 0, 0, 0, 0, 0, 0, 0, 0, 0, 0, 0, 0, 0, '0000-00-00 00:00:00', ''),
(358, 0, '', '2016-10-01 06:55:16', 'Rouen', 'plus', 'deplacement', 476, 0, 0, 0, 0, 0, 0, 0, 0, 1, 0, 0, 0, 0, 0, 0, 0, 0, 0, 0, 0, 0, 0, 0, 0, 0, 0, 0, '0000-00-00 00:00:00', ''),
(359, 0, '', '2016-10-01 06:55:16', 'Rouen', 'moins', 'deplacement', 476, 0, 0, 0, 0, 0, 0, 0, 0, 0, -1, 0, 0, 0, 0, 0, 0, 0, 0, 0, 0, 0, 0, 0, 0, 0, 0, 0, '0000-00-00 00:00:00', ''),
(360, 0, '', '2016-10-01 06:55:16', 'Rouen', 'plus', 'deplacement', 476, 0, 0, 0, 0, 0, 0, 0, 0, 0, 1, 0, 0, 0, 0, 0, 0, 0, 0, 0, 0, 0, 0, 0, 0, 0, 0, 0, '0000-00-00 00:00:00', ''),
(361, 0, '', '2016-10-01 06:55:16', 'Rouen', 'moins', 'deplacement', 476, 0, 0, 0, 0, 0, 0, 0, 0, 0, 0, -1, 0, 0, 0, 0, 0, 0, 0, 0, 0, 0, 0, 0, 0, 0, 0, 0, '0000-00-00 00:00:00', ''),
(362, 0, '', '2016-10-01 06:55:16', 'Rouen', 'plus', 'deplacement', 476, 0, 0, 0, 0, 0, 0, 0, 0, 0, 0, 1, 0, 0, 0, 0, 0, 0, 0, 0, 0, 0, 0, 0, 0, 0, 0, 0, '0000-00-00 00:00:00', ''),
(363, 0, '', '2016-10-01 06:59:42', 'Rouen', 'moins', 'deplacement', 476, 0, -1, 0, 0, 0, 0, 0, 0, 0, 0, 0, 0, 0, 0, 0, 0, 0, 0, 0, 0, 0, 0, 0, 0, 0, 0, 0, '0000-00-00 00:00:00', ''),
(364, 0, '', '2016-10-01 06:59:42', 'Marche_St_Marc', 'plus', 'deplacement', 476, 0, 1, 0, 0, 0, 0, 0, 0, 0, 0, 0, 0, 0, 0, 0, 0, 0, 0, 0, 0, 0, 0, 0, 0, 0, 0, 0, '0000-00-00 00:00:00', ''),
(365, 0, '', '2016-10-01 06:59:42', 'Rouen', 'moins', 'deplacement', 476, 0, 0, -1, 0, 0, 0, 0, 0, 0, 0, 0, 0, 0, 0, 0, 0, 0, 0, 0, 0, 0, 0, 0, 0, 0, 0, 0, '0000-00-00 00:00:00', ''),
(366, 0, '', '2016-10-01 06:59:42', 'Marche_St_Marc', 'plus', 'deplacement', 476, 0, 0, 1, 0, 0, 0, 0, 0, 0, 0, 0, 0, 0, 0, 0, 0, 0, 0, 0, 0, 0, 0, 0, 0, 0, 0, 0, '0000-00-00 00:00:00', ''),
(367, 0, '', '2016-10-01 06:59:42', 'Rouen', 'moins', 'deplacement', 476, 0, 0, 0, -1, 0, 0, 0, 0, 0, 0, 0, 0, 0, 0, 0, 0, 0, 0, 0, 0, 0, 0, 0, 0, 0, 0, 0, '0000-00-00 00:00:00', ''),
(368, 0, '', '2016-10-01 06:59:42', 'Marche_St_Marc', 'plus', 'deplacement', 476, 0, 0, 0, 1, 0, 0, 0, 0, 0, 0, 0, 0, 0, 0, 0, 0, 0, 0, 0, 0, 0, 0, 0, 0, 0, 0, 0, '0000-00-00 00:00:00', ''),
(369, 0, '', '2016-10-01 06:59:42', 'Rouen', 'moins', 'deplacement', 476, 0, 0, 0, 0, -1, 0, 0, 0, 0, 0, 0, 0, 0, 0, 0, 0, 0, 0, 0, 0, 0, 0, 0, 0, 0, 0, 0, '0000-00-00 00:00:00', ''),
(370, 0, '', '2016-10-01 06:59:42', 'Marche_St_Marc', 'plus', 'deplacement', 476, 0, 0, 0, 0, 1, 0, 0, 0, 0, 0, 0, 0, 0, 0, 0, 0, 0, 0, 0, 0, 0, 0, 0, 0, 0, 0, 0, '0000-00-00 00:00:00', ''),
(371, 0, '', '2016-10-01 06:59:42', 'Rouen', 'moins', 'deplacement', 476, 0, 0, 0, 0, 0, -1, 0, 0, 0, 0, 0, 0, 0, 0, 0, 0, 0, 0, 0, 0, 0, 0, 0, 0, 0, 0, 0, '0000-00-00 00:00:00', ''),
(372, 0, '', '2016-10-01 06:59:42', 'Marche_St_Marc', 'plus', 'deplacement', 476, 0, 0, 0, 0, 0, 1, 0, 0, 0, 0, 0, 0, 0, 0, 0, 0, 0, 0, 0, 0, 0, 0, 0, 0, 0, 0, 0, '0000-00-00 00:00:00', ''),
(373, 0, '', '2016-10-01 06:59:42', 'Rouen', 'moins', 'deplacement', 476, 0, 0, 0, 0, 0, 0, -1, 0, 0, 0, 0, 0, 0, 0, 0, 0, 0, 0, 0, 0, 0, 0, 0, 0, 0, 0, 0, '0000-00-00 00:00:00', ''),
(374, 0, '', '2016-10-01 06:59:42', 'Marche_St_Marc', 'plus', 'deplacement', 476, 0, 0, 0, 0, 0, 0, 1, 0, 0, 0, 0, 0, 0, 0, 0, 0, 0, 0, 0, 0, 0, 0, 0, 0, 0, 0, 0, '0000-00-00 00:00:00', ''),
(375, 0, '', '2016-10-01 06:59:42', 'Rouen', 'moins', 'deplacement', 476, 0, 0, 0, 0, 0, 0, 0, -1, 0, 0, 0, 0, 0, 0, 0, 0, 0, 0, 0, 0, 0, 0, 0, 0, 0, 0, 0, '0000-00-00 00:00:00', ''),
(376, 0, '', '2016-10-01 06:59:42', 'Marche_St_Marc', 'plus', 'deplacement', 476, 0, 0, 0, 0, 0, 0, 0, 1, 0, 0, 0, 0, 0, 0, 0, 0, 0, 0, 0, 0, 0, 0, 0, 0, 0, 0, 0, '0000-00-00 00:00:00', ''),
(377, 0, '', '2016-10-01 06:59:42', 'Rouen', 'moins', 'deplacement', 476, 0, 0, 0, 0, 0, 0, 0, 0, -1, 0, 0, 0, 0, 0, 0, 0, 0, 0, 0, 0, 0, 0, 0, 0, 0, 0, 0, '0000-00-00 00:00:00', ''),
(378, 0, '', '2016-10-01 06:59:42', 'Marche_St_Marc', 'plus', 'deplacement', 476, 0, 0, 0, 0, 0, 0, 0, 0, 1, 0, 0, 0, 0, 0, 0, 0, 0, 0, 0, 0, 0, 0, 0, 0, 0, 0, 0, '0000-00-00 00:00:00', ''),
(379, 0, '', '2016-10-01 06:59:42', 'Rouen', 'moins', 'deplacement', 476, 0, 0, 0, 0, 0, 0, 0, 0, 0, -1, 0, 0, 0, 0, 0, 0, 0, 0, 0, 0, 0, 0, 0, 0, 0, 0, 0, '0000-00-00 00:00:00', ''),
(380, 0, '', '2016-10-01 06:59:42', 'Marche_St_Marc', 'plus', 'deplacement', 476, 0, 0, 0, 0, 0, 0, 0, 0, 0, 1, 0, 0, 0, 0, 0, 0, 0, 0, 0, 0, 0, 0, 0, 0, 0, 0, 0, '0000-00-00 00:00:00', ''),
(381, 0, '', '2016-10-01 06:59:42', 'Rouen', 'moins', 'deplacement', 476, 0, 0, 0, 0, 0, 0, 0, 0, 0, 0, -1, 0, 0, 0, 0, 0, 0, 0, 0, 0, 0, 0, 0, 0, 0, 0, 0, '0000-00-00 00:00:00', ''),
(382, 0, '', '2016-10-01 06:59:42', 'Marche_St_Marc', 'plus', 'deplacement', 476, 0, 0, 0, 0, 0, 0, 0, 0, 0, 0, 1, 0, 0, 0, 0, 0, 0, 0, 0, 0, 0, 0, 0, 0, 0, 0, 0, '0000-00-00 00:00:00', ''),
(383, 0, '', '2016-10-01 07:04:55', 'Rouen', 'moins', 'deplacement', 467, 0, -1, 0, 0, 0, 0, 0, 0, 0, 0, 0, 0, 0, 0, 0, 0, 0, 0, 0, 0, 0, 0, 0, 0, 0, 0, 0, '0000-00-00 00:00:00', ''),
(384, 0, '', '2016-10-01 07:04:55', 'Marche_St_Marc', 'plus', 'deplacement', 467, 0, 1, 0, 0, 0, 0, 0, 0, 0, 0, 0, 0, 0, 0, 0, 0, 0, 0, 0, 0, 0, 0, 0, 0, 0, 0, 0, '0000-00-00 00:00:00', ''),
(385, 0, '', '2016-10-01 07:04:55', 'Rouen', 'moins', 'deplacement', 467, 0, 0, -1, 0, 0, 0, 0, 0, 0, 0, 0, 0, 0, 0, 0, 0, 0, 0, 0, 0, 0, 0, 0, 0, 0, 0, 0, '0000-00-00 00:00:00', ''),
(386, 0, '', '2016-10-01 07:04:55', 'Marche_St_Marc', 'plus', 'deplacement', 467, 0, 0, 1, 0, 0, 0, 0, 0, 0, 0, 0, 0, 0, 0, 0, 0, 0, 0, 0, 0, 0, 0, 0, 0, 0, 0, 0, '0000-00-00 00:00:00', ''),
(387, 0, '', '2016-10-01 07:04:55', 'Rouen', 'moins', 'deplacement', 467, 0, 0, 0, -1, 0, 0, 0, 0, 0, 0, 0, 0, 0, 0, 0, 0, 0, 0, 0, 0, 0, 0, 0, 0, 0, 0, 0, '0000-00-00 00:00:00', ''),
(388, 0, '', '2016-10-01 07:04:55', 'Marche_St_Marc', 'plus', 'deplacement', 467, 0, 0, 0, 1, 0, 0, 0, 0, 0, 0, 0, 0, 0, 0, 0, 0, 0, 0, 0, 0, 0, 0, 0, 0, 0, 0, 0, '0000-00-00 00:00:00', ''),
(389, 0, '', '2016-10-01 07:04:55', 'Rouen', 'moins', 'deplacement', 467, 0, 0, 0, 0, -1, 0, 0, 0, 0, 0, 0, 0, 0, 0, 0, 0, 0, 0, 0, 0, 0, 0, 0, 0, 0, 0, 0, '0000-00-00 00:00:00', ''),
(390, 0, '', '2016-10-01 07:04:55', 'Marche_St_Marc', 'plus', 'deplacement', 467, 0, 0, 0, 0, 1, 0, 0, 0, 0, 0, 0, 0, 0, 0, 0, 0, 0, 0, 0, 0, 0, 0, 0, 0, 0, 0, 0, '0000-00-00 00:00:00', ''),
(391, 0, '', '2016-10-01 07:04:55', 'Rouen', 'moins', 'deplacement', 467, 0, 0, 0, 0, 0, -1, 0, 0, 0, 0, 0, 0, 0, 0, 0, 0, 0, 0, 0, 0, 0, 0, 0, 0, 0, 0, 0, '0000-00-00 00:00:00', ''),
(392, 0, '', '2016-10-01 07:04:55', 'Marche_St_Marc', 'plus', 'deplacement', 467, 0, 0, 0, 0, 0, 1, 0, 0, 0, 0, 0, 0, 0, 0, 0, 0, 0, 0, 0, 0, 0, 0, 0, 0, 0, 0, 0, '0000-00-00 00:00:00', ''),
(393, 0, '', '2016-10-01 07:04:55', 'Rouen', 'moins', 'deplacement', 467, 0, 0, 0, 0, 0, 0, -1, 0, 0, 0, 0, 0, 0, 0, 0, 0, 0, 0, 0, 0, 0, 0, 0, 0, 0, 0, 0, '0000-00-00 00:00:00', ''),
(394, 0, '', '2016-10-01 07:04:55', 'Marche_St_Marc', 'plus', 'deplacement', 467, 0, 0, 0, 0, 0, 0, 1, 0, 0, 0, 0, 0, 0, 0, 0, 0, 0, 0, 0, 0, 0, 0, 0, 0, 0, 0, 0, '0000-00-00 00:00:00', ''),
(395, 0, '', '2016-10-01 07:04:55', 'Rouen', 'moins', 'deplacement', 467, 0, 0, 0, 0, 0, 0, 0, -1, 0, 0, 0, 0, 0, 0, 0, 0, 0, 0, 0, 0, 0, 0, 0, 0, 0, 0, 0, '0000-00-00 00:00:00', ''),
(396, 0, '', '2016-10-01 07:04:55', 'Marche_St_Marc', 'plus', 'deplacement', 467, 0, 0, 0, 0, 0, 0, 0, 1, 0, 0, 0, 0, 0, 0, 0, 0, 0, 0, 0, 0, 0, 0, 0, 0, 0, 0, 0, '0000-00-00 00:00:00', ''),
(397, 0, '', '2016-10-01 07:04:55', 'Rouen', 'moins', 'deplacement', 467, 0, 0, 0, 0, 0, 0, 0, 0, -1, 0, 0, 0, 0, 0, 0, 0, 0, 0, 0, 0, 0, 0, 0, 0, 0, 0, 0, '0000-00-00 00:00:00', ''),
(398, 0, '', '2016-10-01 07:04:55', 'Marche_St_Marc', 'plus', 'deplacement', 467, 0, 0, 0, 0, 0, 0, 0, 0, 1, 0, 0, 0, 0, 0, 0, 0, 0, 0, 0, 0, 0, 0, 0, 0, 0, 0, 0, '0000-00-00 00:00:00', ''),
(399, 0, '', '2016-10-01 07:04:55', 'Rouen', 'moins', 'deplacement', 467, 0, 0, 0, 0, 0, 0, 0, 0, 0, -1, 0, 0, 0, 0, 0, 0, 0, 0, 0, 0, 0, 0, 0, 0, 0, 0, 0, '0000-00-00 00:00:00', ''),
(400, 0, '', '2016-10-01 07:04:55', 'Marche_St_Marc', 'plus', 'deplacement', 467, 0, 0, 0, 0, 0, 0, 0, 0, 0, 1, 0, 0, 0, 0, 0, 0, 0, 0, 0, 0, 0, 0, 0, 0, 0, 0, 0, '0000-00-00 00:00:00', ''),
(401, 0, '', '2016-10-01 07:04:55', 'Rouen', 'moins', 'deplacement', 467, 0, 0, 0, 0, 0, 0, 0, 0, 0, 0, -1, 0, 0, 0, 0, 0, 0, 0, 0, 0, 0, 0, 0, 0, 0, 0, 0, '0000-00-00 00:00:00', ''),
(402, 0, '', '2016-10-01 07:04:55', 'Marche_St_Marc', 'plus', 'deplacement', 467, 0, 0, 0, 0, 0, 0, 0, 0, 0, 0, 1, 0, 0, 0, 0, 0, 0, 0, 0, 0, 0, 0, 0, 0, 0, 0, 0, '0000-00-00 00:00:00', ''),
(403, 0, '', '2016-10-01 07:07:01', 'Rouen', 'moins', 'deplacement', 468, 0, -1, 0, 0, 0, 0, 0, 0, 0, 0, 0, 0, 0, 0, 0, 0, 0, 0, 0, 0, 0, 0, 0, 0, 0, 0, 0, '0000-00-00 00:00:00', ''),
(404, 0, '', '2016-10-01 07:07:01', 'Marche_St_Marc', 'plus', 'deplacement', 468, 0, 1, 0, 0, 0, 0, 0, 0, 0, 0, 0, 0, 0, 0, 0, 0, 0, 0, 0, 0, 0, 0, 0, 0, 0, 0, 0, '0000-00-00 00:00:00', ''),
(405, 0, '', '2016-10-01 07:07:01', 'Rouen', 'moins', 'deplacement', 468, 0, 0, -1, 0, 0, 0, 0, 0, 0, 0, 0, 0, 0, 0, 0, 0, 0, 0, 0, 0, 0, 0, 0, 0, 0, 0, 0, '0000-00-00 00:00:00', ''),
(406, 0, '', '2016-10-01 07:07:01', 'Marche_St_Marc', 'plus', 'deplacement', 468, 0, 0, 1, 0, 0, 0, 0, 0, 0, 0, 0, 0, 0, 0, 0, 0, 0, 0, 0, 0, 0, 0, 0, 0, 0, 0, 0, '0000-00-00 00:00:00', ''),
(407, 0, '', '2016-10-01 07:07:01', 'Rouen', 'moins', 'deplacement', 468, 0, 0, 0, 0, -1, 0, 0, 0, 0, 0, 0, 0, 0, 0, 0, 0, 0, 0, 0, 0, 0, 0, 0, 0, 0, 0, 0, '0000-00-00 00:00:00', ''),
(408, 0, '', '2016-10-01 07:07:01', 'Marche_St_Marc', 'plus', 'deplacement', 468, 0, 0, 0, 0, 1, 0, 0, 0, 0, 0, 0, 0, 0, 0, 0, 0, 0, 0, 0, 0, 0, 0, 0, 0, 0, 0, 0, '0000-00-00 00:00:00', ''),
(409, 0, '', '2016-10-01 07:07:01', 'Rouen', 'moins', 'deplacement', 468, 0, 0, 0, 0, 0, -1, 0, 0, 0, 0, 0, 0, 0, 0, 0, 0, 0, 0, 0, 0, 0, 0, 0, 0, 0, 0, 0, '0000-00-00 00:00:00', ''),
(410, 0, '', '2016-10-01 07:07:01', 'Marche_St_Marc', 'plus', 'deplacement', 468, 0, 0, 0, 0, 0, 1, 0, 0, 0, 0, 0, 0, 0, 0, 0, 0, 0, 0, 0, 0, 0, 0, 0, 0, 0, 0, 0, '0000-00-00 00:00:00', ''),
(411, 0, '', '2016-10-01 07:07:01', 'Rouen', 'moins', 'deplacement', 468, 0, 0, 0, 0, 0, 0, -1, 0, 0, 0, 0, 0, 0, 0, 0, 0, 0, 0, 0, 0, 0, 0, 0, 0, 0, 0, 0, '0000-00-00 00:00:00', ''),
(412, 0, '', '2016-10-01 07:07:01', 'Marche_St_Marc', 'plus', 'deplacement', 468, 0, 0, 0, 0, 0, 0, 1, 0, 0, 0, 0, 0, 0, 0, 0, 0, 0, 0, 0, 0, 0, 0, 0, 0, 0, 0, 0, '0000-00-00 00:00:00', ''),
(413, 0, '', '2016-10-01 07:07:01', 'Rouen', 'moins', 'deplacement', 468, 0, 0, 0, 0, 0, 0, 0, -1, 0, 0, 0, 0, 0, 0, 0, 0, 0, 0, 0, 0, 0, 0, 0, 0, 0, 0, 0, '0000-00-00 00:00:00', ''),
(414, 0, '', '2016-10-01 07:07:01', 'Marche_St_Marc', 'plus', 'deplacement', 468, 0, 0, 0, 0, 0, 0, 0, 1, 0, 0, 0, 0, 0, 0, 0, 0, 0, 0, 0, 0, 0, 0, 0, 0, 0, 0, 0, '0000-00-00 00:00:00', ''),
(415, 0, '', '2016-10-01 07:07:01', 'Rouen', 'moins', 'deplacement', 468, 0, 0, 0, 0, 0, 0, 0, 0, -1, 0, 0, 0, 0, 0, 0, 0, 0, 0, 0, 0, 0, 0, 0, 0, 0, 0, 0, '0000-00-00 00:00:00', ''),
(416, 0, '', '2016-10-01 07:07:01', 'Marche_St_Marc', 'plus', 'deplacement', 468, 0, 0, 0, 0, 0, 0, 0, 0, 1, 0, 0, 0, 0, 0, 0, 0, 0, 0, 0, 0, 0, 0, 0, 0, 0, 0, 0, '0000-00-00 00:00:00', ''),
(417, 0, '', '2016-10-01 07:07:01', 'Rouen', 'moins', 'deplacement', 468, 0, 0, 0, 0, 0, 0, 0, 0, 0, -1, 0, 0, 0, 0, 0, 0, 0, 0, 0, 0, 0, 0, 0, 0, 0, 0, 0, '0000-00-00 00:00:00', ''),
(418, 0, '', '2016-10-01 07:07:01', 'Marche_St_Marc', 'plus', 'deplacement', 468, 0, 0, 0, 0, 0, 0, 0, 0, 0, 1, 0, 0, 0, 0, 0, 0, 0, 0, 0, 0, 0, 0, 0, 0, 0, 0, 0, '0000-00-00 00:00:00', ''),
(419, 0, '', '2016-10-01 07:07:01', 'Rouen', 'moins', 'deplacement', 468, 0, 0, 0, 0, 0, 0, 0, 0, 0, 0, -1, 0, 0, 0, 0, 0, 0, 0, 0, 0, 0, 0, 0, 0, 0, 0, 0, '0000-00-00 00:00:00', ''),
(420, 0, '', '2016-10-01 07:07:01', 'Marche_St_Marc', 'plus', 'deplacement', 468, 0, 0, 0, 0, 0, 0, 0, 0, 0, 0, 1, 0, 0, 0, 0, 0, 0, 0, 0, 0, 0, 0, 0, 0, 0, 0, 0, '0000-00-00 00:00:00', ''),
(421, 0, '', '2016-10-01 07:09:29', 'Rouen', 'moins', 'deplacement', 466, 0, -1, 0, 0, 0, 0, 0, 0, 0, 0, 0, 0, 0, 0, 0, 0, 0, 0, 0, 0, 0, 0, 0, 0, 0, 0, 0, '0000-00-00 00:00:00', ''),
(422, 0, '', '2016-10-01 07:09:29', 'Marche_St_Marc', 'plus', 'deplacement', 466, 0, 1, 0, 0, 0, 0, 0, 0, 0, 0, 0, 0, 0, 0, 0, 0, 0, 0, 0, 0, 0, 0, 0, 0, 0, 0, 0, '0000-00-00 00:00:00', ''),
(423, 0, '', '2016-10-01 07:09:29', 'Rouen', 'moins', 'deplacement', 466, 0, 0, -1, 0, 0, 0, 0, 0, 0, 0, 0, 0, 0, 0, 0, 0, 0, 0, 0, 0, 0, 0, 0, 0, 0, 0, 0, '0000-00-00 00:00:00', ''),
(424, 0, '', '2016-10-01 07:09:29', 'Marche_St_Marc', 'plus', 'deplacement', 466, 0, 0, 1, 0, 0, 0, 0, 0, 0, 0, 0, 0, 0, 0, 0, 0, 0, 0, 0, 0, 0, 0, 0, 0, 0, 0, 0, '0000-00-00 00:00:00', ''),
(425, 0, '', '2016-10-01 07:09:29', 'Rouen', 'moins', 'deplacement', 466, 0, 0, 0, -1, 0, 0, 0, 0, 0, 0, 0, 0, 0, 0, 0, 0, 0, 0, 0, 0, 0, 0, 0, 0, 0, 0, 0, '0000-00-00 00:00:00', ''),
(426, 0, '', '2016-10-01 07:09:29', 'Marche_St_Marc', 'plus', 'deplacement', 466, 0, 0, 0, 1, 0, 0, 0, 0, 0, 0, 0, 0, 0, 0, 0, 0, 0, 0, 0, 0, 0, 0, 0, 0, 0, 0, 0, '0000-00-00 00:00:00', ''),
(427, 0, '', '2016-10-01 07:09:29', 'Rouen', 'moins', 'deplacement', 466, 0, 0, 0, 0, -1, 0, 0, 0, 0, 0, 0, 0, 0, 0, 0, 0, 0, 0, 0, 0, 0, 0, 0, 0, 0, 0, 0, '0000-00-00 00:00:00', ''),
(428, 0, '', '2016-10-01 07:09:29', 'Marche_St_Marc', 'plus', 'deplacement', 466, 0, 0, 0, 0, 1, 0, 0, 0, 0, 0, 0, 0, 0, 0, 0, 0, 0, 0, 0, 0, 0, 0, 0, 0, 0, 0, 0, '0000-00-00 00:00:00', ''),
(429, 0, '', '2016-10-01 07:09:29', 'Rouen', 'moins', 'deplacement', 466, 0, 0, 0, 0, 0, -1, 0, 0, 0, 0, 0, 0, 0, 0, 0, 0, 0, 0, 0, 0, 0, 0, 0, 0, 0, 0, 0, '0000-00-00 00:00:00', ''),
(430, 0, '', '2016-10-01 07:09:29', 'Marche_St_Marc', 'plus', 'deplacement', 466, 0, 0, 0, 0, 0, 1, 0, 0, 0, 0, 0, 0, 0, 0, 0, 0, 0, 0, 0, 0, 0, 0, 0, 0, 0, 0, 0, '0000-00-00 00:00:00', ''),
(431, 0, '', '2016-10-01 07:09:29', 'Rouen', 'moins', 'deplacement', 466, 0, 0, 0, 0, 0, 0, -1, 0, 0, 0, 0, 0, 0, 0, 0, 0, 0, 0, 0, 0, 0, 0, 0, 0, 0, 0, 0, '0000-00-00 00:00:00', ''),
(432, 0, '', '2016-10-01 07:09:29', 'Marche_St_Marc', 'plus', 'deplacement', 466, 0, 0, 0, 0, 0, 0, 1, 0, 0, 0, 0, 0, 0, 0, 0, 0, 0, 0, 0, 0, 0, 0, 0, 0, 0, 0, 0, '0000-00-00 00:00:00', ''),
(433, 0, '', '2016-10-01 07:09:29', 'Rouen', 'moins', 'deplacement', 466, 0, 0, 0, 0, 0, 0, 0, -1, 0, 0, 0, 0, 0, 0, 0, 0, 0, 0, 0, 0, 0, 0, 0, 0, 0, 0, 0, '0000-00-00 00:00:00', ''),
(434, 0, '', '2016-10-01 07:09:29', 'Marche_St_Marc', 'plus', 'deplacement', 466, 0, 0, 0, 0, 0, 0, 0, 1, 0, 0, 0, 0, 0, 0, 0, 0, 0, 0, 0, 0, 0, 0, 0, 0, 0, 0, 0, '0000-00-00 00:00:00', ''),
(435, 0, '', '2016-10-01 07:09:29', 'Rouen', 'moins', 'deplacement', 466, 0, 0, 0, 0, 0, 0, 0, 0, -1, 0, 0, 0, 0, 0, 0, 0, 0, 0, 0, 0, 0, 0, 0, 0, 0, 0, 0, '0000-00-00 00:00:00', ''),
(436, 0, '', '2016-10-01 07:09:29', 'Marche_St_Marc', 'plus', 'deplacement', 466, 0, 0, 0, 0, 0, 0, 0, 0, 1, 0, 0, 0, 0, 0, 0, 0, 0, 0, 0, 0, 0, 0, 0, 0, 0, 0, 0, '0000-00-00 00:00:00', ''),
(437, 0, '', '2016-10-01 07:09:29', 'Rouen', 'moins', 'deplacement', 466, 0, 0, 0, 0, 0, 0, 0, 0, 0, -1, 0, 0, 0, 0, 0, 0, 0, 0, 0, 0, 0, 0, 0, 0, 0, 0, 0, '0000-00-00 00:00:00', ''),
(438, 0, '', '2016-10-01 07:09:29', 'Marche_St_Marc', 'plus', 'deplacement', 466, 0, 0, 0, 0, 0, 0, 0, 0, 0, 1, 0, 0, 0, 0, 0, 0, 0, 0, 0, 0, 0, 0, 0, 0, 0, 0, 0, '0000-00-00 00:00:00', ''),
(439, 0, '', '2016-10-01 07:09:29', 'Rouen', 'moins', 'deplacement', 466, 0, 0, 0, 0, 0, 0, 0, 0, 0, 0, -1, 0, 0, 0, 0, 0, 0, 0, 0, 0, 0, 0, 0, 0, 0, 0, 0, '0000-00-00 00:00:00', ''),
(440, 0, '', '2016-10-01 07:09:29', 'Marche_St_Marc', 'plus', 'deplacement', 466, 0, 0, 0, 0, 0, 0, 0, 0, 0, 0, 1, 0, 0, 0, 0, 0, 0, 0, 0, 0, 0, 0, 0, 0, 0, 0, 0, '0000-00-00 00:00:00', ''),
(441, 0, '', '2016-10-01 19:49:24', 'Rouen', 'moins', 'vente', 359, 0, 0, 0, 0, 0, -1, 0, 0, 0, 0, 0, 0, 0, 0, 0, 0, 0, 0, 0, 0, 0, 0, 0, 0, 0, 0, 0, '0000-00-00 00:00:00', ''),
(442, 0, '', '2016-10-02 06:57:23', 'Marche_St_Marc', 'moins', 'vente', 479, 0, -1, 0, 0, 0, 0, 0, 0, 0, 0, 0, 0, 0, 0, 0, 0, 0, 0, 0, 0, 0, 0, 0, 0, 0, 0, 0, '0000-00-00 00:00:00', ''),
(443, 0, '', '2016-10-08 06:59:10', 'Rouen', 'moins', 'vente', 469, 0, 0, 0, -1, 0, 0, 0, 0, 0, 0, 0, 0, 0, 0, 0, 0, 0, 0, 0, 0, 0, 0, 0, 0, 0, 0, 0, '0000-00-00 00:00:00', ''),
(444, 0, '', '2016-10-08 07:16:54', 'Rouen', 'moins', 'deplacement', 469, 0, -1, 0, 0, 0, 0, 0, 0, 0, 0, 0, 0, 0, 0, 0, 0, 0, 0, 0, 0, 0, 0, 0, 0, 0, 0, 0, '0000-00-00 00:00:00', ''),
(445, 0, '', '2016-10-08 07:16:54', 'Marche_St_Marc', 'plus', 'deplacement', 469, 0, 1, 0, 0, 0, 0, 0, 0, 0, 0, 0, 0, 0, 0, 0, 0, 0, 0, 0, 0, 0, 0, 0, 0, 0, 0, 0, '0000-00-00 00:00:00', ''),
(446, 0, '', '2016-10-08 07:16:54', 'Rouen', 'moins', 'deplacement', 469, 0, 0, -1, 0, 0, 0, 0, 0, 0, 0, 0, 0, 0, 0, 0, 0, 0, 0, 0, 0, 0, 0, 0, 0, 0, 0, 0, '0000-00-00 00:00:00', ''),
(447, 0, '', '2016-10-08 07:16:54', 'Marche_St_Marc', 'plus', 'deplacement', 469, 0, 0, 1, 0, 0, 0, 0, 0, 0, 0, 0, 0, 0, 0, 0, 0, 0, 0, 0, 0, 0, 0, 0, 0, 0, 0, 0, '0000-00-00 00:00:00', ''),
(448, 0, '', '2016-10-08 07:16:54', 'Rouen', 'moins', 'deplacement', 469, 0, 0, 0, 0, -1, 0, 0, 0, 0, 0, 0, 0, 0, 0, 0, 0, 0, 0, 0, 0, 0, 0, 0, 0, 0, 0, 0, '0000-00-00 00:00:00', ''),
(449, 0, '', '2016-10-08 07:16:54', 'Marche_St_Marc', 'plus', 'deplacement', 469, 0, 0, 0, 0, 1, 0, 0, 0, 0, 0, 0, 0, 0, 0, 0, 0, 0, 0, 0, 0, 0, 0, 0, 0, 0, 0, 0, '0000-00-00 00:00:00', ''),
(450, 0, '', '2016-10-08 07:16:54', 'Rouen', 'moins', 'deplacement', 469, 0, 0, 0, 0, 0, -1, 0, 0, 0, 0, 0, 0, 0, 0, 0, 0, 0, 0, 0, 0, 0, 0, 0, 0, 0, 0, 0, '0000-00-00 00:00:00', ''),
(451, 0, '', '2016-10-08 07:16:54', 'Marche_St_Marc', 'plus', 'deplacement', 469, 0, 0, 0, 0, 0, 1, 0, 0, 0, 0, 0, 0, 0, 0, 0, 0, 0, 0, 0, 0, 0, 0, 0, 0, 0, 0, 0, '0000-00-00 00:00:00', ''),
(452, 0, '', '2016-10-08 07:16:54', 'Rouen', 'moins', 'deplacement', 469, 0, 0, 0, 0, 0, 0, -1, 0, 0, 0, 0, 0, 0, 0, 0, 0, 0, 0, 0, 0, 0, 0, 0, 0, 0, 0, 0, '0000-00-00 00:00:00', ''),
(453, 0, '', '2016-10-08 07:16:54', 'Marche_St_Marc', 'plus', 'deplacement', 469, 0, 0, 0, 0, 0, 0, 1, 0, 0, 0, 0, 0, 0, 0, 0, 0, 0, 0, 0, 0, 0, 0, 0, 0, 0, 0, 0, '0000-00-00 00:00:00', ''),
(454, 0, '', '2016-10-08 07:16:54', 'Rouen', 'moins', 'deplacement', 469, 0, 0, 0, 0, 0, 0, 0, -1, 0, 0, 0, 0, 0, 0, 0, 0, 0, 0, 0, 0, 0, 0, 0, 0, 0, 0, 0, '0000-00-00 00:00:00', ''),
(455, 0, '', '2016-10-08 07:16:54', 'Marche_St_Marc', 'plus', 'deplacement', 469, 0, 0, 0, 0, 0, 0, 0, 1, 0, 0, 0, 0, 0, 0, 0, 0, 0, 0, 0, 0, 0, 0, 0, 0, 0, 0, 0, '0000-00-00 00:00:00', ''),
(456, 0, '', '2016-10-08 07:16:54', 'Rouen', 'moins', 'deplacement', 469, 0, 0, 0, 0, 0, 0, 0, 0, -1, 0, 0, 0, 0, 0, 0, 0, 0, 0, 0, 0, 0, 0, 0, 0, 0, 0, 0, '0000-00-00 00:00:00', ''),
(457, 0, '', '2016-10-08 07:16:54', 'Marche_St_Marc', 'plus', 'deplacement', 469, 0, 0, 0, 0, 0, 0, 0, 0, 1, 0, 0, 0, 0, 0, 0, 0, 0, 0, 0, 0, 0, 0, 0, 0, 0, 0, 0, '0000-00-00 00:00:00', ''),
(458, 0, '', '2016-10-08 07:16:54', 'Rouen', 'moins', 'deplacement', 469, 0, 0, 0, 0, 0, 0, 0, 0, 0, -1, 0, 0, 0, 0, 0, 0, 0, 0, 0, 0, 0, 0, 0, 0, 0, 0, 0, '0000-00-00 00:00:00', ''),
(459, 0, '', '2016-10-08 07:16:54', 'Marche_St_Marc', 'plus', 'deplacement', 469, 0, 0, 0, 0, 0, 0, 0, 0, 0, 1, 0, 0, 0, 0, 0, 0, 0, 0, 0, 0, 0, 0, 0, 0, 0, 0, 0, '0000-00-00 00:00:00', ''),
(460, 0, '', '2016-10-08 07:16:54', 'Rouen', 'moins', 'deplacement', 469, 0, 0, 0, 0, 0, 0, 0, 0, 0, 0, -1, 0, 0, 0, 0, 0, 0, 0, 0, 0, 0, 0, 0, 0, 0, 0, 0, '0000-00-00 00:00:00', ''),
(461, 0, '', '2016-10-08 07:16:54', 'Marche_St_Marc', 'plus', 'deplacement', 469, 0, 0, 0, 0, 0, 0, 0, 0, 0, 0, 1, 0, 0, 0, 0, 0, 0, 0, 0, 0, 0, 0, 0, 0, 0, 0, 0, '0000-00-00 00:00:00', ''),
(462, 0, '', '2016-10-09 07:25:35', 'Marche_St_Marc', 'moins', 'vente', 476, 0, 0, 0, 0, 0, 0, -1, 0, 0, 0, 0, 0, 0, 0, 0, 0, 0, 0, 0, 0, 0, 0, 0, 0, 0, 0, 0, '0000-00-00 00:00:00', ''),
(463, 0, '', '2016-10-16 18:09:27', 'Marche_St_Marc', 'moins', 'vente', 467, 0, -1, 0, 0, 0, 0, 0, 0, 0, 0, 0, 0, 0, 0, 0, 0, 0, 0, 0, 0, 0, 0, 0, 0, 0, 0, 0, '0000-00-00 00:00:00', ''),
(464, 0, '', '2016-10-16 18:10:15', 'Marche_St_Marc', 'moins', 'vente', 467, 0, 0, -1, 0, 0, 0, 0, 0, 0, 0, 0, 0, 0, 0, 0, 0, 0, 0, 0, 0, 0, 0, 0, 0, 0, 0, 0, '0000-00-00 00:00:00', ''),
(465, 0, '', '2016-10-22 18:20:10', 'Rouen', 'moins', 'vente', 426, 0, 0, 0, 0, 0, 0, 0, 0, -1, 0, 0, 0, 0, 0, 0, 0, 0, 0, 0, 0, 0, 0, 0, 0, 0, 0, 0, '0000-00-00 00:00:00', ''),
(466, 0, '', '2016-10-22 18:20:54', 'Rouen', 'moins', 'vente', 442, 0, 0, 0, 0, 0, 0, 0, 0, 0, 0, 0, 0, 0, -1, 0, 0, 0, 0, 0, 0, 0, 0, 0, 0, 0, 0, 0, '0000-00-00 00:00:00', ''),
(467, 0, '', '2016-10-22 18:21:32', 'Rouen', 'moins', 'vente', 514, 0, 0, -1, 0, 0, 0, 0, 0, 0, 0, 0, 0, 0, 0, 0, 0, 0, 0, 0, 0, 0, 0, 0, 0, 0, 0, 0, '0000-00-00 00:00:00', ''),
(468, 0, '', '2016-10-22 18:22:25', 'Rouen', 'moins', 'vente', 404, 0, 0, 0, 0, 0, 0, -1, 0, 0, 0, 0, 0, 0, 0, 0, 0, 0, 0, 0, 0, 0, 0, 0, 0, 0, 0, 0, '0000-00-00 00:00:00', ''),
(469, 0, '', '2016-10-22 18:23:28', 'Rouen', 'moins', 'vente', 371, 0, -1, 0, 0, 0, 0, 0, 0, 0, 0, 0, 0, 0, 0, 0, 0, 0, 0, 0, 0, 0, 0, 0, 0, 0, 0, 0, '0000-00-00 00:00:00', ''),
(470, 0, '', '2016-10-22 18:25:20', 'Rouen', 'moins', 'vente', 507, -1, 0, 0, 0, 0, 0, 0, 0, 0, 0, 0, 0, 0, 0, 0, 0, 0, 0, 0, 0, 0, 0, 0, 0, 0, 0, 0, '0000-00-00 00:00:00', ''),
(471, 0, '', '2016-10-22 18:29:02', 'Rouen', 'moins', 'vente', 478, 0, 0, -1, 0, 0, 0, 0, 0, 0, 0, 0, 0, 0, 0, 0, 0, 0, 0, 0, 0, 0, 0, 0, 0, 0, 0, 0, '0000-00-00 00:00:00', ''),
(472, 0, '', '2016-10-22 18:45:12', 'Reserve', 'moins', 'deplacement', 364, 0, 0, -1, 0, 0, 0, 0, 0, 0, 0, 0, 0, 0, 0, 0, 0, 0, 0, 0, 0, 0, 0, 0, 0, 0, 0, 0, '0000-00-00 00:00:00', ''),
(473, 0, '', '2016-10-22 18:45:12', 'Rouen', 'plus', 'deplacement', 364, 0, 0, 1, 0, 0, 0, 0, 0, 0, 0, 0, 0, 0, 0, 0, 0, 0, 0, 0, 0, 0, 0, 0, 0, 0, 0, 0, '0000-00-00 00:00:00', ''),
(474, 0, '', '2016-10-22 18:45:12', 'Reserve', 'moins', 'deplacement', 364, 0, 0, 0, -1, 0, 0, 0, 0, 0, 0, 0, 0, 0, 0, 0, 0, 0, 0, 0, 0, 0, 0, 0, 0, 0, 0, 0, '0000-00-00 00:00:00', ''),
(475, 0, '', '2016-10-22 18:45:12', 'Rouen', 'plus', 'deplacement', 364, 0, 0, 0, 1, 0, 0, 0, 0, 0, 0, 0, 0, 0, 0, 0, 0, 0, 0, 0, 0, 0, 0, 0, 0, 0, 0, 0, '0000-00-00 00:00:00', ''),
(476, 0, '', '2016-10-22 18:45:12', 'Reserve', 'moins', 'deplacement', 364, 0, 0, 0, 0, 0, -1, 0, 0, 0, 0, 0, 0, 0, 0, 0, 0, 0, 0, 0, 0, 0, 0, 0, 0, 0, 0, 0, '0000-00-00 00:00:00', ''),
(477, 0, '', '2016-10-22 18:45:12', 'Rouen', 'plus', 'deplacement', 364, 0, 0, 0, 0, 0, 1, 0, 0, 0, 0, 0, 0, 0, 0, 0, 0, 0, 0, 0, 0, 0, 0, 0, 0, 0, 0, 0, '0000-00-00 00:00:00', ''),
(478, 0, '', '2016-10-22 18:45:12', 'Reserve', 'moins', 'deplacement', 364, 0, 0, 0, 0, 0, 0, 0, 0, -1, 0, 0, 0, 0, 0, 0, 0, 0, 0, 0, 0, 0, 0, 0, 0, 0, 0, 0, '0000-00-00 00:00:00', ''),
(479, 0, '', '2016-10-22 18:45:12', 'Rouen', 'plus', 'deplacement', 364, 0, 0, 0, 0, 0, 0, 0, 0, 1, 0, 0, 0, 0, 0, 0, 0, 0, 0, 0, 0, 0, 0, 0, 0, 0, 0, 0, '0000-00-00 00:00:00', ''),
(480, 0, '', '2016-10-22 18:45:32', 'Reserve', 'moins', 'deplacement', 363, 0, 0, 0, 0, 0, -1, 0, 0, 0, 0, 0, 0, 0, 0, 0, 0, 0, 0, 0, 0, 0, 0, 0, 0, 0, 0, 0, '0000-00-00 00:00:00', ''),
(481, 0, '', '2016-10-22 18:45:32', 'Rouen', 'plus', 'deplacement', 363, 0, 0, 0, 0, 0, 1, 0, 0, 0, 0, 0, 0, 0, 0, 0, 0, 0, 0, 0, 0, 0, 0, 0, 0, 0, 0, 0, '0000-00-00 00:00:00', ''),
(482, 0, '', '2016-11-06 06:56:38', 'Rouen', 'moins', 'vente', 511, -1, 0, 0, 0, 0, 0, 0, 0, 0, 0, 0, 0, 0, 0, 0, 0, 0, 0, 0, 0, 0, 0, 0, 0, 0, 0, 0, '0000-00-00 00:00:00', ''),
(483, 0, '', '2016-10-30 07:05:25', 'Marche_St_Marc', 'moins', 'vente', 479, 0, 0, 0, 0, 0, -1, 0, 0, 0, 0, 0, 0, 0, 0, 0, 0, 0, 0, 0, 0, 0, 0, 0, 0, 0, 0, 0, '0000-00-00 00:00:00', ''),
(484, 0, '', '2016-10-30 07:22:24', 'Rouen', 'moins', 'vente', 507, -1, 0, 0, 0, 0, 0, 0, 0, 0, 0, 0, 0, 0, 0, 0, 0, 0, 0, 0, 0, 0, 0, 0, 0, 0, 0, 0, '0000-00-00 00:00:00', ''),
(485, 0, '', '2016-10-30 07:23:33', 'Rouen', 'moins', 'vente', 513, 0, -1, 0, 0, 0, 0, 0, 0, 0, 0, 0, 0, 0, 0, 0, 0, 0, 0, 0, 0, 0, 0, 0, 0, 0, 0, 0, '0000-00-00 00:00:00', ''),
(486, 0, '', '2016-11-06 07:26:01', 'Rouen', 'moins', 'vente', 431, 0, 0, 0, 0, 0, 0, 0, -1, 0, 0, 0, 0, 0, 0, 0, 0, 0, 0, 0, 0, 0, 0, 0, 0, 0, 0, 0, '0000-00-00 00:00:00', ''),
(487, 0, '', '2016-11-06 07:27:21', 'Rouen', 'moins', 'vente', 442, 0, 0, 0, 0, 0, 0, 0, 0, 0, -1, 0, 0, 0, 0, 0, 0, 0, 0, 0, 0, 0, 0, 0, 0, 0, 0, 0, '0000-00-00 00:00:00', ''),
(488, 0, '', '2016-11-05 07:28:55', 'Rouen', 'moins', 'vente', 507, -1, 0, 0, 0, 0, 0, 0, 0, 0, 0, 0, 0, 0, 0, 0, 0, 0, 0, 0, 0, 0, 0, 0, 0, 0, 0, 0, '0000-00-00 00:00:00', ''),
(489, 0, '', '2016-11-05 07:31:23', 'Rouen', 'moins', 'vente', 515, 0, 0, -1, 0, 0, 0, 0, 0, 0, 0, 0, 0, 0, 0, 0, 0, 0, 0, 0, 0, 0, 0, 0, 0, 0, 0, 0, '0000-00-00 00:00:00', ''),
(490, 0, '', '2016-11-09 15:02:18', 'Marche_St_Marc', 'moins', 'deplacement', 467, 0, 0, 0, 0, 0, 0, -1, 0, 0, 0, 0, 0, 0, 0, 0, 0, 0, 0, 0, 0, 0, 0, 0, 0, 0, 0, 0, '0000-00-00 00:00:00', ''),
(491, 0, '', '2016-11-09 15:02:18', 'malfa?on\r\n', 'plus', 'deplacement', 467, 0, 0, 0, 0, 0, 0, 1, 0, 0, 0, 0, 0, 0, 0, 0, 0, 0, 0, 0, 0, 0, 0, 0, 0, 0, 0, 0, '0000-00-00 00:00:00', ''),
(492, 0, '', '2016-11-06 07:02:43', 'Rouen', 'moins', 'vente', 516, -1, 0, 0, 0, 0, 0, 0, 0, 0, 0, 0, 0, 0, 0, 0, 0, 0, 0, 0, 0, 0, 0, 0, 0, 0, 0, 0, '0000-00-00 00:00:00', ''),
(494, 0, 'FactureFournisseur-103', '2016-11-18 00:00:00', 'Rouen', 'plus', 'achat', 470, 0, 2, 2, 2, 2, 2, 2, 2, 2, 2, 2, 0, 0, 0, 0, 0, 0, 0, 0, 0, 0, 0, 0, 0, 0, 0, 0, '0000-00-00 00:00:00', ''),
(495, 0, 'FactureFournisseur-103', '2016-11-18 00:00:00', 'Rouen', 'plus', 'achat', 534, 0, 2, 2, 2, 2, 2, 2, 0, 0, 0, 0, 0, 0, 0, 0, 0, 0, 0, 0, 0, 0, 0, 0, 0, 0, 0, 0, '0000-00-00 00:00:00', ''),
(496, 0, 'FactureFournisseur-103', '2016-11-18 00:00:00', 'Rouen', 'plus', 'achat', 479, 0, 3, 3, 3, 3, 3, 3, 2, 2, 1, 1, 0, 0, 0, 0, 0, 0, 0, 0, 0, 0, 0, 0, 0, 0, 0, 0, '0000-00-00 00:00:00', ''),
(497, 0, '', '2016-11-19 18:26:03', 'Rouen', 'moins', 'deplacement', 479, 0, -2, 0, 0, 0, 0, 0, 0, 0, 0, 0, 0, 0, 0, 0, 0, 0, 0, 0, 0, 0, 0, 0, 0, 0, 0, 0, '0000-00-00 00:00:00', ''),
(498, 0, '', '2016-11-19 18:26:03', 'Ebay', 'plus', 'deplacement', 479, 0, 2, 0, 0, 0, 0, 0, 0, 0, 0, 0, 0, 0, 0, 0, 0, 0, 0, 0, 0, 0, 0, 0, 0, 0, 0, 0, '0000-00-00 00:00:00', ''),
(499, 0, '', '2016-11-19 18:26:03', 'Rouen', 'moins', 'deplacement', 479, 0, 0, -2, 0, 0, 0, 0, 0, 0, 0, 0, 0, 0, 0, 0, 0, 0, 0, 0, 0, 0, 0, 0, 0, 0, 0, 0, '0000-00-00 00:00:00', ''),
(500, 0, '', '2016-11-19 18:26:03', 'Ebay', 'plus', 'deplacement', 479, 0, 0, 2, 0, 0, 0, 0, 0, 0, 0, 0, 0, 0, 0, 0, 0, 0, 0, 0, 0, 0, 0, 0, 0, 0, 0, 0, '0000-00-00 00:00:00', ''),
(501, 0, '', '2016-11-19 18:26:03', 'Rouen', 'moins', 'deplacement', 479, 0, 0, 0, -2, 0, 0, 0, 0, 0, 0, 0, 0, 0, 0, 0, 0, 0, 0, 0, 0, 0, 0, 0, 0, 0, 0, 0, '0000-00-00 00:00:00', ''),
(502, 0, '', '2016-11-19 18:26:03', 'Ebay', 'plus', 'deplacement', 479, 0, 0, 0, 2, 0, 0, 0, 0, 0, 0, 0, 0, 0, 0, 0, 0, 0, 0, 0, 0, 0, 0, 0, 0, 0, 0, 0, '0000-00-00 00:00:00', ''),
(503, 0, '', '2016-11-19 18:26:03', 'Rouen', 'moins', 'deplacement', 479, 0, 0, 0, 0, -2, 0, 0, 0, 0, 0, 0, 0, 0, 0, 0, 0, 0, 0, 0, 0, 0, 0, 0, 0, 0, 0, 0, '0000-00-00 00:00:00', ''),
(504, 0, '', '2016-11-19 18:26:03', 'Ebay', 'plus', 'deplacement', 479, 0, 0, 0, 0, 2, 0, 0, 0, 0, 0, 0, 0, 0, 0, 0, 0, 0, 0, 0, 0, 0, 0, 0, 0, 0, 0, 0, '0000-00-00 00:00:00', ''),
(505, 0, '', '2016-11-19 18:26:03', 'Rouen', 'moins', 'deplacement', 479, 0, 0, 0, 0, 0, -2, 0, 0, 0, 0, 0, 0, 0, 0, 0, 0, 0, 0, 0, 0, 0, 0, 0, 0, 0, 0, 0, '0000-00-00 00:00:00', ''),
(506, 0, '', '2016-11-19 18:26:03', 'Ebay', 'plus', 'deplacement', 479, 0, 0, 0, 0, 0, 2, 0, 0, 0, 0, 0, 0, 0, 0, 0, 0, 0, 0, 0, 0, 0, 0, 0, 0, 0, 0, 0, '0000-00-00 00:00:00', ''),
(507, 0, '', '2016-11-19 18:26:03', 'Rouen', 'moins', 'deplacement', 479, 0, 0, 0, 0, 0, 0, -2, 0, 0, 0, 0, 0, 0, 0, 0, 0, 0, 0, 0, 0, 0, 0, 0, 0, 0, 0, 0, '0000-00-00 00:00:00', ''),
(508, 0, '', '2016-11-19 18:26:03', 'Ebay', 'plus', 'deplacement', 479, 0, 0, 0, 0, 0, 0, 2, 0, 0, 0, 0, 0, 0, 0, 0, 0, 0, 0, 0, 0, 0, 0, 0, 0, 0, 0, 0, '0000-00-00 00:00:00', ''),
(509, 0, '', '2016-11-19 18:26:03', 'Rouen', 'moins', 'deplacement', 479, 0, 0, 0, 0, 0, 0, 0, -2, 0, 0, 0, 0, 0, 0, 0, 0, 0, 0, 0, 0, 0, 0, 0, 0, 0, 0, 0, '0000-00-00 00:00:00', ''),
(510, 0, '', '2016-11-19 18:26:03', 'Ebay', 'plus', 'deplacement', 479, 0, 0, 0, 0, 0, 0, 0, 2, 0, 0, 0, 0, 0, 0, 0, 0, 0, 0, 0, 0, 0, 0, 0, 0, 0, 0, 0, '0000-00-00 00:00:00', ''),
(511, 0, '', '2016-11-19 18:26:03', 'Rouen', 'moins', 'deplacement', 479, 0, 0, 0, 0, 0, 0, 0, 0, -2, 0, 0, 0, 0, 0, 0, 0, 0, 0, 0, 0, 0, 0, 0, 0, 0, 0, 0, '0000-00-00 00:00:00', ''),
(512, 0, '', '2016-11-19 18:26:03', 'Ebay', 'plus', 'deplacement', 479, 0, 0, 0, 0, 0, 0, 0, 0, 2, 0, 0, 0, 0, 0, 0, 0, 0, 0, 0, 0, 0, 0, 0, 0, 0, 0, 0, '0000-00-00 00:00:00', ''),
(513, 0, '', '2016-11-19 18:26:03', 'Rouen', 'moins', 'deplacement', 479, 0, 0, 0, 0, 0, 0, 0, 0, 0, -1, 0, 0, 0, 0, 0, 0, 0, 0, 0, 0, 0, 0, 0, 0, 0, 0, 0, '0000-00-00 00:00:00', ''),
(514, 0, '', '2016-11-19 18:26:03', 'Ebay', 'plus', 'deplacement', 479, 0, 0, 0, 0, 0, 0, 0, 0, 0, 1, 0, 0, 0, 0, 0, 0, 0, 0, 0, 0, 0, 0, 0, 0, 0, 0, 0, '0000-00-00 00:00:00', ''),
(515, 0, '', '2016-11-19 18:26:03', 'Rouen', 'moins', 'deplacement', 479, 0, 0, 0, 0, 0, 0, 0, 0, 0, 0, -1, 0, 0, 0, 0, 0, 0, 0, 0, 0, 0, 0, 0, 0, 0, 0, 0, '0000-00-00 00:00:00', ''),
(516, 0, '', '2016-11-19 18:26:03', 'Ebay', 'plus', 'deplacement', 479, 0, 0, 0, 0, 0, 0, 0, 0, 0, 0, 1, 0, 0, 0, 0, 0, 0, 0, 0, 0, 0, 0, 0, 0, 0, 0, 0, '0000-00-00 00:00:00', ''),
(517, 0, '', '2016-11-19 18:28:15', 'Rouen', 'moins', 'deplacement', 479, 0, -1, 0, 0, 0, 0, 0, 0, 0, 0, 0, 0, 0, 0, 0, 0, 0, 0, 0, 0, 0, 0, 0, 0, 0, 0, 0, '0000-00-00 00:00:00', ''),
(518, 0, '', '2016-11-19 18:28:15', 'Rouen', 'plus', 'deplacement', 479, 0, 1, 0, 0, 0, 0, 0, 0, 0, 0, 0, 0, 0, 0, 0, 0, 0, 0, 0, 0, 0, 0, 0, 0, 0, 0, 0, '0000-00-00 00:00:00', ''),
(519, 0, '', '2016-11-19 18:28:15', 'Rouen', 'moins', 'deplacement', 479, 0, 0, -1, 0, 0, 0, 0, 0, 0, 0, 0, 0, 0, 0, 0, 0, 0, 0, 0, 0, 0, 0, 0, 0, 0, 0, 0, '0000-00-00 00:00:00', ''),
(520, 0, '', '2016-11-19 18:28:15', 'Rouen', 'plus', 'deplacement', 479, 0, 0, 1, 0, 0, 0, 0, 0, 0, 0, 0, 0, 0, 0, 0, 0, 0, 0, 0, 0, 0, 0, 0, 0, 0, 0, 0, '0000-00-00 00:00:00', ''),
(521, 0, '', '2016-11-19 18:28:15', 'Rouen', 'moins', 'deplacement', 479, 0, 0, 0, -1, 0, 0, 0, 0, 0, 0, 0, 0, 0, 0, 0, 0, 0, 0, 0, 0, 0, 0, 0, 0, 0, 0, 0, '0000-00-00 00:00:00', ''),
(522, 0, '', '2016-11-19 18:28:15', 'Rouen', 'plus', 'deplacement', 479, 0, 0, 0, 1, 0, 0, 0, 0, 0, 0, 0, 0, 0, 0, 0, 0, 0, 0, 0, 0, 0, 0, 0, 0, 0, 0, 0, '0000-00-00 00:00:00', ''),
(523, 0, '', '2016-11-19 18:28:15', 'Rouen', 'moins', 'deplacement', 479, 0, 0, 0, 0, -1, 0, 0, 0, 0, 0, 0, 0, 0, 0, 0, 0, 0, 0, 0, 0, 0, 0, 0, 0, 0, 0, 0, '0000-00-00 00:00:00', ''),
(524, 0, '', '2016-11-19 18:28:15', 'Rouen', 'plus', 'deplacement', 479, 0, 0, 0, 0, 1, 0, 0, 0, 0, 0, 0, 0, 0, 0, 0, 0, 0, 0, 0, 0, 0, 0, 0, 0, 0, 0, 0, '0000-00-00 00:00:00', ''),
(525, 0, '', '2016-11-19 18:28:15', 'Rouen', 'moins', 'deplacement', 479, 0, 0, 0, 0, 0, -1, 0, 0, 0, 0, 0, 0, 0, 0, 0, 0, 0, 0, 0, 0, 0, 0, 0, 0, 0, 0, 0, '0000-00-00 00:00:00', ''),
(526, 0, '', '2016-11-19 18:28:15', 'Rouen', 'plus', 'deplacement', 479, 0, 0, 0, 0, 0, 1, 0, 0, 0, 0, 0, 0, 0, 0, 0, 0, 0, 0, 0, 0, 0, 0, 0, 0, 0, 0, 0, '0000-00-00 00:00:00', ''),
(527, 0, '', '2016-11-19 18:28:15', 'Rouen', 'moins', 'deplacement', 479, 0, 0, 0, 0, 0, 0, -1, 0, 0, 0, 0, 0, 0, 0, 0, 0, 0, 0, 0, 0, 0, 0, 0, 0, 0, 0, 0, '0000-00-00 00:00:00', ''),
(528, 0, '', '2016-11-19 18:28:15', 'Rouen', 'plus', 'deplacement', 479, 0, 0, 0, 0, 0, 0, 1, 0, 0, 0, 0, 0, 0, 0, 0, 0, 0, 0, 0, 0, 0, 0, 0, 0, 0, 0, 0, '0000-00-00 00:00:00', ''),
(529, 0, '', '2016-11-19 18:42:12', 'Rouen', 'moins', 'deplacement', 479, 0, -1, 0, 0, 0, 0, 0, 0, 0, 0, 0, 0, 0, 0, 0, 0, 0, 0, 0, 0, 0, 0, 0, 0, 0, 0, 0, '0000-00-00 00:00:00', ''),
(530, 0, '', '2016-11-19 18:42:12', 'Marche_St_Marc', 'plus', 'deplacement', 479, 0, 1, 0, 0, 0, 0, 0, 0, 0, 0, 0, 0, 0, 0, 0, 0, 0, 0, 0, 0, 0, 0, 0, 0, 0, 0, 0, '0000-00-00 00:00:00', ''),
(531, 0, '', '2016-11-19 18:42:12', 'Rouen', 'moins', 'deplacement', 479, 0, 0, 0, 0, 0, -1, 0, 0, 0, 0, 0, 0, 0, 0, 0, 0, 0, 0, 0, 0, 0, 0, 0, 0, 0, 0, 0, '0000-00-00 00:00:00', ''),
(532, 0, '', '2016-11-19 18:42:12', 'Marche_St_Marc', 'plus', 'deplacement', 479, 0, 0, 0, 0, 0, 1, 0, 0, 0, 0, 0, 0, 0, 0, 0, 0, 0, 0, 0, 0, 0, 0, 0, 0, 0, 0, 0, '0000-00-00 00:00:00', ''),
(533, 0, 'FactureFournisseur-103', '2016-11-18 00:00:00', 'Rouen', 'plus', 'achat', 467, 0, 2, 3, 3, 3, 3, 2, 3, 2, 1, 1, 0, 0, 0, 0, 0, 0, 0, 0, 0, 0, 0, 0, 0, 0, 0, 0, '0000-00-00 00:00:00', ''),
(534, 0, '', '2016-11-20 11:04:42', 'Rouen', 'moins', 'deplacement', 467, 0, -1, 0, 0, 0, 0, 0, 0, 0, 0, 0, 0, 0, 0, 0, 0, 0, 0, 0, 0, 0, 0, 0, 0, 0, 0, 0, '0000-00-00 00:00:00', ''),
(535, 0, '', '2016-11-20 11:04:42', 'Ebay', 'plus', 'deplacement', 467, 0, 1, 0, 0, 0, 0, 0, 0, 0, 0, 0, 0, 0, 0, 0, 0, 0, 0, 0, 0, 0, 0, 0, 0, 0, 0, 0, '0000-00-00 00:00:00', ''),
(536, 0, '', '2016-11-20 11:04:42', 'Rouen', 'moins', 'deplacement', 467, 0, 0, -2, 0, 0, 0, 0, 0, 0, 0, 0, 0, 0, 0, 0, 0, 0, 0, 0, 0, 0, 0, 0, 0, 0, 0, 0, '0000-00-00 00:00:00', ''),
(537, 0, '', '2016-11-20 11:04:42', 'Ebay', 'plus', 'deplacement', 467, 0, 0, 2, 0, 0, 0, 0, 0, 0, 0, 0, 0, 0, 0, 0, 0, 0, 0, 0, 0, 0, 0, 0, 0, 0, 0, 0, '0000-00-00 00:00:00', ''),
(538, 0, '', '2016-11-20 11:04:42', 'Rouen', 'moins', 'deplacement', 467, 0, 0, 0, -2, 0, 0, 0, 0, 0, 0, 0, 0, 0, 0, 0, 0, 0, 0, 0, 0, 0, 0, 0, 0, 0, 0, 0, '0000-00-00 00:00:00', ''),
(539, 0, '', '2016-11-20 11:04:42', 'Ebay', 'plus', 'deplacement', 467, 0, 0, 0, 2, 0, 0, 0, 0, 0, 0, 0, 0, 0, 0, 0, 0, 0, 0, 0, 0, 0, 0, 0, 0, 0, 0, 0, '0000-00-00 00:00:00', ''),
(540, 0, '', '2016-11-20 11:04:42', 'Rouen', 'moins', 'deplacement', 467, 0, 0, 0, 0, -2, 0, 0, 0, 0, 0, 0, 0, 0, 0, 0, 0, 0, 0, 0, 0, 0, 0, 0, 0, 0, 0, 0, '0000-00-00 00:00:00', ''),
(541, 0, '', '2016-11-20 11:04:42', 'Ebay', 'plus', 'deplacement', 467, 0, 0, 0, 0, 2, 0, 0, 0, 0, 0, 0, 0, 0, 0, 0, 0, 0, 0, 0, 0, 0, 0, 0, 0, 0, 0, 0, '0000-00-00 00:00:00', ''),
(542, 0, '', '2016-11-20 11:04:42', 'Rouen', 'moins', 'deplacement', 467, 0, 0, 0, 0, 0, -2, 0, 0, 0, 0, 0, 0, 0, 0, 0, 0, 0, 0, 0, 0, 0, 0, 0, 0, 0, 0, 0, '0000-00-00 00:00:00', ''),
(543, 0, '', '2016-11-20 11:04:42', 'Ebay', 'plus', 'deplacement', 467, 0, 0, 0, 0, 0, 2, 0, 0, 0, 0, 0, 0, 0, 0, 0, 0, 0, 0, 0, 0, 0, 0, 0, 0, 0, 0, 0, '0000-00-00 00:00:00', ''),
(544, 0, '', '2016-11-20 11:04:42', 'Rouen', 'moins', 'deplacement', 467, 0, 0, 0, 0, 0, 0, -1, 0, 0, 0, 0, 0, 0, 0, 0, 0, 0, 0, 0, 0, 0, 0, 0, 0, 0, 0, 0, '0000-00-00 00:00:00', ''),
(545, 0, '', '2016-11-20 11:04:42', 'Ebay', 'plus', 'deplacement', 467, 0, 0, 0, 0, 0, 0, 1, 0, 0, 0, 0, 0, 0, 0, 0, 0, 0, 0, 0, 0, 0, 0, 0, 0, 0, 0, 0, '0000-00-00 00:00:00', ''),
(546, 0, '', '2016-11-20 11:04:42', 'Rouen', 'moins', 'deplacement', 467, 0, 0, 0, 0, 0, 0, 0, -2, 0, 0, 0, 0, 0, 0, 0, 0, 0, 0, 0, 0, 0, 0, 0, 0, 0, 0, 0, '0000-00-00 00:00:00', ''),
(547, 0, '', '2016-11-20 11:04:42', 'Ebay', 'plus', 'deplacement', 467, 0, 0, 0, 0, 0, 0, 0, 2, 0, 0, 0, 0, 0, 0, 0, 0, 0, 0, 0, 0, 0, 0, 0, 0, 0, 0, 0, '0000-00-00 00:00:00', ''),
(548, 0, '', '2016-11-20 11:04:42', 'Rouen', 'moins', 'deplacement', 467, 0, 0, 0, 0, 0, 0, 0, 0, -1, 0, 0, 0, 0, 0, 0, 0, 0, 0, 0, 0, 0, 0, 0, 0, 0, 0, 0, '0000-00-00 00:00:00', ''),
(549, 0, '', '2016-11-20 11:04:42', 'Ebay', 'plus', 'deplacement', 467, 0, 0, 0, 0, 0, 0, 0, 0, 1, 0, 0, 0, 0, 0, 0, 0, 0, 0, 0, 0, 0, 0, 0, 0, 0, 0, 0, '0000-00-00 00:00:00', ''),
(550, 0, '', '2016-11-20 11:04:42', 'Rouen', 'moins', 'deplacement', 467, 0, 0, 0, 0, 0, 0, 0, 0, 0, -1, 0, 0, 0, 0, 0, 0, 0, 0, 0, 0, 0, 0, 0, 0, 0, 0, 0, '0000-00-00 00:00:00', ''),
(551, 0, '', '2016-11-20 11:04:42', 'Ebay', 'plus', 'deplacement', 467, 0, 0, 0, 0, 0, 0, 0, 0, 0, 1, 0, 0, 0, 0, 0, 0, 0, 0, 0, 0, 0, 0, 0, 0, 0, 0, 0, '0000-00-00 00:00:00', ''),
(552, 0, '', '2016-11-20 11:04:42', 'Rouen', 'moins', 'deplacement', 467, 0, 0, 0, 0, 0, 0, 0, 0, 0, 0, -1, 0, 0, 0, 0, 0, 0, 0, 0, 0, 0, 0, 0, 0, 0, 0, 0, '0000-00-00 00:00:00', ''),
(553, 0, '', '2016-11-20 11:04:42', 'Ebay', 'plus', 'deplacement', 467, 0, 0, 0, 0, 0, 0, 0, 0, 0, 0, 1, 0, 0, 0, 0, 0, 0, 0, 0, 0, 0, 0, 0, 0, 0, 0, 0, '0000-00-00 00:00:00', ''),
(554, 0, '', '2016-11-20 11:05:34', 'Rouen', 'moins', 'deplacement', 467, 0, -1, 0, 0, 0, 0, 0, 0, 0, 0, 0, 0, 0, 0, 0, 0, 0, 0, 0, 0, 0, 0, 0, 0, 0, 0, 0, '0000-00-00 00:00:00', ''),
(555, 0, '', '2016-11-20 11:05:34', 'Marche_St_Marc', 'plus', 'deplacement', 467, 0, 1, 0, 0, 0, 0, 0, 0, 0, 0, 0, 0, 0, 0, 0, 0, 0, 0, 0, 0, 0, 0, 0, 0, 0, 0, 0, '0000-00-00 00:00:00', ''),
(556, 0, '', '2016-11-20 11:05:34', 'Rouen', 'moins', 'deplacement', 467, 0, 0, -1, 0, 0, 0, 0, 0, 0, 0, 0, 0, 0, 0, 0, 0, 0, 0, 0, 0, 0, 0, 0, 0, 0, 0, 0, '0000-00-00 00:00:00', ''),
(557, 0, '', '2016-11-20 11:05:34', 'Marche_St_Marc', 'plus', 'deplacement', 467, 0, 0, 1, 0, 0, 0, 0, 0, 0, 0, 0, 0, 0, 0, 0, 0, 0, 0, 0, 0, 0, 0, 0, 0, 0, 0, 0, '0000-00-00 00:00:00', ''),
(558, 0, 'FactureFournisseur-103', '2016-11-18 00:00:00', 'Rouen', 'plus', 'achat', 535, 0, 2, 2, 2, 1, 2, 2, 2, 2, 2, 2, 0, 0, 0, 0, 0, 0, 0, 0, 0, 0, 0, 0, 0, 0, 0, 0, '0000-00-00 00:00:00', ''),
(559, 0, '', '2016-11-20 17:55:15', 'Rouen', 'moins', 'deplacement', 535, 0, -1, 0, 0, 0, 0, 0, 0, 0, 0, 0, 0, 0, 0, 0, 0, 0, 0, 0, 0, 0, 0, 0, 0, 0, 0, 0, '0000-00-00 00:00:00', ''),
(560, 0, '', '2016-11-20 17:55:15', 'Ebay', 'plus', 'deplacement', 535, 0, 1, 0, 0, 0, 0, 0, 0, 0, 0, 0, 0, 0, 0, 0, 0, 0, 0, 0, 0, 0, 0, 0, 0, 0, 0, 0, '0000-00-00 00:00:00', ''),
(561, 0, '', '2016-11-20 17:55:15', 'Rouen', 'moins', 'deplacement', 535, 0, 0, -1, 0, 0, 0, 0, 0, 0, 0, 0, 0, 0, 0, 0, 0, 0, 0, 0, 0, 0, 0, 0, 0, 0, 0, 0, '0000-00-00 00:00:00', ''),
(562, 0, '', '2016-11-20 17:55:15', 'Ebay', 'plus', 'deplacement', 535, 0, 0, 1, 0, 0, 0, 0, 0, 0, 0, 0, 0, 0, 0, 0, 0, 0, 0, 0, 0, 0, 0, 0, 0, 0, 0, 0, '0000-00-00 00:00:00', ''),
(563, 0, '', '2016-11-20 17:55:15', 'Rouen', 'moins', 'deplacement', 535, 0, 0, 0, -1, 0, 0, 0, 0, 0, 0, 0, 0, 0, 0, 0, 0, 0, 0, 0, 0, 0, 0, 0, 0, 0, 0, 0, '0000-00-00 00:00:00', ''),
(564, 0, '', '2016-11-20 17:55:15', 'Ebay', 'plus', 'deplacement', 535, 0, 0, 0, 1, 0, 0, 0, 0, 0, 0, 0, 0, 0, 0, 0, 0, 0, 0, 0, 0, 0, 0, 0, 0, 0, 0, 0, '0000-00-00 00:00:00', ''),
(565, 0, '', '2016-11-20 17:55:15', 'Rouen', 'moins', 'deplacement', 535, 0, 0, 0, 0, -1, 0, 0, 0, 0, 0, 0, 0, 0, 0, 0, 0, 0, 0, 0, 0, 0, 0, 0, 0, 0, 0, 0, '0000-00-00 00:00:00', ''),
(566, 0, '', '2016-11-20 17:55:15', 'Ebay', 'plus', 'deplacement', 535, 0, 0, 0, 0, 1, 0, 0, 0, 0, 0, 0, 0, 0, 0, 0, 0, 0, 0, 0, 0, 0, 0, 0, 0, 0, 0, 0, '0000-00-00 00:00:00', ''),
(567, 0, '', '2016-11-20 17:55:15', 'Rouen', 'moins', 'deplacement', 535, 0, 0, 0, 0, 0, -1, 0, 0, 0, 0, 0, 0, 0, 0, 0, 0, 0, 0, 0, 0, 0, 0, 0, 0, 0, 0, 0, '0000-00-00 00:00:00', ''),
(568, 0, '', '2016-11-20 17:55:15', 'Ebay', 'plus', 'deplacement', 535, 0, 0, 0, 0, 0, 1, 0, 0, 0, 0, 0, 0, 0, 0, 0, 0, 0, 0, 0, 0, 0, 0, 0, 0, 0, 0, 0, '0000-00-00 00:00:00', ''),
(569, 0, '', '2016-11-20 17:55:15', 'Rouen', 'moins', 'deplacement', 535, 0, 0, 0, 0, 0, 0, -1, 0, 0, 0, 0, 0, 0, 0, 0, 0, 0, 0, 0, 0, 0, 0, 0, 0, 0, 0, 0, '0000-00-00 00:00:00', ''),
(570, 0, '', '2016-11-20 17:55:15', 'Ebay', 'plus', 'deplacement', 535, 0, 0, 0, 0, 0, 0, 1, 0, 0, 0, 0, 0, 0, 0, 0, 0, 0, 0, 0, 0, 0, 0, 0, 0, 0, 0, 0, '0000-00-00 00:00:00', ''),
(571, 0, '', '2016-11-20 17:55:15', 'Rouen', 'moins', 'deplacement', 535, 0, 0, 0, 0, 0, 0, 0, -1, 0, 0, 0, 0, 0, 0, 0, 0, 0, 0, 0, 0, 0, 0, 0, 0, 0, 0, 0, '0000-00-00 00:00:00', ''),
(572, 0, '', '2016-11-20 17:55:15', 'Ebay', 'plus', 'deplacement', 535, 0, 0, 0, 0, 0, 0, 0, 1, 0, 0, 0, 0, 0, 0, 0, 0, 0, 0, 0, 0, 0, 0, 0, 0, 0, 0, 0, '0000-00-00 00:00:00', ''),
(573, 0, '', '2016-11-20 17:55:15', 'Rouen', 'moins', 'deplacement', 535, 0, 0, 0, 0, 0, 0, 0, 0, -1, 0, 0, 0, 0, 0, 0, 0, 0, 0, 0, 0, 0, 0, 0, 0, 0, 0, 0, '0000-00-00 00:00:00', ''),
(574, 0, '', '2016-11-20 17:55:15', 'Ebay', 'plus', 'deplacement', 535, 0, 0, 0, 0, 0, 0, 0, 0, 1, 0, 0, 0, 0, 0, 0, 0, 0, 0, 0, 0, 0, 0, 0, 0, 0, 0, 0, '0000-00-00 00:00:00', ''),
(575, 0, '', '2016-11-20 17:55:15', 'Rouen', 'moins', 'deplacement', 535, 0, 0, 0, 0, 0, 0, 0, 0, 0, -1, 0, 0, 0, 0, 0, 0, 0, 0, 0, 0, 0, 0, 0, 0, 0, 0, 0, '0000-00-00 00:00:00', ''),
(576, 0, '', '2016-11-20 17:55:15', 'Ebay', 'plus', 'deplacement', 535, 0, 0, 0, 0, 0, 0, 0, 0, 0, 1, 0, 0, 0, 0, 0, 0, 0, 0, 0, 0, 0, 0, 0, 0, 0, 0, 0, '0000-00-00 00:00:00', ''),
(577, 0, '', '2016-11-20 17:55:15', 'Rouen', 'moins', 'deplacement', 535, 0, 0, 0, 0, 0, 0, 0, 0, 0, 0, -1, 0, 0, 0, 0, 0, 0, 0, 0, 0, 0, 0, 0, 0, 0, 0, 0, '0000-00-00 00:00:00', ''),
(578, 0, '', '2016-11-20 17:55:15', 'Ebay', 'plus', 'deplacement', 535, 0, 0, 0, 0, 0, 0, 0, 0, 0, 0, 1, 0, 0, 0, 0, 0, 0, 0, 0, 0, 0, 0, 0, 0, 0, 0, 0, '0000-00-00 00:00:00', ''),
(599, 0, '', '2016-11-21 13:38:13', 'Rouen', 'moins', 'deplacement', 470, 0, -1, 0, 0, 0, 0, 0, 0, 0, 0, 0, 0, 0, 0, 0, 0, 0, 0, 0, 0, 0, 0, 0, 0, 0, 0, 0, '0000-00-00 00:00:00', ''),
(600, 0, '', '2016-11-21 13:38:13', 'Ebay', 'plus', 'deplacement', 470, 0, 1, 0, 0, 0, 0, 0, 0, 0, 0, 0, 0, 0, 0, 0, 0, 0, 0, 0, 0, 0, 0, 0, 0, 0, 0, 0, '0000-00-00 00:00:00', ''),
(601, 0, '', '2016-11-21 13:38:13', 'Rouen', 'moins', 'deplacement', 470, 0, 0, -1, 0, 0, 0, 0, 0, 0, 0, 0, 0, 0, 0, 0, 0, 0, 0, 0, 0, 0, 0, 0, 0, 0, 0, 0, '0000-00-00 00:00:00', ''),
(602, 0, '', '2016-11-21 13:38:13', 'Ebay', 'plus', 'deplacement', 470, 0, 0, 1, 0, 0, 0, 0, 0, 0, 0, 0, 0, 0, 0, 0, 0, 0, 0, 0, 0, 0, 0, 0, 0, 0, 0, 0, '0000-00-00 00:00:00', ''),
(603, 0, '', '2016-11-21 13:38:13', 'Rouen', 'moins', 'deplacement', 470, 0, 0, 0, -1, 0, 0, 0, 0, 0, 0, 0, 0, 0, 0, 0, 0, 0, 0, 0, 0, 0, 0, 0, 0, 0, 0, 0, '0000-00-00 00:00:00', ''),
(604, 0, '', '2016-11-21 13:38:13', 'Ebay', 'plus', 'deplacement', 470, 0, 0, 0, 1, 0, 0, 0, 0, 0, 0, 0, 0, 0, 0, 0, 0, 0, 0, 0, 0, 0, 0, 0, 0, 0, 0, 0, '0000-00-00 00:00:00', ''),
(605, 0, '', '2016-11-21 13:38:13', 'Rouen', 'moins', 'deplacement', 470, 0, 0, 0, 0, -1, 0, 0, 0, 0, 0, 0, 0, 0, 0, 0, 0, 0, 0, 0, 0, 0, 0, 0, 0, 0, 0, 0, '0000-00-00 00:00:00', ''),
(606, 0, '', '2016-11-21 13:38:13', 'Ebay', 'plus', 'deplacement', 470, 0, 0, 0, 0, 1, 0, 0, 0, 0, 0, 0, 0, 0, 0, 0, 0, 0, 0, 0, 0, 0, 0, 0, 0, 0, 0, 0, '0000-00-00 00:00:00', ''),
(607, 0, '', '2016-11-21 13:38:13', 'Rouen', 'moins', 'deplacement', 470, 0, 0, 0, 0, 0, -1, 0, 0, 0, 0, 0, 0, 0, 0, 0, 0, 0, 0, 0, 0, 0, 0, 0, 0, 0, 0, 0, '0000-00-00 00:00:00', ''),
(608, 0, '', '2016-11-21 13:38:13', 'Ebay', 'plus', 'deplacement', 470, 0, 0, 0, 0, 0, 1, 0, 0, 0, 0, 0, 0, 0, 0, 0, 0, 0, 0, 0, 0, 0, 0, 0, 0, 0, 0, 0, '0000-00-00 00:00:00', ''),
(609, 0, '', '2016-11-21 13:38:13', 'Rouen', 'moins', 'deplacement', 470, 0, 0, 0, 0, 0, 0, -1, 0, 0, 0, 0, 0, 0, 0, 0, 0, 0, 0, 0, 0, 0, 0, 0, 0, 0, 0, 0, '0000-00-00 00:00:00', ''),
(610, 0, '', '2016-11-21 13:38:13', 'Ebay', 'plus', 'deplacement', 470, 0, 0, 0, 0, 0, 0, 1, 0, 0, 0, 0, 0, 0, 0, 0, 0, 0, 0, 0, 0, 0, 0, 0, 0, 0, 0, 0, '0000-00-00 00:00:00', ''),
(611, 0, '', '2016-11-21 13:38:13', 'Rouen', 'moins', 'deplacement', 470, 0, 0, 0, 0, 0, 0, 0, -1, 0, 0, 0, 0, 0, 0, 0, 0, 0, 0, 0, 0, 0, 0, 0, 0, 0, 0, 0, '0000-00-00 00:00:00', ''),
(612, 0, '', '2016-11-21 13:38:13', 'Ebay', 'plus', 'deplacement', 470, 0, 0, 0, 0, 0, 0, 0, 1, 0, 0, 0, 0, 0, 0, 0, 0, 0, 0, 0, 0, 0, 0, 0, 0, 0, 0, 0, '0000-00-00 00:00:00', ''),
(613, 0, '', '2016-11-21 13:38:13', 'Rouen', 'moins', 'deplacement', 470, 0, 0, 0, 0, 0, 0, 0, 0, -1, 0, 0, 0, 0, 0, 0, 0, 0, 0, 0, 0, 0, 0, 0, 0, 0, 0, 0, '0000-00-00 00:00:00', ''),
(614, 0, '', '2016-11-21 13:38:13', 'Ebay', 'plus', 'deplacement', 470, 0, 0, 0, 0, 0, 0, 0, 0, 1, 0, 0, 0, 0, 0, 0, 0, 0, 0, 0, 0, 0, 0, 0, 0, 0, 0, 0, '0000-00-00 00:00:00', ''),
(615, 0, '', '2016-11-21 13:38:13', 'Rouen', 'moins', 'deplacement', 470, 0, 0, 0, 0, 0, 0, 0, 0, 0, -1, 0, 0, 0, 0, 0, 0, 0, 0, 0, 0, 0, 0, 0, 0, 0, 0, 0, '0000-00-00 00:00:00', ''),
(616, 0, '', '2016-11-21 13:38:13', 'Ebay', 'plus', 'deplacement', 470, 0, 0, 0, 0, 0, 0, 0, 0, 0, 1, 0, 0, 0, 0, 0, 0, 0, 0, 0, 0, 0, 0, 0, 0, 0, 0, 0, '0000-00-00 00:00:00', ''),
(617, 0, '', '2016-11-21 13:38:13', 'Rouen', 'moins', 'deplacement', 470, 0, 0, 0, 0, 0, 0, 0, 0, 0, 0, -1, 0, 0, 0, 0, 0, 0, 0, 0, 0, 0, 0, 0, 0, 0, 0, 0, '0000-00-00 00:00:00', ''),
(618, 0, '', '2016-11-21 13:38:13', 'Ebay', 'plus', 'deplacement', 470, 0, 0, 0, 0, 0, 0, 0, 0, 0, 0, 1, 0, 0, 0, 0, 0, 0, 0, 0, 0, 0, 0, 0, 0, 0, 0, 0, '0000-00-00 00:00:00', ''),
(619, 0, 'FactureFournisseur-103', '2016-11-19 00:00:00', 'Rouen', 'plus', 'achat', 478, 0, 2, 2, 1, 2, 2, 2, 1, 1, 1, 1, 0, 0, 0, 0, 0, 0, 0, 0, 0, 0, 0, 0, 0, 0, 0, 0, '0000-00-00 00:00:00', ''),
(620, 0, '', '2016-11-22 06:15:13', 'Rouen', 'moins', 'deplacement', 478, 0, -1, 0, 0, 0, 0, 0, 0, 0, 0, 0, 0, 0, 0, 0, 0, 0, 0, 0, 0, 0, 0, 0, 0, 0, 0, 0, '0000-00-00 00:00:00', ''),
(621, 0, '', '2016-11-22 06:15:13', 'Ebay', 'plus', 'deplacement', 478, 0, 1, 0, 0, 0, 0, 0, 0, 0, 0, 0, 0, 0, 0, 0, 0, 0, 0, 0, 0, 0, 0, 0, 0, 0, 0, 0, '0000-00-00 00:00:00', ''),
(622, 0, '', '2016-11-22 06:15:13', 'Rouen', 'moins', 'deplacement', 478, 0, 0, -1, 0, 0, 0, 0, 0, 0, 0, 0, 0, 0, 0, 0, 0, 0, 0, 0, 0, 0, 0, 0, 0, 0, 0, 0, '0000-00-00 00:00:00', ''),
(623, 0, '', '2016-11-22 06:15:13', 'Ebay', 'plus', 'deplacement', 478, 0, 0, 1, 0, 0, 0, 0, 0, 0, 0, 0, 0, 0, 0, 0, 0, 0, 0, 0, 0, 0, 0, 0, 0, 0, 0, 0, '0000-00-00 00:00:00', ''),
(624, 0, '', '2016-11-22 06:15:13', 'Rouen', 'moins', 'deplacement', 478, 0, 0, 0, -1, 0, 0, 0, 0, 0, 0, 0, 0, 0, 0, 0, 0, 0, 0, 0, 0, 0, 0, 0, 0, 0, 0, 0, '0000-00-00 00:00:00', '');
INSERT INTO `stock` (`id`, `operation_informatique_id`, `document_source`, `date_operation`, `stock_nom`, `operation_direction`, `operation_description`, `reference_id`, `quantite_taille_17`, `quantite_taille_18`, `quantite_taille_19`, `quantite_taille_20`, `quantite_taille_21`, `quantite_taille_22`, `quantite_taille_23`, `quantite_taille_24`, `quantite_taille_25`, `quantite_taille_26`, `quantite_taille_27`, `quantite_taille_28`, `quantite_taille_29`, `quantite_taille_30`, `quantite_taille_31`, `quantite_taille_32`, `quantite_taille_33`, `quantite_taille_34`, `quantite_taille_35`, `quantite_taille_36`, `quantite_taille_37`, `quantite_taille_38`, `quantite_taille_39`, `quantite_taille_40`, `quantite_taille_41`, `quantite_taille_42`, `quantite_taille_43`, `reservation_jusquau`, `reservation_identification`) VALUES
(625, 0, '', '2016-11-22 06:15:13', 'Ebay', 'plus', 'deplacement', 478, 0, 0, 0, 1, 0, 0, 0, 0, 0, 0, 0, 0, 0, 0, 0, 0, 0, 0, 0, 0, 0, 0, 0, 0, 0, 0, 0, '0000-00-00 00:00:00', ''),
(626, 0, '', '2016-11-22 06:15:13', 'Rouen', 'moins', 'deplacement', 478, 0, 0, 0, 0, -1, 0, 0, 0, 0, 0, 0, 0, 0, 0, 0, 0, 0, 0, 0, 0, 0, 0, 0, 0, 0, 0, 0, '0000-00-00 00:00:00', ''),
(627, 0, '', '2016-11-22 06:15:13', 'Ebay', 'plus', 'deplacement', 478, 0, 0, 0, 0, 1, 0, 0, 0, 0, 0, 0, 0, 0, 0, 0, 0, 0, 0, 0, 0, 0, 0, 0, 0, 0, 0, 0, '0000-00-00 00:00:00', ''),
(628, 0, '', '2016-11-22 06:15:13', 'Rouen', 'moins', 'deplacement', 478, 0, 0, 0, 0, 0, -1, 0, 0, 0, 0, 0, 0, 0, 0, 0, 0, 0, 0, 0, 0, 0, 0, 0, 0, 0, 0, 0, '0000-00-00 00:00:00', ''),
(629, 0, '', '2016-11-22 06:15:13', 'Ebay', 'plus', 'deplacement', 478, 0, 0, 0, 0, 0, 1, 0, 0, 0, 0, 0, 0, 0, 0, 0, 0, 0, 0, 0, 0, 0, 0, 0, 0, 0, 0, 0, '0000-00-00 00:00:00', ''),
(630, 0, '', '2016-11-22 06:15:13', 'Rouen', 'moins', 'deplacement', 478, 0, 0, 0, 0, 0, 0, -1, 0, 0, 0, 0, 0, 0, 0, 0, 0, 0, 0, 0, 0, 0, 0, 0, 0, 0, 0, 0, '0000-00-00 00:00:00', ''),
(631, 0, '', '2016-11-22 06:15:13', 'Ebay', 'plus', 'deplacement', 478, 0, 0, 0, 0, 0, 0, 1, 0, 0, 0, 0, 0, 0, 0, 0, 0, 0, 0, 0, 0, 0, 0, 0, 0, 0, 0, 0, '0000-00-00 00:00:00', ''),
(632, 0, '', '2016-11-22 06:15:13', 'Rouen', 'moins', 'deplacement', 478, 0, 0, 0, 0, 0, 0, 0, -1, 0, 0, 0, 0, 0, 0, 0, 0, 0, 0, 0, 0, 0, 0, 0, 0, 0, 0, 0, '0000-00-00 00:00:00', ''),
(633, 0, '', '2016-11-22 06:15:13', 'Ebay', 'plus', 'deplacement', 478, 0, 0, 0, 0, 0, 0, 0, 1, 0, 0, 0, 0, 0, 0, 0, 0, 0, 0, 0, 0, 0, 0, 0, 0, 0, 0, 0, '0000-00-00 00:00:00', ''),
(634, 0, '', '2016-11-22 06:15:13', 'Rouen', 'moins', 'deplacement', 478, 0, 0, 0, 0, 0, 0, 0, 0, -1, 0, 0, 0, 0, 0, 0, 0, 0, 0, 0, 0, 0, 0, 0, 0, 0, 0, 0, '0000-00-00 00:00:00', ''),
(635, 0, '', '2016-11-22 06:15:13', 'Ebay', 'plus', 'deplacement', 478, 0, 0, 0, 0, 0, 0, 0, 0, 1, 0, 0, 0, 0, 0, 0, 0, 0, 0, 0, 0, 0, 0, 0, 0, 0, 0, 0, '0000-00-00 00:00:00', ''),
(636, 0, '', '2016-11-22 06:15:13', 'Rouen', 'moins', 'deplacement', 478, 0, 0, 0, 0, 0, 0, 0, 0, 0, -1, 0, 0, 0, 0, 0, 0, 0, 0, 0, 0, 0, 0, 0, 0, 0, 0, 0, '0000-00-00 00:00:00', ''),
(637, 0, '', '2016-11-22 06:15:13', 'Ebay', 'plus', 'deplacement', 478, 0, 0, 0, 0, 0, 0, 0, 0, 0, 1, 0, 0, 0, 0, 0, 0, 0, 0, 0, 0, 0, 0, 0, 0, 0, 0, 0, '0000-00-00 00:00:00', ''),
(638, 0, '', '2016-11-22 06:15:13', 'Rouen', 'moins', 'deplacement', 478, 0, 0, 0, 0, 0, 0, 0, 0, 0, 0, -1, 0, 0, 0, 0, 0, 0, 0, 0, 0, 0, 0, 0, 0, 0, 0, 0, '0000-00-00 00:00:00', ''),
(639, 0, '', '2016-11-22 06:15:13', 'Ebay', 'plus', 'deplacement', 478, 0, 0, 0, 0, 0, 0, 0, 0, 0, 0, 1, 0, 0, 0, 0, 0, 0, 0, 0, 0, 0, 0, 0, 0, 0, 0, 0, '0000-00-00 00:00:00', ''),
(640, 0, 'FactureFournisseur-103', '2016-11-22 00:00:00', '', 'plus', 'achat', 477, 0, 2, 2, 2, 2, 2, 1, 1, 1, 1, 1, 0, 0, 0, 0, 0, 0, 0, 0, 0, 0, 0, 0, 0, 0, 0, 0, '0000-00-00 00:00:00', ''),
(641, 0, '', '2016-11-22 06:43:29', '', 'moins', 'deplacement', 477, 0, -1, 0, 0, 0, 0, 0, 0, 0, 0, 0, 0, 0, 0, 0, 0, 0, 0, 0, 0, 0, 0, 0, 0, 0, 0, 0, '0000-00-00 00:00:00', ''),
(642, 0, '', '2016-11-22 06:43:29', 'Ebay', 'plus', 'deplacement', 477, 0, 1, 0, 0, 0, 0, 0, 0, 0, 0, 0, 0, 0, 0, 0, 0, 0, 0, 0, 0, 0, 0, 0, 0, 0, 0, 0, '0000-00-00 00:00:00', ''),
(643, 0, '', '2016-11-22 06:43:29', '', 'moins', 'deplacement', 477, 0, 0, -1, 0, 0, 0, 0, 0, 0, 0, 0, 0, 0, 0, 0, 0, 0, 0, 0, 0, 0, 0, 0, 0, 0, 0, 0, '0000-00-00 00:00:00', ''),
(644, 0, '', '2016-11-22 06:43:29', 'Ebay', 'plus', 'deplacement', 477, 0, 0, 1, 0, 0, 0, 0, 0, 0, 0, 0, 0, 0, 0, 0, 0, 0, 0, 0, 0, 0, 0, 0, 0, 0, 0, 0, '0000-00-00 00:00:00', ''),
(645, 0, '', '2016-11-22 06:43:29', '', 'moins', 'deplacement', 477, 0, 0, 0, -1, 0, 0, 0, 0, 0, 0, 0, 0, 0, 0, 0, 0, 0, 0, 0, 0, 0, 0, 0, 0, 0, 0, 0, '0000-00-00 00:00:00', ''),
(646, 0, '', '2016-11-22 06:43:29', 'Ebay', 'plus', 'deplacement', 477, 0, 0, 0, 1, 0, 0, 0, 0, 0, 0, 0, 0, 0, 0, 0, 0, 0, 0, 0, 0, 0, 0, 0, 0, 0, 0, 0, '0000-00-00 00:00:00', ''),
(647, 0, '', '2016-11-22 06:43:29', '', 'moins', 'deplacement', 477, 0, 0, 0, 0, -1, 0, 0, 0, 0, 0, 0, 0, 0, 0, 0, 0, 0, 0, 0, 0, 0, 0, 0, 0, 0, 0, 0, '0000-00-00 00:00:00', ''),
(648, 0, '', '2016-11-22 06:43:29', 'Ebay', 'plus', 'deplacement', 477, 0, 0, 0, 0, 1, 0, 0, 0, 0, 0, 0, 0, 0, 0, 0, 0, 0, 0, 0, 0, 0, 0, 0, 0, 0, 0, 0, '0000-00-00 00:00:00', ''),
(649, 0, '', '2016-11-22 06:43:29', '', 'moins', 'deplacement', 477, 0, 0, 0, 0, 0, -1, 0, 0, 0, 0, 0, 0, 0, 0, 0, 0, 0, 0, 0, 0, 0, 0, 0, 0, 0, 0, 0, '0000-00-00 00:00:00', ''),
(650, 0, '', '2016-11-22 06:43:29', 'Ebay', 'plus', 'deplacement', 477, 0, 0, 0, 0, 0, 1, 0, 0, 0, 0, 0, 0, 0, 0, 0, 0, 0, 0, 0, 0, 0, 0, 0, 0, 0, 0, 0, '0000-00-00 00:00:00', ''),
(651, 0, '', '2016-11-22 06:43:29', '', 'moins', 'deplacement', 477, 0, 0, 0, 0, 0, 0, -1, 0, 0, 0, 0, 0, 0, 0, 0, 0, 0, 0, 0, 0, 0, 0, 0, 0, 0, 0, 0, '0000-00-00 00:00:00', ''),
(652, 0, '', '2016-11-22 06:43:29', 'Ebay', 'plus', 'deplacement', 477, 0, 0, 0, 0, 0, 0, 1, 0, 0, 0, 0, 0, 0, 0, 0, 0, 0, 0, 0, 0, 0, 0, 0, 0, 0, 0, 0, '0000-00-00 00:00:00', ''),
(653, 0, '', '2016-11-22 06:43:29', '', 'moins', 'deplacement', 477, 0, 0, 0, 0, 0, 0, 0, -1, 0, 0, 0, 0, 0, 0, 0, 0, 0, 0, 0, 0, 0, 0, 0, 0, 0, 0, 0, '0000-00-00 00:00:00', ''),
(654, 0, '', '2016-11-22 06:43:29', 'Ebay', 'plus', 'deplacement', 477, 0, 0, 0, 0, 0, 0, 0, 1, 0, 0, 0, 0, 0, 0, 0, 0, 0, 0, 0, 0, 0, 0, 0, 0, 0, 0, 0, '0000-00-00 00:00:00', ''),
(655, 0, '', '2016-11-22 06:43:29', '', 'moins', 'deplacement', 477, 0, 0, 0, 0, 0, 0, 0, 0, -1, 0, 0, 0, 0, 0, 0, 0, 0, 0, 0, 0, 0, 0, 0, 0, 0, 0, 0, '0000-00-00 00:00:00', ''),
(656, 0, '', '2016-11-22 06:43:29', 'Ebay', 'plus', 'deplacement', 477, 0, 0, 0, 0, 0, 0, 0, 0, 1, 0, 0, 0, 0, 0, 0, 0, 0, 0, 0, 0, 0, 0, 0, 0, 0, 0, 0, '0000-00-00 00:00:00', ''),
(657, 0, '', '2016-11-22 06:43:29', '', 'moins', 'deplacement', 477, 0, 0, 0, 0, 0, 0, 0, 0, 0, -1, 0, 0, 0, 0, 0, 0, 0, 0, 0, 0, 0, 0, 0, 0, 0, 0, 0, '0000-00-00 00:00:00', ''),
(658, 0, '', '2016-11-22 06:43:29', 'Ebay', 'plus', 'deplacement', 477, 0, 0, 0, 0, 0, 0, 0, 0, 0, 1, 0, 0, 0, 0, 0, 0, 0, 0, 0, 0, 0, 0, 0, 0, 0, 0, 0, '0000-00-00 00:00:00', ''),
(659, 0, '', '2016-11-22 06:43:29', '', 'moins', 'deplacement', 477, 0, 0, 0, 0, 0, 0, 0, 0, 0, 0, -1, 0, 0, 0, 0, 0, 0, 0, 0, 0, 0, 0, 0, 0, 0, 0, 0, '0000-00-00 00:00:00', ''),
(660, 0, '', '2016-11-22 06:43:29', 'Ebay', 'plus', 'deplacement', 477, 0, 0, 0, 0, 0, 0, 0, 0, 0, 0, 1, 0, 0, 0, 0, 0, 0, 0, 0, 0, 0, 0, 0, 0, 0, 0, 0, '0000-00-00 00:00:00', ''),
(661, 0, '', '2016-11-22 21:39:41', '', 'moins', 'deplacement', 477, 0, -1, 0, 0, 0, 0, 0, 0, 0, 0, 0, 0, 0, 0, 0, 0, 0, 0, 0, 0, 0, 0, 0, 0, 0, 0, 0, '0000-00-00 00:00:00', ''),
(662, 0, '', '2016-11-22 21:39:41', 'Rouen', 'plus', 'deplacement', 477, 0, 1, 0, 0, 0, 0, 0, 0, 0, 0, 0, 0, 0, 0, 0, 0, 0, 0, 0, 0, 0, 0, 0, 0, 0, 0, 0, '0000-00-00 00:00:00', ''),
(663, 0, '', '2016-11-22 21:40:55', '', 'moins', 'deplacement', 477, 0, 0, -1, 0, 0, 0, 0, 0, 0, 0, 0, 0, 0, 0, 0, 0, 0, 0, 0, 0, 0, 0, 0, 0, 0, 0, 0, '0000-00-00 00:00:00', ''),
(664, 0, '', '2016-11-22 21:40:55', 'Rouen', 'plus', 'deplacement', 477, 0, 0, 1, 0, 0, 0, 0, 0, 0, 0, 0, 0, 0, 0, 0, 0, 0, 0, 0, 0, 0, 0, 0, 0, 0, 0, 0, '0000-00-00 00:00:00', ''),
(665, 0, '', '2016-11-22 21:41:19', '', 'moins', 'deplacement', 477, 0, 0, 0, -1, 0, 0, 0, 0, 0, 0, 0, 0, 0, 0, 0, 0, 0, 0, 0, 0, 0, 0, 0, 0, 0, 0, 0, '0000-00-00 00:00:00', ''),
(666, 0, '', '2016-11-22 21:41:19', 'Rouen', 'plus', 'deplacement', 477, 0, 0, 0, 1, 0, 0, 0, 0, 0, 0, 0, 0, 0, 0, 0, 0, 0, 0, 0, 0, 0, 0, 0, 0, 0, 0, 0, '0000-00-00 00:00:00', ''),
(667, 0, '', '2016-11-22 21:41:19', '', 'moins', 'deplacement', 477, 0, 0, 0, 0, -1, 0, 0, 0, 0, 0, 0, 0, 0, 0, 0, 0, 0, 0, 0, 0, 0, 0, 0, 0, 0, 0, 0, '0000-00-00 00:00:00', ''),
(668, 0, '', '2016-11-22 21:41:19', 'Rouen', 'plus', 'deplacement', 477, 0, 0, 0, 0, 1, 0, 0, 0, 0, 0, 0, 0, 0, 0, 0, 0, 0, 0, 0, 0, 0, 0, 0, 0, 0, 0, 0, '0000-00-00 00:00:00', ''),
(669, 0, '', '2016-11-22 21:41:19', '', 'moins', 'deplacement', 477, 0, 0, 0, 0, 0, -1, 0, 0, 0, 0, 0, 0, 0, 0, 0, 0, 0, 0, 0, 0, 0, 0, 0, 0, 0, 0, 0, '0000-00-00 00:00:00', ''),
(670, 0, '', '2016-11-22 21:41:19', 'Rouen', 'plus', 'deplacement', 477, 0, 0, 0, 0, 0, 1, 0, 0, 0, 0, 0, 0, 0, 0, 0, 0, 0, 0, 0, 0, 0, 0, 0, 0, 0, 0, 0, '0000-00-00 00:00:00', ''),
(671, 0, '', '2016-11-26 16:21:13', 'Rouen', 'moins', 'deplacement', 535, 0, -1, 0, 0, 0, 0, 0, 0, 0, 0, 0, 0, 0, 0, 0, 0, 0, 0, 0, 0, 0, 0, 0, 0, 0, 0, 0, '0000-00-00 00:00:00', ''),
(672, 0, '', '2016-11-26 16:21:13', 'Marche_St_Marc', 'plus', 'deplacement', 535, 0, 1, 0, 0, 0, 0, 0, 0, 0, 0, 0, 0, 0, 0, 0, 0, 0, 0, 0, 0, 0, 0, 0, 0, 0, 0, 0, '0000-00-00 00:00:00', ''),
(673, 0, '', '2016-11-26 16:21:13', 'Rouen', 'moins', 'deplacement', 535, 0, 0, -1, 0, 0, 0, 0, 0, 0, 0, 0, 0, 0, 0, 0, 0, 0, 0, 0, 0, 0, 0, 0, 0, 0, 0, 0, '0000-00-00 00:00:00', ''),
(674, 0, '', '2016-11-26 16:21:13', 'Marche_St_Marc', 'plus', 'deplacement', 535, 0, 0, 1, 0, 0, 0, 0, 0, 0, 0, 0, 0, 0, 0, 0, 0, 0, 0, 0, 0, 0, 0, 0, 0, 0, 0, 0, '0000-00-00 00:00:00', ''),
(675, 0, '', '2016-11-26 16:21:13', 'Rouen', 'moins', 'deplacement', 535, 0, 0, 0, -1, 0, 0, 0, 0, 0, 0, 0, 0, 0, 0, 0, 0, 0, 0, 0, 0, 0, 0, 0, 0, 0, 0, 0, '0000-00-00 00:00:00', ''),
(676, 0, '', '2016-11-26 16:21:13', 'Marche_St_Marc', 'plus', 'deplacement', 535, 0, 0, 0, 1, 0, 0, 0, 0, 0, 0, 0, 0, 0, 0, 0, 0, 0, 0, 0, 0, 0, 0, 0, 0, 0, 0, 0, '0000-00-00 00:00:00', ''),
(677, 0, '', '2016-11-26 16:21:13', 'Rouen', 'moins', 'deplacement', 535, 0, 0, 0, 0, 0, -1, 0, 0, 0, 0, 0, 0, 0, 0, 0, 0, 0, 0, 0, 0, 0, 0, 0, 0, 0, 0, 0, '0000-00-00 00:00:00', ''),
(678, 0, '', '2016-11-26 16:21:13', 'Marche_St_Marc', 'plus', 'deplacement', 535, 0, 0, 0, 0, 0, 1, 0, 0, 0, 0, 0, 0, 0, 0, 0, 0, 0, 0, 0, 0, 0, 0, 0, 0, 0, 0, 0, '0000-00-00 00:00:00', ''),
(679, 0, '', '2016-11-26 16:21:13', 'Rouen', 'moins', 'deplacement', 535, 0, 0, 0, 0, 0, 0, -1, 0, 0, 0, 0, 0, 0, 0, 0, 0, 0, 0, 0, 0, 0, 0, 0, 0, 0, 0, 0, '0000-00-00 00:00:00', ''),
(680, 0, '', '2016-11-26 16:21:13', 'Marche_St_Marc', 'plus', 'deplacement', 535, 0, 0, 0, 0, 0, 0, 1, 0, 0, 0, 0, 0, 0, 0, 0, 0, 0, 0, 0, 0, 0, 0, 0, 0, 0, 0, 0, '0000-00-00 00:00:00', ''),
(681, 0, '', '2016-11-26 16:21:13', 'Rouen', 'moins', 'deplacement', 535, 0, 0, 0, 0, 0, 0, 0, -1, 0, 0, 0, 0, 0, 0, 0, 0, 0, 0, 0, 0, 0, 0, 0, 0, 0, 0, 0, '0000-00-00 00:00:00', ''),
(682, 0, '', '2016-11-26 16:21:13', 'Marche_St_Marc', 'plus', 'deplacement', 535, 0, 0, 0, 0, 0, 0, 0, 1, 0, 0, 0, 0, 0, 0, 0, 0, 0, 0, 0, 0, 0, 0, 0, 0, 0, 0, 0, '0000-00-00 00:00:00', ''),
(683, 0, '', '2016-11-26 16:21:13', 'Rouen', 'moins', 'deplacement', 535, 0, 0, 0, 0, 0, 0, 0, 0, -1, 0, 0, 0, 0, 0, 0, 0, 0, 0, 0, 0, 0, 0, 0, 0, 0, 0, 0, '0000-00-00 00:00:00', ''),
(684, 0, '', '2016-11-26 16:21:13', 'Marche_St_Marc', 'plus', 'deplacement', 535, 0, 0, 0, 0, 0, 0, 0, 0, 1, 0, 0, 0, 0, 0, 0, 0, 0, 0, 0, 0, 0, 0, 0, 0, 0, 0, 0, '0000-00-00 00:00:00', ''),
(685, 0, '', '2016-11-26 16:21:13', 'Rouen', 'moins', 'deplacement', 535, 0, 0, 0, 0, 0, 0, 0, 0, 0, -1, 0, 0, 0, 0, 0, 0, 0, 0, 0, 0, 0, 0, 0, 0, 0, 0, 0, '0000-00-00 00:00:00', ''),
(686, 0, '', '2016-11-26 16:21:13', 'Marche_St_Marc', 'plus', 'deplacement', 535, 0, 0, 0, 0, 0, 0, 0, 0, 0, 1, 0, 0, 0, 0, 0, 0, 0, 0, 0, 0, 0, 0, 0, 0, 0, 0, 0, '0000-00-00 00:00:00', ''),
(687, 0, '', '2016-11-26 16:21:13', 'Rouen', 'moins', 'deplacement', 535, 0, 0, 0, 0, 0, 0, 0, 0, 0, 0, -1, 0, 0, 0, 0, 0, 0, 0, 0, 0, 0, 0, 0, 0, 0, 0, 0, '0000-00-00 00:00:00', ''),
(688, 0, '', '2016-11-26 16:21:13', 'Marche_St_Marc', 'plus', 'deplacement', 535, 0, 0, 0, 0, 0, 0, 0, 0, 0, 0, 1, 0, 0, 0, 0, 0, 0, 0, 0, 0, 0, 0, 0, 0, 0, 0, 0, '0000-00-00 00:00:00', ''),
(689, 0, '', '2016-11-26 16:22:25', 'Rouen', 'moins', 'deplacement', 534, 0, -1, 0, 0, 0, 0, 0, 0, 0, 0, 0, 0, 0, 0, 0, 0, 0, 0, 0, 0, 0, 0, 0, 0, 0, 0, 0, '0000-00-00 00:00:00', ''),
(690, 0, '', '2016-11-26 16:22:25', 'Marche_St_Marc', 'plus', 'deplacement', 534, 0, 1, 0, 0, 0, 0, 0, 0, 0, 0, 0, 0, 0, 0, 0, 0, 0, 0, 0, 0, 0, 0, 0, 0, 0, 0, 0, '0000-00-00 00:00:00', ''),
(691, 0, '', '2016-11-26 16:22:25', 'Rouen', 'moins', 'deplacement', 534, 0, 0, -1, 0, 0, 0, 0, 0, 0, 0, 0, 0, 0, 0, 0, 0, 0, 0, 0, 0, 0, 0, 0, 0, 0, 0, 0, '0000-00-00 00:00:00', ''),
(692, 0, '', '2016-11-26 16:22:25', 'Marche_St_Marc', 'plus', 'deplacement', 534, 0, 0, 1, 0, 0, 0, 0, 0, 0, 0, 0, 0, 0, 0, 0, 0, 0, 0, 0, 0, 0, 0, 0, 0, 0, 0, 0, '0000-00-00 00:00:00', ''),
(693, 0, '', '2016-11-26 16:22:25', 'Rouen', 'moins', 'deplacement', 534, 0, 0, 0, -1, 0, 0, 0, 0, 0, 0, 0, 0, 0, 0, 0, 0, 0, 0, 0, 0, 0, 0, 0, 0, 0, 0, 0, '0000-00-00 00:00:00', ''),
(694, 0, '', '2016-11-26 16:22:25', 'Marche_St_Marc', 'plus', 'deplacement', 534, 0, 0, 0, 1, 0, 0, 0, 0, 0, 0, 0, 0, 0, 0, 0, 0, 0, 0, 0, 0, 0, 0, 0, 0, 0, 0, 0, '0000-00-00 00:00:00', ''),
(695, 0, '', '2016-11-26 16:22:25', 'Rouen', 'moins', 'deplacement', 534, 0, 0, 0, 0, -1, 0, 0, 0, 0, 0, 0, 0, 0, 0, 0, 0, 0, 0, 0, 0, 0, 0, 0, 0, 0, 0, 0, '0000-00-00 00:00:00', ''),
(696, 0, '', '2016-11-26 16:22:25', 'Marche_St_Marc', 'plus', 'deplacement', 534, 0, 0, 0, 0, 1, 0, 0, 0, 0, 0, 0, 0, 0, 0, 0, 0, 0, 0, 0, 0, 0, 0, 0, 0, 0, 0, 0, '0000-00-00 00:00:00', ''),
(697, 0, '', '2016-11-26 16:22:25', 'Rouen', 'moins', 'deplacement', 534, 0, 0, 0, 0, 0, -1, 0, 0, 0, 0, 0, 0, 0, 0, 0, 0, 0, 0, 0, 0, 0, 0, 0, 0, 0, 0, 0, '0000-00-00 00:00:00', ''),
(698, 0, '', '2016-11-26 16:22:25', 'Marche_St_Marc', 'plus', 'deplacement', 534, 0, 0, 0, 0, 0, 1, 0, 0, 0, 0, 0, 0, 0, 0, 0, 0, 0, 0, 0, 0, 0, 0, 0, 0, 0, 0, 0, '0000-00-00 00:00:00', ''),
(699, 0, '', '2016-11-26 16:22:25', 'Rouen', 'moins', 'deplacement', 534, 0, 0, 0, 0, 0, 0, -1, 0, 0, 0, 0, 0, 0, 0, 0, 0, 0, 0, 0, 0, 0, 0, 0, 0, 0, 0, 0, '0000-00-00 00:00:00', ''),
(700, 0, '', '2016-11-26 16:22:25', 'Marche_St_Marc', 'plus', 'deplacement', 534, 0, 0, 0, 0, 0, 0, 1, 0, 0, 0, 0, 0, 0, 0, 0, 0, 0, 0, 0, 0, 0, 0, 0, 0, 0, 0, 0, '0000-00-00 00:00:00', ''),
(701, 0, '', '2016-11-26 16:23:20', 'Rouen', 'moins', 'deplacement', 477, 0, -1, 0, 0, 0, 0, 0, 0, 0, 0, 0, 0, 0, 0, 0, 0, 0, 0, 0, 0, 0, 0, 0, 0, 0, 0, 0, '0000-00-00 00:00:00', ''),
(702, 0, '', '2016-11-26 16:23:20', 'Marche_St_Marc', 'plus', 'deplacement', 477, 0, 1, 0, 0, 0, 0, 0, 0, 0, 0, 0, 0, 0, 0, 0, 0, 0, 0, 0, 0, 0, 0, 0, 0, 0, 0, 0, '0000-00-00 00:00:00', ''),
(703, 0, '', '2016-11-26 16:23:20', 'Rouen', 'moins', 'deplacement', 477, 0, 0, -1, 0, 0, 0, 0, 0, 0, 0, 0, 0, 0, 0, 0, 0, 0, 0, 0, 0, 0, 0, 0, 0, 0, 0, 0, '0000-00-00 00:00:00', ''),
(704, 0, '', '2016-11-26 16:23:20', 'Marche_St_Marc', 'plus', 'deplacement', 477, 0, 0, 1, 0, 0, 0, 0, 0, 0, 0, 0, 0, 0, 0, 0, 0, 0, 0, 0, 0, 0, 0, 0, 0, 0, 0, 0, '0000-00-00 00:00:00', ''),
(705, 0, '', '2016-11-26 16:23:20', 'Rouen', 'moins', 'deplacement', 477, 0, 0, 0, -1, 0, 0, 0, 0, 0, 0, 0, 0, 0, 0, 0, 0, 0, 0, 0, 0, 0, 0, 0, 0, 0, 0, 0, '0000-00-00 00:00:00', ''),
(706, 0, '', '2016-11-26 16:23:20', 'Marche_St_Marc', 'plus', 'deplacement', 477, 0, 0, 0, 1, 0, 0, 0, 0, 0, 0, 0, 0, 0, 0, 0, 0, 0, 0, 0, 0, 0, 0, 0, 0, 0, 0, 0, '0000-00-00 00:00:00', ''),
(707, 0, '', '2016-11-26 16:23:20', 'Rouen', 'moins', 'deplacement', 477, 0, 0, 0, 0, -1, 0, 0, 0, 0, 0, 0, 0, 0, 0, 0, 0, 0, 0, 0, 0, 0, 0, 0, 0, 0, 0, 0, '0000-00-00 00:00:00', ''),
(708, 0, '', '2016-11-26 16:23:20', 'Marche_St_Marc', 'plus', 'deplacement', 477, 0, 0, 0, 0, 1, 0, 0, 0, 0, 0, 0, 0, 0, 0, 0, 0, 0, 0, 0, 0, 0, 0, 0, 0, 0, 0, 0, '0000-00-00 00:00:00', ''),
(709, 0, '', '2016-11-26 16:23:20', 'Rouen', 'moins', 'deplacement', 477, 0, 0, 0, 0, 0, -1, 0, 0, 0, 0, 0, 0, 0, 0, 0, 0, 0, 0, 0, 0, 0, 0, 0, 0, 0, 0, 0, '0000-00-00 00:00:00', ''),
(710, 0, '', '2016-11-26 16:23:20', 'Marche_St_Marc', 'plus', 'deplacement', 477, 0, 0, 0, 0, 0, 1, 0, 0, 0, 0, 0, 0, 0, 0, 0, 0, 0, 0, 0, 0, 0, 0, 0, 0, 0, 0, 0, '0000-00-00 00:00:00', ''),
(711, 0, '', '2016-11-26 16:25:10', 'Rouen', 'moins', 'deplacement', 478, 0, -1, 0, 0, 0, 0, 0, 0, 0, 0, 0, 0, 0, 0, 0, 0, 0, 0, 0, 0, 0, 0, 0, 0, 0, 0, 0, '0000-00-00 00:00:00', ''),
(712, 0, '', '2016-11-26 16:25:10', 'Marche_St_Marc', 'plus', 'deplacement', 478, 0, 1, 0, 0, 0, 0, 0, 0, 0, 0, 0, 0, 0, 0, 0, 0, 0, 0, 0, 0, 0, 0, 0, 0, 0, 0, 0, '0000-00-00 00:00:00', ''),
(713, 0, '', '2016-11-26 16:25:10', 'Rouen', 'moins', 'deplacement', 478, 0, 0, -1, 0, 0, 0, 0, 0, 0, 0, 0, 0, 0, 0, 0, 0, 0, 0, 0, 0, 0, 0, 0, 0, 0, 0, 0, '0000-00-00 00:00:00', ''),
(714, 0, '', '2016-11-26 16:25:10', 'Marche_St_Marc', 'plus', 'deplacement', 478, 0, 0, 1, 0, 0, 0, 0, 0, 0, 0, 0, 0, 0, 0, 0, 0, 0, 0, 0, 0, 0, 0, 0, 0, 0, 0, 0, '0000-00-00 00:00:00', ''),
(715, 0, '', '2016-11-26 16:25:10', 'Rouen', 'moins', 'deplacement', 478, 0, 0, 0, 0, -1, 0, 0, 0, 0, 0, 0, 0, 0, 0, 0, 0, 0, 0, 0, 0, 0, 0, 0, 0, 0, 0, 0, '0000-00-00 00:00:00', ''),
(716, 0, '', '2016-11-26 16:25:10', 'Marche_St_Marc', 'plus', 'deplacement', 478, 0, 0, 0, 0, 1, 0, 0, 0, 0, 0, 0, 0, 0, 0, 0, 0, 0, 0, 0, 0, 0, 0, 0, 0, 0, 0, 0, '0000-00-00 00:00:00', ''),
(717, 0, '', '2016-11-26 16:25:10', 'Rouen', 'moins', 'deplacement', 478, 0, 0, 0, 0, 0, -1, 0, 0, 0, 0, 0, 0, 0, 0, 0, 0, 0, 0, 0, 0, 0, 0, 0, 0, 0, 0, 0, '0000-00-00 00:00:00', ''),
(718, 0, '', '2016-11-26 16:25:10', 'Marche_St_Marc', 'plus', 'deplacement', 478, 0, 0, 0, 0, 0, 1, 0, 0, 0, 0, 0, 0, 0, 0, 0, 0, 0, 0, 0, 0, 0, 0, 0, 0, 0, 0, 0, '0000-00-00 00:00:00', ''),
(719, 0, '', '2016-11-26 16:25:10', 'Rouen', 'moins', 'deplacement', 478, 0, 0, 0, 0, 0, 0, -1, 0, 0, 0, 0, 0, 0, 0, 0, 0, 0, 0, 0, 0, 0, 0, 0, 0, 0, 0, 0, '0000-00-00 00:00:00', ''),
(720, 0, '', '2016-11-26 16:25:10', 'Marche_St_Marc', 'plus', 'deplacement', 478, 0, 0, 0, 0, 0, 0, 1, 0, 0, 0, 0, 0, 0, 0, 0, 0, 0, 0, 0, 0, 0, 0, 0, 0, 0, 0, 0, '0000-00-00 00:00:00', ''),
(721, 0, '', '2016-11-26 16:27:02', 'Rouen', 'moins', 'deplacement', 470, 0, -1, 0, 0, 0, 0, 0, 0, 0, 0, 0, 0, 0, 0, 0, 0, 0, 0, 0, 0, 0, 0, 0, 0, 0, 0, 0, '0000-00-00 00:00:00', ''),
(722, 0, '', '2016-11-26 16:27:02', 'Marche_St_Marc', 'plus', 'deplacement', 470, 0, 1, 0, 0, 0, 0, 0, 0, 0, 0, 0, 0, 0, 0, 0, 0, 0, 0, 0, 0, 0, 0, 0, 0, 0, 0, 0, '0000-00-00 00:00:00', ''),
(723, 0, '', '2016-11-26 16:27:02', 'Rouen', 'moins', 'deplacement', 470, 0, 0, -1, 0, 0, 0, 0, 0, 0, 0, 0, 0, 0, 0, 0, 0, 0, 0, 0, 0, 0, 0, 0, 0, 0, 0, 0, '0000-00-00 00:00:00', ''),
(724, 0, '', '2016-11-26 16:27:02', 'Marche_St_Marc', 'plus', 'deplacement', 470, 0, 0, 1, 0, 0, 0, 0, 0, 0, 0, 0, 0, 0, 0, 0, 0, 0, 0, 0, 0, 0, 0, 0, 0, 0, 0, 0, '0000-00-00 00:00:00', ''),
(725, 0, '', '2016-11-26 16:27:02', 'Rouen', 'moins', 'deplacement', 470, 0, 0, 0, -1, 0, 0, 0, 0, 0, 0, 0, 0, 0, 0, 0, 0, 0, 0, 0, 0, 0, 0, 0, 0, 0, 0, 0, '0000-00-00 00:00:00', ''),
(726, 0, '', '2016-11-26 16:27:02', 'Marche_St_Marc', 'plus', 'deplacement', 470, 0, 0, 0, 1, 0, 0, 0, 0, 0, 0, 0, 0, 0, 0, 0, 0, 0, 0, 0, 0, 0, 0, 0, 0, 0, 0, 0, '0000-00-00 00:00:00', ''),
(727, 0, '', '2016-11-26 16:27:02', 'Rouen', 'moins', 'deplacement', 470, 0, 0, 0, 0, -1, 0, 0, 0, 0, 0, 0, 0, 0, 0, 0, 0, 0, 0, 0, 0, 0, 0, 0, 0, 0, 0, 0, '0000-00-00 00:00:00', ''),
(728, 0, '', '2016-11-26 16:27:02', 'Marche_St_Marc', 'plus', 'deplacement', 470, 0, 0, 0, 0, 1, 0, 0, 0, 0, 0, 0, 0, 0, 0, 0, 0, 0, 0, 0, 0, 0, 0, 0, 0, 0, 0, 0, '0000-00-00 00:00:00', ''),
(729, 0, '', '2016-11-26 16:27:02', 'Rouen', 'moins', 'deplacement', 470, 0, 0, 0, 0, 0, -1, 0, 0, 0, 0, 0, 0, 0, 0, 0, 0, 0, 0, 0, 0, 0, 0, 0, 0, 0, 0, 0, '0000-00-00 00:00:00', ''),
(730, 0, '', '2016-11-26 16:27:02', 'Marche_St_Marc', 'plus', 'deplacement', 470, 0, 0, 0, 0, 0, 1, 0, 0, 0, 0, 0, 0, 0, 0, 0, 0, 0, 0, 0, 0, 0, 0, 0, 0, 0, 0, 0, '0000-00-00 00:00:00', ''),
(731, 0, '', '2016-11-26 16:27:02', 'Rouen', 'moins', 'deplacement', 470, 0, 0, 0, 0, 0, 0, -1, 0, 0, 0, 0, 0, 0, 0, 0, 0, 0, 0, 0, 0, 0, 0, 0, 0, 0, 0, 0, '0000-00-00 00:00:00', ''),
(732, 0, '', '2016-11-26 16:27:02', 'Marche_St_Marc', 'plus', 'deplacement', 470, 0, 0, 0, 0, 0, 0, 1, 0, 0, 0, 0, 0, 0, 0, 0, 0, 0, 0, 0, 0, 0, 0, 0, 0, 0, 0, 0, '0000-00-00 00:00:00', ''),
(733, 0, '', '2016-11-26 16:27:02', 'Rouen', 'moins', 'deplacement', 470, 0, 0, 0, 0, 0, 0, 0, -1, 0, 0, 0, 0, 0, 0, 0, 0, 0, 0, 0, 0, 0, 0, 0, 0, 0, 0, 0, '0000-00-00 00:00:00', ''),
(734, 0, '', '2016-11-26 16:27:02', 'Marche_St_Marc', 'plus', 'deplacement', 470, 0, 0, 0, 0, 0, 0, 0, 1, 0, 0, 0, 0, 0, 0, 0, 0, 0, 0, 0, 0, 0, 0, 0, 0, 0, 0, 0, '0000-00-00 00:00:00', ''),
(735, 0, '', '2016-11-26 16:27:02', 'Rouen', 'moins', 'deplacement', 470, 0, 0, 0, 0, 0, 0, 0, 0, -1, 0, 0, 0, 0, 0, 0, 0, 0, 0, 0, 0, 0, 0, 0, 0, 0, 0, 0, '0000-00-00 00:00:00', ''),
(736, 0, '', '2016-11-26 16:27:02', 'Marche_St_Marc', 'plus', 'deplacement', 470, 0, 0, 0, 0, 0, 0, 0, 0, 1, 0, 0, 0, 0, 0, 0, 0, 0, 0, 0, 0, 0, 0, 0, 0, 0, 0, 0, '0000-00-00 00:00:00', ''),
(737, 0, '', '2016-11-26 16:27:02', 'Rouen', 'moins', 'deplacement', 470, 0, 0, 0, 0, 0, 0, 0, 0, 0, -1, 0, 0, 0, 0, 0, 0, 0, 0, 0, 0, 0, 0, 0, 0, 0, 0, 0, '0000-00-00 00:00:00', ''),
(738, 0, '', '2016-11-26 16:27:02', 'Marche_St_Marc', 'plus', 'deplacement', 470, 0, 0, 0, 0, 0, 0, 0, 0, 0, 1, 0, 0, 0, 0, 0, 0, 0, 0, 0, 0, 0, 0, 0, 0, 0, 0, 0, '0000-00-00 00:00:00', ''),
(739, 0, '', '2016-11-26 16:27:02', 'Rouen', 'moins', 'deplacement', 470, 0, 0, 0, 0, 0, 0, 0, 0, 0, 0, -1, 0, 0, 0, 0, 0, 0, 0, 0, 0, 0, 0, 0, 0, 0, 0, 0, '0000-00-00 00:00:00', ''),
(740, 0, '', '2016-11-26 16:27:02', 'Marche_St_Marc', 'plus', 'deplacement', 470, 0, 0, 0, 0, 0, 0, 0, 0, 0, 0, 1, 0, 0, 0, 0, 0, 0, 0, 0, 0, 0, 0, 0, 0, 0, 0, 0, '0000-00-00 00:00:00', ''),
(741, 0, '', '2016-11-26 16:28:25', 'malfa?on\r\n', 'moins', 'deplacement', 467, 0, 0, 0, 0, 0, 0, -1, 0, 0, 0, 0, 0, 0, 0, 0, 0, 0, 0, 0, 0, 0, 0, 0, 0, 0, 0, 0, '0000-00-00 00:00:00', ''),
(742, 0, '', '2016-11-26 16:28:25', 'Marche_St_Marc', 'plus', 'deplacement', 467, 0, 0, 0, 0, 0, 0, 1, 0, 0, 0, 0, 0, 0, 0, 0, 0, 0, 0, 0, 0, 0, 0, 0, 0, 0, 0, 0, '0000-00-00 00:00:00', ''),
(743, 0, '', '2016-11-26 16:30:54', 'Marche_St_Marc', 'moins', 'deplacement', 374, 0, 0, 0, 0, 0, 0, 0, 0, 0, 0, 0, 0, 0, 0, 0, 0, -1, 0, 0, 0, 0, 0, 0, 0, 0, 0, 0, '0000-00-00 00:00:00', ''),
(744, 0, '', '2016-11-26 16:30:54', 'Rouen', 'plus', 'deplacement', 374, 0, 0, 0, 0, 0, 0, 0, 0, 0, 0, 0, 0, 0, 0, 0, 0, 1, 0, 0, 0, 0, 0, 0, 0, 0, 0, 0, '0000-00-00 00:00:00', ''),
(745, 0, '', '2016-11-26 19:37:55', 'Rouen', 'moins', 'deplacement', 534, 0, -1, 0, 0, 0, 0, 0, 0, 0, 0, 0, 0, 0, 0, 0, 0, 0, 0, 0, 0, 0, 0, 0, 0, 0, 0, 0, '0000-00-00 00:00:00', ''),
(746, 0, '', '2016-11-26 19:37:55', 'Ebay', 'plus', 'deplacement', 534, 0, 1, 0, 0, 0, 0, 0, 0, 0, 0, 0, 0, 0, 0, 0, 0, 0, 0, 0, 0, 0, 0, 0, 0, 0, 0, 0, '0000-00-00 00:00:00', ''),
(747, 0, '', '2016-11-26 19:37:55', 'Rouen', 'moins', 'deplacement', 534, 0, 0, -1, 0, 0, 0, 0, 0, 0, 0, 0, 0, 0, 0, 0, 0, 0, 0, 0, 0, 0, 0, 0, 0, 0, 0, 0, '0000-00-00 00:00:00', ''),
(748, 0, '', '2016-11-26 19:37:55', 'Ebay', 'plus', 'deplacement', 534, 0, 0, 1, 0, 0, 0, 0, 0, 0, 0, 0, 0, 0, 0, 0, 0, 0, 0, 0, 0, 0, 0, 0, 0, 0, 0, 0, '0000-00-00 00:00:00', ''),
(749, 0, '', '2016-11-26 19:37:55', 'Rouen', 'moins', 'deplacement', 534, 0, 0, 0, -1, 0, 0, 0, 0, 0, 0, 0, 0, 0, 0, 0, 0, 0, 0, 0, 0, 0, 0, 0, 0, 0, 0, 0, '0000-00-00 00:00:00', ''),
(750, 0, '', '2016-11-26 19:37:55', 'Ebay', 'plus', 'deplacement', 534, 0, 0, 0, 1, 0, 0, 0, 0, 0, 0, 0, 0, 0, 0, 0, 0, 0, 0, 0, 0, 0, 0, 0, 0, 0, 0, 0, '0000-00-00 00:00:00', ''),
(751, 0, '', '2016-11-26 19:37:55', 'Rouen', 'moins', 'deplacement', 534, 0, 0, 0, 0, -1, 0, 0, 0, 0, 0, 0, 0, 0, 0, 0, 0, 0, 0, 0, 0, 0, 0, 0, 0, 0, 0, 0, '0000-00-00 00:00:00', ''),
(752, 0, '', '2016-11-26 19:37:55', 'Ebay', 'plus', 'deplacement', 534, 0, 0, 0, 0, 1, 0, 0, 0, 0, 0, 0, 0, 0, 0, 0, 0, 0, 0, 0, 0, 0, 0, 0, 0, 0, 0, 0, '0000-00-00 00:00:00', ''),
(753, 0, '', '2016-11-26 19:37:55', 'Rouen', 'moins', 'deplacement', 534, 0, 0, 0, 0, 0, -1, 0, 0, 0, 0, 0, 0, 0, 0, 0, 0, 0, 0, 0, 0, 0, 0, 0, 0, 0, 0, 0, '0000-00-00 00:00:00', ''),
(754, 0, '', '2016-11-26 19:37:55', 'Ebay', 'plus', 'deplacement', 534, 0, 0, 0, 0, 0, 1, 0, 0, 0, 0, 0, 0, 0, 0, 0, 0, 0, 0, 0, 0, 0, 0, 0, 0, 0, 0, 0, '0000-00-00 00:00:00', ''),
(755, 0, '', '2016-11-26 19:37:55', 'Rouen', 'moins', 'deplacement', 534, 0, 0, 0, 0, 0, 0, -1, 0, 0, 0, 0, 0, 0, 0, 0, 0, 0, 0, 0, 0, 0, 0, 0, 0, 0, 0, 0, '0000-00-00 00:00:00', ''),
(756, 0, '', '2016-11-26 19:37:55', 'Ebay', 'plus', 'deplacement', 534, 0, 0, 0, 0, 0, 0, 1, 0, 0, 0, 0, 0, 0, 0, 0, 0, 0, 0, 0, 0, 0, 0, 0, 0, 0, 0, 0, '0000-00-00 00:00:00', ''),
(757, 0, '', '2016-11-27 06:35:17', 'Marche_St_Marc', 'moins', 'deplacement', 388, 0, 0, 0, 0, 0, 0, 0, 0, 0, -1, 0, 0, 0, 0, 0, 0, 0, 0, 0, 0, 0, 0, 0, 0, 0, 0, 0, '0000-00-00 00:00:00', ''),
(758, 0, '', '2016-11-27 06:35:17', 'Rouen', 'plus', 'deplacement', 388, 0, 0, 0, 0, 0, 0, 0, 0, 0, 1, 0, 0, 0, 0, 0, 0, 0, 0, 0, 0, 0, 0, 0, 0, 0, 0, 0, '0000-00-00 00:00:00', ''),
(759, 0, '', '2016-11-27 06:35:17', 'Marche_St_Marc', 'moins', 'deplacement', 388, 0, 0, 0, 0, 0, 0, 0, 0, 0, 0, -1, 0, 0, 0, 0, 0, 0, 0, 0, 0, 0, 0, 0, 0, 0, 0, 0, '0000-00-00 00:00:00', ''),
(760, 0, '', '2016-11-27 06:35:17', 'Rouen', 'plus', 'deplacement', 388, 0, 0, 0, 0, 0, 0, 0, 0, 0, 0, 1, 0, 0, 0, 0, 0, 0, 0, 0, 0, 0, 0, 0, 0, 0, 0, 0, '0000-00-00 00:00:00', ''),
(761, 0, '', '2016-11-27 06:35:17', 'Marche_St_Marc', 'moins', 'deplacement', 388, 0, 0, 0, 0, 0, 0, 0, 0, 0, 0, 0, -1, 0, 0, 0, 0, 0, 0, 0, 0, 0, 0, 0, 0, 0, 0, 0, '0000-00-00 00:00:00', ''),
(762, 0, '', '2016-11-27 06:35:17', 'Rouen', 'plus', 'deplacement', 388, 0, 0, 0, 0, 0, 0, 0, 0, 0, 0, 0, 1, 0, 0, 0, 0, 0, 0, 0, 0, 0, 0, 0, 0, 0, 0, 0, '0000-00-00 00:00:00', ''),
(763, 0, '', '2016-11-27 06:35:17', 'Marche_St_Marc', 'moins', 'deplacement', 388, 0, 0, 0, 0, 0, 0, 0, 0, 0, 0, 0, 0, -1, 0, 0, 0, 0, 0, 0, 0, 0, 0, 0, 0, 0, 0, 0, '0000-00-00 00:00:00', ''),
(764, 0, '', '2016-11-27 06:35:17', 'Rouen', 'plus', 'deplacement', 388, 0, 0, 0, 0, 0, 0, 0, 0, 0, 0, 0, 0, 1, 0, 0, 0, 0, 0, 0, 0, 0, 0, 0, 0, 0, 0, 0, '0000-00-00 00:00:00', ''),
(765, 0, '', '2016-11-27 06:35:17', 'Marche_St_Marc', 'moins', 'deplacement', 388, 0, 0, 0, 0, 0, 0, 0, 0, 0, 0, 0, 0, 0, -1, 0, 0, 0, 0, 0, 0, 0, 0, 0, 0, 0, 0, 0, '0000-00-00 00:00:00', ''),
(766, 0, '', '2016-11-27 06:35:17', 'Rouen', 'plus', 'deplacement', 388, 0, 0, 0, 0, 0, 0, 0, 0, 0, 0, 0, 0, 0, 1, 0, 0, 0, 0, 0, 0, 0, 0, 0, 0, 0, 0, 0, '0000-00-00 00:00:00', ''),
(767, 0, '', '2016-11-27 06:35:17', 'Marche_St_Marc', 'moins', 'deplacement', 388, 0, 0, 0, 0, 0, 0, 0, 0, 0, 0, 0, 0, 0, 0, -1, 0, 0, 0, 0, 0, 0, 0, 0, 0, 0, 0, 0, '0000-00-00 00:00:00', ''),
(768, 0, '', '2016-11-27 06:35:17', 'Rouen', 'plus', 'deplacement', 388, 0, 0, 0, 0, 0, 0, 0, 0, 0, 0, 0, 0, 0, 0, 1, 0, 0, 0, 0, 0, 0, 0, 0, 0, 0, 0, 0, '0000-00-00 00:00:00', ''),
(769, 0, '', '2016-11-27 06:35:17', 'Marche_St_Marc', 'moins', 'deplacement', 388, 0, 0, 0, 0, 0, 0, 0, 0, 0, 0, 0, 0, 0, 0, 0, -1, 0, 0, 0, 0, 0, 0, 0, 0, 0, 0, 0, '0000-00-00 00:00:00', ''),
(770, 0, '', '2016-11-27 06:35:17', 'Rouen', 'plus', 'deplacement', 388, 0, 0, 0, 0, 0, 0, 0, 0, 0, 0, 0, 0, 0, 0, 0, 1, 0, 0, 0, 0, 0, 0, 0, 0, 0, 0, 0, '0000-00-00 00:00:00', ''),
(771, 0, '', '2016-11-27 06:35:17', 'Marche_St_Marc', 'moins', 'deplacement', 388, 0, 0, 0, 0, 0, 0, 0, 0, 0, 0, 0, 0, 0, 0, 0, 0, -1, 0, 0, 0, 0, 0, 0, 0, 0, 0, 0, '0000-00-00 00:00:00', ''),
(772, 0, '', '2016-11-27 06:35:17', 'Rouen', 'plus', 'deplacement', 388, 0, 0, 0, 0, 0, 0, 0, 0, 0, 0, 0, 0, 0, 0, 0, 0, 1, 0, 0, 0, 0, 0, 0, 0, 0, 0, 0, '0000-00-00 00:00:00', ''),
(773, 0, '', '2016-11-27 06:35:17', 'Marche_St_Marc', 'moins', 'deplacement', 388, 0, 0, 0, 0, 0, 0, 0, 0, 0, 0, 0, 0, 0, 0, 0, 0, 0, -1, 0, 0, 0, 0, 0, 0, 0, 0, 0, '0000-00-00 00:00:00', ''),
(774, 0, '', '2016-11-27 06:35:17', 'Rouen', 'plus', 'deplacement', 388, 0, 0, 0, 0, 0, 0, 0, 0, 0, 0, 0, 0, 0, 0, 0, 0, 0, 1, 0, 0, 0, 0, 0, 0, 0, 0, 0, '0000-00-00 00:00:00', ''),
(775, 0, '', '2016-11-27 06:35:17', 'Marche_St_Marc', 'moins', 'deplacement', 388, 0, 0, 0, 0, 0, 0, 0, 0, 0, 0, 0, 0, 0, 0, 0, 0, 0, 0, -1, 0, 0, 0, 0, 0, 0, 0, 0, '0000-00-00 00:00:00', ''),
(776, 0, '', '2016-11-27 06:35:17', 'Rouen', 'plus', 'deplacement', 388, 0, 0, 0, 0, 0, 0, 0, 0, 0, 0, 0, 0, 0, 0, 0, 0, 0, 0, 1, 0, 0, 0, 0, 0, 0, 0, 0, '0000-00-00 00:00:00', ''),
(777, 0, '', '2016-11-27 06:35:17', 'Marche_St_Marc', 'moins', 'deplacement', 388, 0, 0, 0, 0, 0, 0, 0, 0, 0, 0, 0, 0, 0, 0, 0, 0, 0, 0, 0, -1, 0, 0, 0, 0, 0, 0, 0, '0000-00-00 00:00:00', ''),
(778, 0, '', '2016-11-27 06:35:17', 'Rouen', 'plus', 'deplacement', 388, 0, 0, 0, 0, 0, 0, 0, 0, 0, 0, 0, 0, 0, 0, 0, 0, 0, 0, 0, 1, 0, 0, 0, 0, 0, 0, 0, '0000-00-00 00:00:00', ''),
(779, 0, 'FactureFournisseur-104', '2016-12-30 00:00:00', 'Rouen', 'plus', 'achat', 536, 2, 2, 2, 0, 0, 0, 0, 0, 0, 0, 0, 0, 0, 0, 0, 0, 0, 0, 0, 0, 0, 0, 0, 0, 0, 0, 0, '0000-00-00 00:00:00', ''),
(780, 0, 'FactureFournisseur-104', '2017-01-02 00:00:00', 'Rouen', 'plus', 'achat', 537, 2, 2, 2, 0, 0, 0, 0, 0, 0, 0, 0, 0, 0, 0, 0, 0, 0, 0, 0, 0, 0, 0, 0, 0, 0, 0, 0, '0000-00-00 00:00:00', ''),
(781, 0, '', '2017-08-20 09:19:03', 'Marche_St_Marc', 'moins', 'deplacement', 466, 0, -1, 0, 0, 0, 0, 0, 0, 0, 0, 0, 0, 0, 0, 0, 0, 0, 0, 0, 0, 0, 0, 0, 0, 0, 0, 0, '0000-00-00 00:00:00', ''),
(782, 0, '', '2017-08-20 09:19:03', 'Rouen', 'plus', 'deplacement', 466, 0, 1, 0, 0, 0, 0, 0, 0, 0, 0, 0, 0, 0, 0, 0, 0, 0, 0, 0, 0, 0, 0, 0, 0, 0, 0, 0, '0000-00-00 00:00:00', ''),
(783, 0, '', '2017-08-20 09:19:03', 'Marche_St_Marc', 'moins', 'deplacement', 466, 0, 0, -1, 0, 0, 0, 0, 0, 0, 0, 0, 0, 0, 0, 0, 0, 0, 0, 0, 0, 0, 0, 0, 0, 0, 0, 0, '0000-00-00 00:00:00', ''),
(784, 0, '', '2017-08-20 09:19:03', 'Rouen', 'plus', 'deplacement', 466, 0, 0, 1, 0, 0, 0, 0, 0, 0, 0, 0, 0, 0, 0, 0, 0, 0, 0, 0, 0, 0, 0, 0, 0, 0, 0, 0, '0000-00-00 00:00:00', ''),
(785, 0, '', '2017-08-20 09:19:03', 'Marche_St_Marc', 'moins', 'deplacement', 466, 0, 0, 0, -1, 0, 0, 0, 0, 0, 0, 0, 0, 0, 0, 0, 0, 0, 0, 0, 0, 0, 0, 0, 0, 0, 0, 0, '0000-00-00 00:00:00', ''),
(786, 0, '', '2017-08-20 09:19:03', 'Rouen', 'plus', 'deplacement', 466, 0, 0, 0, 1, 0, 0, 0, 0, 0, 0, 0, 0, 0, 0, 0, 0, 0, 0, 0, 0, 0, 0, 0, 0, 0, 0, 0, '0000-00-00 00:00:00', ''),
(787, 0, '', '2017-08-20 09:19:03', 'Marche_St_Marc', 'moins', 'deplacement', 466, 0, 0, 0, 0, -1, 0, 0, 0, 0, 0, 0, 0, 0, 0, 0, 0, 0, 0, 0, 0, 0, 0, 0, 0, 0, 0, 0, '0000-00-00 00:00:00', ''),
(788, 0, '', '2017-08-20 09:19:03', 'Rouen', 'plus', 'deplacement', 466, 0, 0, 0, 0, 1, 0, 0, 0, 0, 0, 0, 0, 0, 0, 0, 0, 0, 0, 0, 0, 0, 0, 0, 0, 0, 0, 0, '0000-00-00 00:00:00', ''),
(789, 0, '', '2017-08-20 09:19:03', 'Marche_St_Marc', 'moins', 'deplacement', 466, 0, 0, 0, 0, 0, -1, 0, 0, 0, 0, 0, 0, 0, 0, 0, 0, 0, 0, 0, 0, 0, 0, 0, 0, 0, 0, 0, '0000-00-00 00:00:00', ''),
(790, 0, '', '2017-08-20 09:19:03', 'Rouen', 'plus', 'deplacement', 466, 0, 0, 0, 0, 0, 1, 0, 0, 0, 0, 0, 0, 0, 0, 0, 0, 0, 0, 0, 0, 0, 0, 0, 0, 0, 0, 0, '0000-00-00 00:00:00', ''),
(791, 0, '', '2017-08-20 09:19:03', 'Marche_St_Marc', 'moins', 'deplacement', 466, 0, 0, 0, 0, 0, 0, -1, 0, 0, 0, 0, 0, 0, 0, 0, 0, 0, 0, 0, 0, 0, 0, 0, 0, 0, 0, 0, '0000-00-00 00:00:00', ''),
(792, 0, '', '2017-08-20 09:19:03', 'Rouen', 'plus', 'deplacement', 466, 0, 0, 0, 0, 0, 0, 1, 0, 0, 0, 0, 0, 0, 0, 0, 0, 0, 0, 0, 0, 0, 0, 0, 0, 0, 0, 0, '0000-00-00 00:00:00', ''),
(793, 0, '', '2017-08-20 09:19:03', 'Marche_St_Marc', 'moins', 'deplacement', 466, 0, 0, 0, 0, 0, 0, 0, -1, 0, 0, 0, 0, 0, 0, 0, 0, 0, 0, 0, 0, 0, 0, 0, 0, 0, 0, 0, '0000-00-00 00:00:00', ''),
(794, 0, '', '2017-08-20 09:19:03', 'Rouen', 'plus', 'deplacement', 466, 0, 0, 0, 0, 0, 0, 0, 1, 0, 0, 0, 0, 0, 0, 0, 0, 0, 0, 0, 0, 0, 0, 0, 0, 0, 0, 0, '0000-00-00 00:00:00', ''),
(795, 0, '', '2017-08-20 09:19:03', 'Marche_St_Marc', 'moins', 'deplacement', 466, 0, 0, 0, 0, 0, 0, 0, 0, -1, 0, 0, 0, 0, 0, 0, 0, 0, 0, 0, 0, 0, 0, 0, 0, 0, 0, 0, '0000-00-00 00:00:00', ''),
(796, 0, '', '2017-08-20 09:19:03', 'Rouen', 'plus', 'deplacement', 466, 0, 0, 0, 0, 0, 0, 0, 0, 1, 0, 0, 0, 0, 0, 0, 0, 0, 0, 0, 0, 0, 0, 0, 0, 0, 0, 0, '0000-00-00 00:00:00', ''),
(797, 0, '', '2017-08-20 09:19:03', 'Marche_St_Marc', 'moins', 'deplacement', 466, 0, 0, 0, 0, 0, 0, 0, 0, 0, -1, 0, 0, 0, 0, 0, 0, 0, 0, 0, 0, 0, 0, 0, 0, 0, 0, 0, '0000-00-00 00:00:00', ''),
(798, 0, '', '2017-08-20 09:19:03', 'Rouen', 'plus', 'deplacement', 466, 0, 0, 0, 0, 0, 0, 0, 0, 0, 1, 0, 0, 0, 0, 0, 0, 0, 0, 0, 0, 0, 0, 0, 0, 0, 0, 0, '0000-00-00 00:00:00', ''),
(799, 0, '', '2017-08-20 09:19:03', 'Marche_St_Marc', 'moins', 'deplacement', 466, 0, 0, 0, 0, 0, 0, 0, 0, 0, 0, -1, 0, 0, 0, 0, 0, 0, 0, 0, 0, 0, 0, 0, 0, 0, 0, 0, '0000-00-00 00:00:00', ''),
(800, 0, '', '2017-08-20 09:19:03', 'Rouen', 'plus', 'deplacement', 466, 0, 0, 0, 0, 0, 0, 0, 0, 0, 0, 1, 0, 0, 0, 0, 0, 0, 0, 0, 0, 0, 0, 0, 0, 0, 0, 0, '0000-00-00 00:00:00', ''),
(801, 0, '', '2017-08-20 09:20:26', 'Ebay', 'moins', 'deplacement', 467, 0, -1, 0, 0, 0, 0, 0, 0, 0, 0, 0, 0, 0, 0, 0, 0, 0, 0, 0, 0, 0, 0, 0, 0, 0, 0, 0, '0000-00-00 00:00:00', ''),
(802, 0, '', '2017-08-20 09:20:26', 'Rouen', 'plus', 'deplacement', 467, 0, 1, 0, 0, 0, 0, 0, 0, 0, 0, 0, 0, 0, 0, 0, 0, 0, 0, 0, 0, 0, 0, 0, 0, 0, 0, 0, '0000-00-00 00:00:00', ''),
(803, 0, '', '2017-08-20 09:20:26', 'Ebay', 'moins', 'deplacement', 467, 0, 0, -1, 0, 0, 0, 0, 0, 0, 0, 0, 0, 0, 0, 0, 0, 0, 0, 0, 0, 0, 0, 0, 0, 0, 0, 0, '0000-00-00 00:00:00', ''),
(804, 0, '', '2017-08-20 09:20:26', 'Rouen', 'plus', 'deplacement', 467, 0, 0, 1, 0, 0, 0, 0, 0, 0, 0, 0, 0, 0, 0, 0, 0, 0, 0, 0, 0, 0, 0, 0, 0, 0, 0, 0, '0000-00-00 00:00:00', ''),
(805, 0, '', '2017-08-20 09:20:26', 'Ebay', 'moins', 'deplacement', 467, 0, 0, 0, -1, 0, 0, 0, 0, 0, 0, 0, 0, 0, 0, 0, 0, 0, 0, 0, 0, 0, 0, 0, 0, 0, 0, 0, '0000-00-00 00:00:00', ''),
(806, 0, '', '2017-08-20 09:20:26', 'Rouen', 'plus', 'deplacement', 467, 0, 0, 0, 1, 0, 0, 0, 0, 0, 0, 0, 0, 0, 0, 0, 0, 0, 0, 0, 0, 0, 0, 0, 0, 0, 0, 0, '0000-00-00 00:00:00', ''),
(807, 0, '', '2017-08-20 09:20:26', 'Ebay', 'moins', 'deplacement', 467, 0, 0, 0, 0, -1, 0, 0, 0, 0, 0, 0, 0, 0, 0, 0, 0, 0, 0, 0, 0, 0, 0, 0, 0, 0, 0, 0, '0000-00-00 00:00:00', ''),
(808, 0, '', '2017-08-20 09:20:26', 'Rouen', 'plus', 'deplacement', 467, 0, 0, 0, 0, 1, 0, 0, 0, 0, 0, 0, 0, 0, 0, 0, 0, 0, 0, 0, 0, 0, 0, 0, 0, 0, 0, 0, '0000-00-00 00:00:00', ''),
(809, 0, '', '2017-08-20 09:20:26', 'Ebay', 'moins', 'deplacement', 467, 0, 0, 0, 0, 0, -1, 0, 0, 0, 0, 0, 0, 0, 0, 0, 0, 0, 0, 0, 0, 0, 0, 0, 0, 0, 0, 0, '0000-00-00 00:00:00', ''),
(810, 0, '', '2017-08-20 09:20:26', 'Rouen', 'plus', 'deplacement', 467, 0, 0, 0, 0, 0, 1, 0, 0, 0, 0, 0, 0, 0, 0, 0, 0, 0, 0, 0, 0, 0, 0, 0, 0, 0, 0, 0, '0000-00-00 00:00:00', ''),
(811, 0, '', '2017-08-20 09:20:26', 'Ebay', 'moins', 'deplacement', 467, 0, 0, 0, 0, 0, 0, -1, 0, 0, 0, 0, 0, 0, 0, 0, 0, 0, 0, 0, 0, 0, 0, 0, 0, 0, 0, 0, '0000-00-00 00:00:00', ''),
(812, 0, '', '2017-08-20 09:20:26', 'Rouen', 'plus', 'deplacement', 467, 0, 0, 0, 0, 0, 0, 1, 0, 0, 0, 0, 0, 0, 0, 0, 0, 0, 0, 0, 0, 0, 0, 0, 0, 0, 0, 0, '0000-00-00 00:00:00', ''),
(813, 0, '', '2017-08-20 09:20:26', 'Ebay', 'moins', 'deplacement', 467, 0, 0, 0, 0, 0, 0, 0, -1, 0, 0, 0, 0, 0, 0, 0, 0, 0, 0, 0, 0, 0, 0, 0, 0, 0, 0, 0, '0000-00-00 00:00:00', ''),
(814, 0, '', '2017-08-20 09:20:26', 'Rouen', 'plus', 'deplacement', 467, 0, 0, 0, 0, 0, 0, 0, 1, 0, 0, 0, 0, 0, 0, 0, 0, 0, 0, 0, 0, 0, 0, 0, 0, 0, 0, 0, '0000-00-00 00:00:00', ''),
(815, 0, '', '2017-08-20 09:20:26', 'Ebay', 'moins', 'deplacement', 467, 0, 0, 0, 0, 0, 0, 0, 0, -1, 0, 0, 0, 0, 0, 0, 0, 0, 0, 0, 0, 0, 0, 0, 0, 0, 0, 0, '0000-00-00 00:00:00', ''),
(816, 0, '', '2017-08-20 09:20:26', 'Rouen', 'plus', 'deplacement', 467, 0, 0, 0, 0, 0, 0, 0, 0, 1, 0, 0, 0, 0, 0, 0, 0, 0, 0, 0, 0, 0, 0, 0, 0, 0, 0, 0, '0000-00-00 00:00:00', ''),
(817, 0, '', '2017-08-20 09:20:26', 'Ebay', 'moins', 'deplacement', 467, 0, 0, 0, 0, 0, 0, 0, 0, 0, -1, 0, 0, 0, 0, 0, 0, 0, 0, 0, 0, 0, 0, 0, 0, 0, 0, 0, '0000-00-00 00:00:00', ''),
(818, 0, '', '2017-08-20 09:20:26', 'Rouen', 'plus', 'deplacement', 467, 0, 0, 0, 0, 0, 0, 0, 0, 0, 1, 0, 0, 0, 0, 0, 0, 0, 0, 0, 0, 0, 0, 0, 0, 0, 0, 0, '0000-00-00 00:00:00', ''),
(819, 0, '', '2017-08-20 09:20:26', 'Ebay', 'moins', 'deplacement', 467, 0, 0, 0, 0, 0, 0, 0, 0, 0, 0, -1, 0, 0, 0, 0, 0, 0, 0, 0, 0, 0, 0, 0, 0, 0, 0, 0, '0000-00-00 00:00:00', ''),
(820, 0, '', '2017-08-20 09:20:26', 'Rouen', 'plus', 'deplacement', 467, 0, 0, 0, 0, 0, 0, 0, 0, 0, 0, 1, 0, 0, 0, 0, 0, 0, 0, 0, 0, 0, 0, 0, 0, 0, 0, 0, '0000-00-00 00:00:00', ''),
(821, 0, '', '2017-08-20 09:20:26', 'Marche_St_Marc', 'moins', 'deplacement', 467, 0, -1, 0, 0, 0, 0, 0, 0, 0, 0, 0, 0, 0, 0, 0, 0, 0, 0, 0, 0, 0, 0, 0, 0, 0, 0, 0, '0000-00-00 00:00:00', ''),
(822, 0, '', '2017-08-20 09:20:26', 'Rouen', 'plus', 'deplacement', 467, 0, 1, 0, 0, 0, 0, 0, 0, 0, 0, 0, 0, 0, 0, 0, 0, 0, 0, 0, 0, 0, 0, 0, 0, 0, 0, 0, '0000-00-00 00:00:00', ''),
(823, 0, '', '2017-08-20 09:20:26', 'Marche_St_Marc', 'moins', 'deplacement', 467, 0, 0, -1, 0, 0, 0, 0, 0, 0, 0, 0, 0, 0, 0, 0, 0, 0, 0, 0, 0, 0, 0, 0, 0, 0, 0, 0, '0000-00-00 00:00:00', ''),
(824, 0, '', '2017-08-20 09:20:26', 'Rouen', 'plus', 'deplacement', 467, 0, 0, 1, 0, 0, 0, 0, 0, 0, 0, 0, 0, 0, 0, 0, 0, 0, 0, 0, 0, 0, 0, 0, 0, 0, 0, 0, '0000-00-00 00:00:00', ''),
(825, 0, '', '2017-08-20 09:20:26', 'Marche_St_Marc', 'moins', 'deplacement', 467, 0, 0, 0, -1, 0, 0, 0, 0, 0, 0, 0, 0, 0, 0, 0, 0, 0, 0, 0, 0, 0, 0, 0, 0, 0, 0, 0, '0000-00-00 00:00:00', ''),
(826, 0, '', '2017-08-20 09:20:26', 'Rouen', 'plus', 'deplacement', 467, 0, 0, 0, 1, 0, 0, 0, 0, 0, 0, 0, 0, 0, 0, 0, 0, 0, 0, 0, 0, 0, 0, 0, 0, 0, 0, 0, '0000-00-00 00:00:00', ''),
(827, 0, '', '2017-08-20 09:20:26', 'Marche_St_Marc', 'moins', 'deplacement', 467, 0, 0, 0, 0, -1, 0, 0, 0, 0, 0, 0, 0, 0, 0, 0, 0, 0, 0, 0, 0, 0, 0, 0, 0, 0, 0, 0, '0000-00-00 00:00:00', ''),
(828, 0, '', '2017-08-20 09:20:26', 'Rouen', 'plus', 'deplacement', 467, 0, 0, 0, 0, 1, 0, 0, 0, 0, 0, 0, 0, 0, 0, 0, 0, 0, 0, 0, 0, 0, 0, 0, 0, 0, 0, 0, '0000-00-00 00:00:00', ''),
(829, 0, '', '2017-08-20 09:20:26', 'Marche_St_Marc', 'moins', 'deplacement', 467, 0, 0, 0, 0, 0, -1, 0, 0, 0, 0, 0, 0, 0, 0, 0, 0, 0, 0, 0, 0, 0, 0, 0, 0, 0, 0, 0, '0000-00-00 00:00:00', ''),
(830, 0, '', '2017-08-20 09:20:26', 'Rouen', 'plus', 'deplacement', 467, 0, 0, 0, 0, 0, 1, 0, 0, 0, 0, 0, 0, 0, 0, 0, 0, 0, 0, 0, 0, 0, 0, 0, 0, 0, 0, 0, '0000-00-00 00:00:00', ''),
(831, 0, '', '2017-08-20 09:20:26', 'Marche_St_Marc', 'moins', 'deplacement', 467, 0, 0, 0, 0, 0, 0, -1, 0, 0, 0, 0, 0, 0, 0, 0, 0, 0, 0, 0, 0, 0, 0, 0, 0, 0, 0, 0, '0000-00-00 00:00:00', ''),
(832, 0, '', '2017-08-20 09:20:26', 'Rouen', 'plus', 'deplacement', 467, 0, 0, 0, 0, 0, 0, 1, 0, 0, 0, 0, 0, 0, 0, 0, 0, 0, 0, 0, 0, 0, 0, 0, 0, 0, 0, 0, '0000-00-00 00:00:00', ''),
(833, 0, '', '2017-08-20 09:20:26', 'Marche_St_Marc', 'moins', 'deplacement', 467, 0, 0, 0, 0, 0, 0, 0, -1, 0, 0, 0, 0, 0, 0, 0, 0, 0, 0, 0, 0, 0, 0, 0, 0, 0, 0, 0, '0000-00-00 00:00:00', ''),
(834, 0, '', '2017-08-20 09:20:26', 'Rouen', 'plus', 'deplacement', 467, 0, 0, 0, 0, 0, 0, 0, 1, 0, 0, 0, 0, 0, 0, 0, 0, 0, 0, 0, 0, 0, 0, 0, 0, 0, 0, 0, '0000-00-00 00:00:00', ''),
(835, 0, '', '2017-08-20 09:20:26', 'Marche_St_Marc', 'moins', 'deplacement', 467, 0, 0, 0, 0, 0, 0, 0, 0, -1, 0, 0, 0, 0, 0, 0, 0, 0, 0, 0, 0, 0, 0, 0, 0, 0, 0, 0, '0000-00-00 00:00:00', ''),
(836, 0, '', '2017-08-20 09:20:26', 'Rouen', 'plus', 'deplacement', 467, 0, 0, 0, 0, 0, 0, 0, 0, 1, 0, 0, 0, 0, 0, 0, 0, 0, 0, 0, 0, 0, 0, 0, 0, 0, 0, 0, '0000-00-00 00:00:00', ''),
(837, 0, '', '2017-08-20 09:20:26', 'Marche_St_Marc', 'moins', 'deplacement', 467, 0, 0, 0, 0, 0, 0, 0, 0, 0, -1, 0, 0, 0, 0, 0, 0, 0, 0, 0, 0, 0, 0, 0, 0, 0, 0, 0, '0000-00-00 00:00:00', ''),
(838, 0, '', '2017-08-20 09:20:26', 'Rouen', 'plus', 'deplacement', 467, 0, 0, 0, 0, 0, 0, 0, 0, 0, 1, 0, 0, 0, 0, 0, 0, 0, 0, 0, 0, 0, 0, 0, 0, 0, 0, 0, '0000-00-00 00:00:00', ''),
(839, 0, '', '2017-08-20 09:20:26', 'Marche_St_Marc', 'moins', 'deplacement', 467, 0, 0, 0, 0, 0, 0, 0, 0, 0, 0, -1, 0, 0, 0, 0, 0, 0, 0, 0, 0, 0, 0, 0, 0, 0, 0, 0, '0000-00-00 00:00:00', ''),
(840, 0, '', '2017-08-20 09:20:26', 'Rouen', 'plus', 'deplacement', 467, 0, 0, 0, 0, 0, 0, 0, 0, 0, 0, 1, 0, 0, 0, 0, 0, 0, 0, 0, 0, 0, 0, 0, 0, 0, 0, 0, '0000-00-00 00:00:00', ''),
(841, 0, '', '2017-08-20 09:20:59', 'Marche_St_Marc', 'moins', 'deplacement', 468, 0, -1, 0, 0, 0, 0, 0, 0, 0, 0, 0, 0, 0, 0, 0, 0, 0, 0, 0, 0, 0, 0, 0, 0, 0, 0, 0, '0000-00-00 00:00:00', ''),
(842, 0, '', '2017-08-20 09:20:59', 'Rouen', 'plus', 'deplacement', 468, 0, 1, 0, 0, 0, 0, 0, 0, 0, 0, 0, 0, 0, 0, 0, 0, 0, 0, 0, 0, 0, 0, 0, 0, 0, 0, 0, '0000-00-00 00:00:00', ''),
(843, 0, '', '2017-08-20 09:20:59', 'Marche_St_Marc', 'moins', 'deplacement', 468, 0, 0, -1, 0, 0, 0, 0, 0, 0, 0, 0, 0, 0, 0, 0, 0, 0, 0, 0, 0, 0, 0, 0, 0, 0, 0, 0, '0000-00-00 00:00:00', ''),
(844, 0, '', '2017-08-20 09:20:59', 'Rouen', 'plus', 'deplacement', 468, 0, 0, 1, 0, 0, 0, 0, 0, 0, 0, 0, 0, 0, 0, 0, 0, 0, 0, 0, 0, 0, 0, 0, 0, 0, 0, 0, '0000-00-00 00:00:00', ''),
(845, 0, '', '2017-08-20 09:20:59', 'Marche_St_Marc', 'moins', 'deplacement', 468, 0, 0, 0, 0, -1, 0, 0, 0, 0, 0, 0, 0, 0, 0, 0, 0, 0, 0, 0, 0, 0, 0, 0, 0, 0, 0, 0, '0000-00-00 00:00:00', ''),
(846, 0, '', '2017-08-20 09:20:59', 'Rouen', 'plus', 'deplacement', 468, 0, 0, 0, 0, 1, 0, 0, 0, 0, 0, 0, 0, 0, 0, 0, 0, 0, 0, 0, 0, 0, 0, 0, 0, 0, 0, 0, '0000-00-00 00:00:00', ''),
(847, 0, '', '2017-08-20 09:20:59', 'Marche_St_Marc', 'moins', 'deplacement', 468, 0, 0, 0, 0, 0, -1, 0, 0, 0, 0, 0, 0, 0, 0, 0, 0, 0, 0, 0, 0, 0, 0, 0, 0, 0, 0, 0, '0000-00-00 00:00:00', ''),
(848, 0, '', '2017-08-20 09:20:59', 'Rouen', 'plus', 'deplacement', 468, 0, 0, 0, 0, 0, 1, 0, 0, 0, 0, 0, 0, 0, 0, 0, 0, 0, 0, 0, 0, 0, 0, 0, 0, 0, 0, 0, '0000-00-00 00:00:00', ''),
(849, 0, '', '2017-08-20 09:20:59', 'Marche_St_Marc', 'moins', 'deplacement', 468, 0, 0, 0, 0, 0, 0, -1, 0, 0, 0, 0, 0, 0, 0, 0, 0, 0, 0, 0, 0, 0, 0, 0, 0, 0, 0, 0, '0000-00-00 00:00:00', ''),
(850, 0, '', '2017-08-20 09:20:59', 'Rouen', 'plus', 'deplacement', 468, 0, 0, 0, 0, 0, 0, 1, 0, 0, 0, 0, 0, 0, 0, 0, 0, 0, 0, 0, 0, 0, 0, 0, 0, 0, 0, 0, '0000-00-00 00:00:00', ''),
(851, 0, '', '2017-08-20 09:20:59', 'Marche_St_Marc', 'moins', 'deplacement', 468, 0, 0, 0, 0, 0, 0, 0, -1, 0, 0, 0, 0, 0, 0, 0, 0, 0, 0, 0, 0, 0, 0, 0, 0, 0, 0, 0, '0000-00-00 00:00:00', ''),
(852, 0, '', '2017-08-20 09:20:59', 'Rouen', 'plus', 'deplacement', 468, 0, 0, 0, 0, 0, 0, 0, 1, 0, 0, 0, 0, 0, 0, 0, 0, 0, 0, 0, 0, 0, 0, 0, 0, 0, 0, 0, '0000-00-00 00:00:00', ''),
(853, 0, '', '2017-08-20 09:20:59', 'Marche_St_Marc', 'moins', 'deplacement', 468, 0, 0, 0, 0, 0, 0, 0, 0, -1, 0, 0, 0, 0, 0, 0, 0, 0, 0, 0, 0, 0, 0, 0, 0, 0, 0, 0, '0000-00-00 00:00:00', ''),
(854, 0, '', '2017-08-20 09:20:59', 'Rouen', 'plus', 'deplacement', 468, 0, 0, 0, 0, 0, 0, 0, 0, 1, 0, 0, 0, 0, 0, 0, 0, 0, 0, 0, 0, 0, 0, 0, 0, 0, 0, 0, '0000-00-00 00:00:00', ''),
(855, 0, '', '2017-08-20 09:20:59', 'Marche_St_Marc', 'moins', 'deplacement', 468, 0, 0, 0, 0, 0, 0, 0, 0, 0, -1, 0, 0, 0, 0, 0, 0, 0, 0, 0, 0, 0, 0, 0, 0, 0, 0, 0, '0000-00-00 00:00:00', ''),
(856, 0, '', '2017-08-20 09:20:59', 'Rouen', 'plus', 'deplacement', 468, 0, 0, 0, 0, 0, 0, 0, 0, 0, 1, 0, 0, 0, 0, 0, 0, 0, 0, 0, 0, 0, 0, 0, 0, 0, 0, 0, '0000-00-00 00:00:00', ''),
(857, 0, '', '2017-08-20 09:20:59', 'Marche_St_Marc', 'moins', 'deplacement', 468, 0, 0, 0, 0, 0, 0, 0, 0, 0, 0, -1, 0, 0, 0, 0, 0, 0, 0, 0, 0, 0, 0, 0, 0, 0, 0, 0, '0000-00-00 00:00:00', ''),
(858, 0, '', '2017-08-20 09:20:59', 'Rouen', 'plus', 'deplacement', 468, 0, 0, 0, 0, 0, 0, 0, 0, 0, 0, 1, 0, 0, 0, 0, 0, 0, 0, 0, 0, 0, 0, 0, 0, 0, 0, 0, '0000-00-00 00:00:00', ''),
(859, 0, '', '2017-08-20 09:21:27', 'Marche_St_Marc', 'moins', 'deplacement', 469, 0, -1, 0, 0, 0, 0, 0, 0, 0, 0, 0, 0, 0, 0, 0, 0, 0, 0, 0, 0, 0, 0, 0, 0, 0, 0, 0, '0000-00-00 00:00:00', ''),
(860, 0, '', '2017-08-20 09:21:27', 'Rouen', 'plus', 'deplacement', 469, 0, 1, 0, 0, 0, 0, 0, 0, 0, 0, 0, 0, 0, 0, 0, 0, 0, 0, 0, 0, 0, 0, 0, 0, 0, 0, 0, '0000-00-00 00:00:00', ''),
(861, 0, '', '2017-08-20 09:21:27', 'Marche_St_Marc', 'moins', 'deplacement', 469, 0, 0, -1, 0, 0, 0, 0, 0, 0, 0, 0, 0, 0, 0, 0, 0, 0, 0, 0, 0, 0, 0, 0, 0, 0, 0, 0, '0000-00-00 00:00:00', ''),
(862, 0, '', '2017-08-20 09:21:27', 'Rouen', 'plus', 'deplacement', 469, 0, 0, 1, 0, 0, 0, 0, 0, 0, 0, 0, 0, 0, 0, 0, 0, 0, 0, 0, 0, 0, 0, 0, 0, 0, 0, 0, '0000-00-00 00:00:00', ''),
(863, 0, '', '2017-08-20 09:21:27', 'Marche_St_Marc', 'moins', 'deplacement', 469, 0, 0, 0, 0, -1, 0, 0, 0, 0, 0, 0, 0, 0, 0, 0, 0, 0, 0, 0, 0, 0, 0, 0, 0, 0, 0, 0, '0000-00-00 00:00:00', ''),
(864, 0, '', '2017-08-20 09:21:27', 'Rouen', 'plus', 'deplacement', 469, 0, 0, 0, 0, 1, 0, 0, 0, 0, 0, 0, 0, 0, 0, 0, 0, 0, 0, 0, 0, 0, 0, 0, 0, 0, 0, 0, '0000-00-00 00:00:00', ''),
(865, 0, '', '2017-08-20 09:21:27', 'Marche_St_Marc', 'moins', 'deplacement', 469, 0, 0, 0, 0, 0, -1, 0, 0, 0, 0, 0, 0, 0, 0, 0, 0, 0, 0, 0, 0, 0, 0, 0, 0, 0, 0, 0, '0000-00-00 00:00:00', ''),
(866, 0, '', '2017-08-20 09:21:27', 'Rouen', 'plus', 'deplacement', 469, 0, 0, 0, 0, 0, 1, 0, 0, 0, 0, 0, 0, 0, 0, 0, 0, 0, 0, 0, 0, 0, 0, 0, 0, 0, 0, 0, '0000-00-00 00:00:00', ''),
(867, 0, '', '2017-08-20 09:21:27', 'Marche_St_Marc', 'moins', 'deplacement', 469, 0, 0, 0, 0, 0, 0, -1, 0, 0, 0, 0, 0, 0, 0, 0, 0, 0, 0, 0, 0, 0, 0, 0, 0, 0, 0, 0, '0000-00-00 00:00:00', ''),
(868, 0, '', '2017-08-20 09:21:27', 'Rouen', 'plus', 'deplacement', 469, 0, 0, 0, 0, 0, 0, 1, 0, 0, 0, 0, 0, 0, 0, 0, 0, 0, 0, 0, 0, 0, 0, 0, 0, 0, 0, 0, '0000-00-00 00:00:00', ''),
(869, 0, '', '2017-08-20 09:21:27', 'Marche_St_Marc', 'moins', 'deplacement', 469, 0, 0, 0, 0, 0, 0, 0, -1, 0, 0, 0, 0, 0, 0, 0, 0, 0, 0, 0, 0, 0, 0, 0, 0, 0, 0, 0, '0000-00-00 00:00:00', ''),
(870, 0, '', '2017-08-20 09:21:27', 'Rouen', 'plus', 'deplacement', 469, 0, 0, 0, 0, 0, 0, 0, 1, 0, 0, 0, 0, 0, 0, 0, 0, 0, 0, 0, 0, 0, 0, 0, 0, 0, 0, 0, '0000-00-00 00:00:00', ''),
(871, 0, '', '2017-08-20 09:21:27', 'Marche_St_Marc', 'moins', 'deplacement', 469, 0, 0, 0, 0, 0, 0, 0, 0, -1, 0, 0, 0, 0, 0, 0, 0, 0, 0, 0, 0, 0, 0, 0, 0, 0, 0, 0, '0000-00-00 00:00:00', ''),
(872, 0, '', '2017-08-20 09:21:27', 'Rouen', 'plus', 'deplacement', 469, 0, 0, 0, 0, 0, 0, 0, 0, 1, 0, 0, 0, 0, 0, 0, 0, 0, 0, 0, 0, 0, 0, 0, 0, 0, 0, 0, '0000-00-00 00:00:00', ''),
(873, 0, '', '2017-08-20 09:21:27', 'Marche_St_Marc', 'moins', 'deplacement', 469, 0, 0, 0, 0, 0, 0, 0, 0, 0, -1, 0, 0, 0, 0, 0, 0, 0, 0, 0, 0, 0, 0, 0, 0, 0, 0, 0, '0000-00-00 00:00:00', ''),
(874, 0, '', '2017-08-20 09:21:27', 'Rouen', 'plus', 'deplacement', 469, 0, 0, 0, 0, 0, 0, 0, 0, 0, 1, 0, 0, 0, 0, 0, 0, 0, 0, 0, 0, 0, 0, 0, 0, 0, 0, 0, '0000-00-00 00:00:00', ''),
(875, 0, '', '2017-08-20 09:21:27', 'Marche_St_Marc', 'moins', 'deplacement', 469, 0, 0, 0, 0, 0, 0, 0, 0, 0, 0, -1, 0, 0, 0, 0, 0, 0, 0, 0, 0, 0, 0, 0, 0, 0, 0, 0, '0000-00-00 00:00:00', ''),
(876, 0, '', '2017-08-20 09:21:27', 'Rouen', 'plus', 'deplacement', 469, 0, 0, 0, 0, 0, 0, 0, 0, 0, 0, 1, 0, 0, 0, 0, 0, 0, 0, 0, 0, 0, 0, 0, 0, 0, 0, 0, '0000-00-00 00:00:00', ''),
(877, 0, '', '2017-08-20 09:22:29', 'Ebay', 'moins', 'deplacement', 470, 0, -1, 0, 0, 0, 0, 0, 0, 0, 0, 0, 0, 0, 0, 0, 0, 0, 0, 0, 0, 0, 0, 0, 0, 0, 0, 0, '0000-00-00 00:00:00', ''),
(878, 0, '', '2017-08-20 09:22:29', 'Rouen', 'plus', 'deplacement', 470, 0, 1, 0, 0, 0, 0, 0, 0, 0, 0, 0, 0, 0, 0, 0, 0, 0, 0, 0, 0, 0, 0, 0, 0, 0, 0, 0, '0000-00-00 00:00:00', ''),
(879, 0, '', '2017-08-20 09:22:29', 'Ebay', 'moins', 'deplacement', 470, 0, 0, -1, 0, 0, 0, 0, 0, 0, 0, 0, 0, 0, 0, 0, 0, 0, 0, 0, 0, 0, 0, 0, 0, 0, 0, 0, '0000-00-00 00:00:00', ''),
(880, 0, '', '2017-08-20 09:22:29', 'Rouen', 'plus', 'deplacement', 470, 0, 0, 1, 0, 0, 0, 0, 0, 0, 0, 0, 0, 0, 0, 0, 0, 0, 0, 0, 0, 0, 0, 0, 0, 0, 0, 0, '0000-00-00 00:00:00', ''),
(881, 0, '', '2017-08-20 09:22:29', 'Ebay', 'moins', 'deplacement', 470, 0, 0, 0, -1, 0, 0, 0, 0, 0, 0, 0, 0, 0, 0, 0, 0, 0, 0, 0, 0, 0, 0, 0, 0, 0, 0, 0, '0000-00-00 00:00:00', ''),
(882, 0, '', '2017-08-20 09:22:29', 'Rouen', 'plus', 'deplacement', 470, 0, 0, 0, 1, 0, 0, 0, 0, 0, 0, 0, 0, 0, 0, 0, 0, 0, 0, 0, 0, 0, 0, 0, 0, 0, 0, 0, '0000-00-00 00:00:00', ''),
(883, 0, '', '2017-08-20 09:22:29', 'Ebay', 'moins', 'deplacement', 470, 0, 0, 0, 0, -1, 0, 0, 0, 0, 0, 0, 0, 0, 0, 0, 0, 0, 0, 0, 0, 0, 0, 0, 0, 0, 0, 0, '0000-00-00 00:00:00', ''),
(884, 0, '', '2017-08-20 09:22:29', 'Rouen', 'plus', 'deplacement', 470, 0, 0, 0, 0, 1, 0, 0, 0, 0, 0, 0, 0, 0, 0, 0, 0, 0, 0, 0, 0, 0, 0, 0, 0, 0, 0, 0, '0000-00-00 00:00:00', ''),
(885, 0, '', '2017-08-20 09:22:29', 'Ebay', 'moins', 'deplacement', 470, 0, 0, 0, 0, 0, -1, 0, 0, 0, 0, 0, 0, 0, 0, 0, 0, 0, 0, 0, 0, 0, 0, 0, 0, 0, 0, 0, '0000-00-00 00:00:00', ''),
(886, 0, '', '2017-08-20 09:22:29', 'Rouen', 'plus', 'deplacement', 470, 0, 0, 0, 0, 0, 1, 0, 0, 0, 0, 0, 0, 0, 0, 0, 0, 0, 0, 0, 0, 0, 0, 0, 0, 0, 0, 0, '0000-00-00 00:00:00', ''),
(887, 0, '', '2017-08-20 09:22:29', 'Ebay', 'moins', 'deplacement', 470, 0, 0, 0, 0, 0, 0, -1, 0, 0, 0, 0, 0, 0, 0, 0, 0, 0, 0, 0, 0, 0, 0, 0, 0, 0, 0, 0, '0000-00-00 00:00:00', ''),
(888, 0, '', '2017-08-20 09:22:29', 'Rouen', 'plus', 'deplacement', 470, 0, 0, 0, 0, 0, 0, 1, 0, 0, 0, 0, 0, 0, 0, 0, 0, 0, 0, 0, 0, 0, 0, 0, 0, 0, 0, 0, '0000-00-00 00:00:00', ''),
(889, 0, '', '2017-08-20 09:22:29', 'Ebay', 'moins', 'deplacement', 470, 0, 0, 0, 0, 0, 0, 0, -1, 0, 0, 0, 0, 0, 0, 0, 0, 0, 0, 0, 0, 0, 0, 0, 0, 0, 0, 0, '0000-00-00 00:00:00', ''),
(890, 0, '', '2017-08-20 09:22:29', 'Rouen', 'plus', 'deplacement', 470, 0, 0, 0, 0, 0, 0, 0, 1, 0, 0, 0, 0, 0, 0, 0, 0, 0, 0, 0, 0, 0, 0, 0, 0, 0, 0, 0, '0000-00-00 00:00:00', ''),
(891, 0, '', '2017-08-20 09:22:29', 'Ebay', 'moins', 'deplacement', 470, 0, 0, 0, 0, 0, 0, 0, 0, -1, 0, 0, 0, 0, 0, 0, 0, 0, 0, 0, 0, 0, 0, 0, 0, 0, 0, 0, '0000-00-00 00:00:00', '');
INSERT INTO `stock` (`id`, `operation_informatique_id`, `document_source`, `date_operation`, `stock_nom`, `operation_direction`, `operation_description`, `reference_id`, `quantite_taille_17`, `quantite_taille_18`, `quantite_taille_19`, `quantite_taille_20`, `quantite_taille_21`, `quantite_taille_22`, `quantite_taille_23`, `quantite_taille_24`, `quantite_taille_25`, `quantite_taille_26`, `quantite_taille_27`, `quantite_taille_28`, `quantite_taille_29`, `quantite_taille_30`, `quantite_taille_31`, `quantite_taille_32`, `quantite_taille_33`, `quantite_taille_34`, `quantite_taille_35`, `quantite_taille_36`, `quantite_taille_37`, `quantite_taille_38`, `quantite_taille_39`, `quantite_taille_40`, `quantite_taille_41`, `quantite_taille_42`, `quantite_taille_43`, `reservation_jusquau`, `reservation_identification`) VALUES
(892, 0, '', '2017-08-20 09:22:29', 'Rouen', 'plus', 'deplacement', 470, 0, 0, 0, 0, 0, 0, 0, 0, 1, 0, 0, 0, 0, 0, 0, 0, 0, 0, 0, 0, 0, 0, 0, 0, 0, 0, 0, '0000-00-00 00:00:00', ''),
(893, 0, '', '2017-08-20 09:22:29', 'Ebay', 'moins', 'deplacement', 470, 0, 0, 0, 0, 0, 0, 0, 0, 0, -1, 0, 0, 0, 0, 0, 0, 0, 0, 0, 0, 0, 0, 0, 0, 0, 0, 0, '0000-00-00 00:00:00', ''),
(894, 0, '', '2017-08-20 09:22:29', 'Rouen', 'plus', 'deplacement', 470, 0, 0, 0, 0, 0, 0, 0, 0, 0, 1, 0, 0, 0, 0, 0, 0, 0, 0, 0, 0, 0, 0, 0, 0, 0, 0, 0, '0000-00-00 00:00:00', ''),
(895, 0, '', '2017-08-20 09:22:29', 'Ebay', 'moins', 'deplacement', 470, 0, 0, 0, 0, 0, 0, 0, 0, 0, 0, -1, 0, 0, 0, 0, 0, 0, 0, 0, 0, 0, 0, 0, 0, 0, 0, 0, '0000-00-00 00:00:00', ''),
(896, 0, '', '2017-08-20 09:22:29', 'Rouen', 'plus', 'deplacement', 470, 0, 0, 0, 0, 0, 0, 0, 0, 0, 0, 1, 0, 0, 0, 0, 0, 0, 0, 0, 0, 0, 0, 0, 0, 0, 0, 0, '0000-00-00 00:00:00', ''),
(897, 0, '', '2017-08-20 09:22:29', 'Marche_St_Marc', 'moins', 'deplacement', 470, 0, -1, 0, 0, 0, 0, 0, 0, 0, 0, 0, 0, 0, 0, 0, 0, 0, 0, 0, 0, 0, 0, 0, 0, 0, 0, 0, '0000-00-00 00:00:00', ''),
(898, 0, '', '2017-08-20 09:22:29', 'Rouen', 'plus', 'deplacement', 470, 0, 1, 0, 0, 0, 0, 0, 0, 0, 0, 0, 0, 0, 0, 0, 0, 0, 0, 0, 0, 0, 0, 0, 0, 0, 0, 0, '0000-00-00 00:00:00', ''),
(899, 0, '', '2017-08-20 09:22:29', 'Marche_St_Marc', 'moins', 'deplacement', 470, 0, 0, -1, 0, 0, 0, 0, 0, 0, 0, 0, 0, 0, 0, 0, 0, 0, 0, 0, 0, 0, 0, 0, 0, 0, 0, 0, '0000-00-00 00:00:00', ''),
(900, 0, '', '2017-08-20 09:22:29', 'Rouen', 'plus', 'deplacement', 470, 0, 0, 1, 0, 0, 0, 0, 0, 0, 0, 0, 0, 0, 0, 0, 0, 0, 0, 0, 0, 0, 0, 0, 0, 0, 0, 0, '0000-00-00 00:00:00', ''),
(901, 0, '', '2017-08-20 09:22:29', 'Marche_St_Marc', 'moins', 'deplacement', 470, 0, 0, 0, -1, 0, 0, 0, 0, 0, 0, 0, 0, 0, 0, 0, 0, 0, 0, 0, 0, 0, 0, 0, 0, 0, 0, 0, '0000-00-00 00:00:00', ''),
(902, 0, '', '2017-08-20 09:22:29', 'Rouen', 'plus', 'deplacement', 470, 0, 0, 0, 1, 0, 0, 0, 0, 0, 0, 0, 0, 0, 0, 0, 0, 0, 0, 0, 0, 0, 0, 0, 0, 0, 0, 0, '0000-00-00 00:00:00', ''),
(903, 0, '', '2017-08-20 09:22:29', 'Marche_St_Marc', 'moins', 'deplacement', 470, 0, 0, 0, 0, -1, 0, 0, 0, 0, 0, 0, 0, 0, 0, 0, 0, 0, 0, 0, 0, 0, 0, 0, 0, 0, 0, 0, '0000-00-00 00:00:00', ''),
(904, 0, '', '2017-08-20 09:22:29', 'Rouen', 'plus', 'deplacement', 470, 0, 0, 0, 0, 1, 0, 0, 0, 0, 0, 0, 0, 0, 0, 0, 0, 0, 0, 0, 0, 0, 0, 0, 0, 0, 0, 0, '0000-00-00 00:00:00', ''),
(905, 0, '', '2017-08-20 09:22:29', 'Marche_St_Marc', 'moins', 'deplacement', 470, 0, 0, 0, 0, 0, -1, 0, 0, 0, 0, 0, 0, 0, 0, 0, 0, 0, 0, 0, 0, 0, 0, 0, 0, 0, 0, 0, '0000-00-00 00:00:00', ''),
(906, 0, '', '2017-08-20 09:22:29', 'Rouen', 'plus', 'deplacement', 470, 0, 0, 0, 0, 0, 1, 0, 0, 0, 0, 0, 0, 0, 0, 0, 0, 0, 0, 0, 0, 0, 0, 0, 0, 0, 0, 0, '0000-00-00 00:00:00', ''),
(907, 0, '', '2017-08-20 09:22:29', 'Marche_St_Marc', 'moins', 'deplacement', 470, 0, 0, 0, 0, 0, 0, -1, 0, 0, 0, 0, 0, 0, 0, 0, 0, 0, 0, 0, 0, 0, 0, 0, 0, 0, 0, 0, '0000-00-00 00:00:00', ''),
(908, 0, '', '2017-08-20 09:22:29', 'Rouen', 'plus', 'deplacement', 470, 0, 0, 0, 0, 0, 0, 1, 0, 0, 0, 0, 0, 0, 0, 0, 0, 0, 0, 0, 0, 0, 0, 0, 0, 0, 0, 0, '0000-00-00 00:00:00', ''),
(909, 0, '', '2017-08-20 09:22:29', 'Marche_St_Marc', 'moins', 'deplacement', 470, 0, 0, 0, 0, 0, 0, 0, -1, 0, 0, 0, 0, 0, 0, 0, 0, 0, 0, 0, 0, 0, 0, 0, 0, 0, 0, 0, '0000-00-00 00:00:00', ''),
(910, 0, '', '2017-08-20 09:22:29', 'Rouen', 'plus', 'deplacement', 470, 0, 0, 0, 0, 0, 0, 0, 1, 0, 0, 0, 0, 0, 0, 0, 0, 0, 0, 0, 0, 0, 0, 0, 0, 0, 0, 0, '0000-00-00 00:00:00', ''),
(911, 0, '', '2017-08-20 09:22:29', 'Marche_St_Marc', 'moins', 'deplacement', 470, 0, 0, 0, 0, 0, 0, 0, 0, -1, 0, 0, 0, 0, 0, 0, 0, 0, 0, 0, 0, 0, 0, 0, 0, 0, 0, 0, '0000-00-00 00:00:00', ''),
(912, 0, '', '2017-08-20 09:22:29', 'Rouen', 'plus', 'deplacement', 470, 0, 0, 0, 0, 0, 0, 0, 0, 1, 0, 0, 0, 0, 0, 0, 0, 0, 0, 0, 0, 0, 0, 0, 0, 0, 0, 0, '0000-00-00 00:00:00', ''),
(913, 0, '', '2017-08-20 09:22:29', 'Marche_St_Marc', 'moins', 'deplacement', 470, 0, 0, 0, 0, 0, 0, 0, 0, 0, -1, 0, 0, 0, 0, 0, 0, 0, 0, 0, 0, 0, 0, 0, 0, 0, 0, 0, '0000-00-00 00:00:00', ''),
(914, 0, '', '2017-08-20 09:22:29', 'Rouen', 'plus', 'deplacement', 470, 0, 0, 0, 0, 0, 0, 0, 0, 0, 1, 0, 0, 0, 0, 0, 0, 0, 0, 0, 0, 0, 0, 0, 0, 0, 0, 0, '0000-00-00 00:00:00', ''),
(915, 0, '', '2017-08-20 09:22:29', 'Marche_St_Marc', 'moins', 'deplacement', 470, 0, 0, 0, 0, 0, 0, 0, 0, 0, 0, -1, 0, 0, 0, 0, 0, 0, 0, 0, 0, 0, 0, 0, 0, 0, 0, 0, '0000-00-00 00:00:00', ''),
(916, 0, '', '2017-08-20 09:22:29', 'Rouen', 'plus', 'deplacement', 470, 0, 0, 0, 0, 0, 0, 0, 0, 0, 0, 1, 0, 0, 0, 0, 0, 0, 0, 0, 0, 0, 0, 0, 0, 0, 0, 0, '0000-00-00 00:00:00', ''),
(917, 0, '', '2017-08-20 09:22:55', 'Marche_St_Marc', 'moins', 'deplacement', 473, 0, 0, 0, -1, 0, 0, 0, 0, 0, 0, 0, 0, 0, 0, 0, 0, 0, 0, 0, 0, 0, 0, 0, 0, 0, 0, 0, '0000-00-00 00:00:00', ''),
(918, 0, '', '2017-08-20 09:22:55', 'Rouen', 'plus', 'deplacement', 473, 0, 0, 0, 1, 0, 0, 0, 0, 0, 0, 0, 0, 0, 0, 0, 0, 0, 0, 0, 0, 0, 0, 0, 0, 0, 0, 0, '0000-00-00 00:00:00', ''),
(919, 0, '', '2017-08-20 09:22:55', 'Marche_St_Marc', 'moins', 'deplacement', 473, 0, 0, 0, 0, -1, 0, 0, 0, 0, 0, 0, 0, 0, 0, 0, 0, 0, 0, 0, 0, 0, 0, 0, 0, 0, 0, 0, '0000-00-00 00:00:00', ''),
(920, 0, '', '2017-08-20 09:22:55', 'Rouen', 'plus', 'deplacement', 473, 0, 0, 0, 0, 1, 0, 0, 0, 0, 0, 0, 0, 0, 0, 0, 0, 0, 0, 0, 0, 0, 0, 0, 0, 0, 0, 0, '0000-00-00 00:00:00', ''),
(921, 0, '', '2017-08-20 09:22:55', 'Marche_St_Marc', 'moins', 'deplacement', 473, 0, 0, 0, 0, 0, -1, 0, 0, 0, 0, 0, 0, 0, 0, 0, 0, 0, 0, 0, 0, 0, 0, 0, 0, 0, 0, 0, '0000-00-00 00:00:00', ''),
(922, 0, '', '2017-08-20 09:22:55', 'Rouen', 'plus', 'deplacement', 473, 0, 0, 0, 0, 0, 1, 0, 0, 0, 0, 0, 0, 0, 0, 0, 0, 0, 0, 0, 0, 0, 0, 0, 0, 0, 0, 0, '0000-00-00 00:00:00', ''),
(923, 0, '', '2017-08-20 09:22:55', 'Marche_St_Marc', 'moins', 'deplacement', 473, 0, 0, 0, 0, 0, 0, -1, 0, 0, 0, 0, 0, 0, 0, 0, 0, 0, 0, 0, 0, 0, 0, 0, 0, 0, 0, 0, '0000-00-00 00:00:00', ''),
(924, 0, '', '2017-08-20 09:22:55', 'Rouen', 'plus', 'deplacement', 473, 0, 0, 0, 0, 0, 0, 1, 0, 0, 0, 0, 0, 0, 0, 0, 0, 0, 0, 0, 0, 0, 0, 0, 0, 0, 0, 0, '0000-00-00 00:00:00', ''),
(925, 0, '', '2017-08-20 09:22:55', 'Marche_St_Marc', 'moins', 'deplacement', 473, 0, 0, 0, 0, 0, 0, 0, -1, 0, 0, 0, 0, 0, 0, 0, 0, 0, 0, 0, 0, 0, 0, 0, 0, 0, 0, 0, '0000-00-00 00:00:00', ''),
(926, 0, '', '2017-08-20 09:22:55', 'Rouen', 'plus', 'deplacement', 473, 0, 0, 0, 0, 0, 0, 0, 1, 0, 0, 0, 0, 0, 0, 0, 0, 0, 0, 0, 0, 0, 0, 0, 0, 0, 0, 0, '0000-00-00 00:00:00', ''),
(927, 0, '', '2017-08-20 09:22:55', 'Marche_St_Marc', 'moins', 'deplacement', 473, 0, 0, 0, 0, 0, 0, 0, 0, -1, 0, 0, 0, 0, 0, 0, 0, 0, 0, 0, 0, 0, 0, 0, 0, 0, 0, 0, '0000-00-00 00:00:00', ''),
(928, 0, '', '2017-08-20 09:22:55', 'Rouen', 'plus', 'deplacement', 473, 0, 0, 0, 0, 0, 0, 0, 0, 1, 0, 0, 0, 0, 0, 0, 0, 0, 0, 0, 0, 0, 0, 0, 0, 0, 0, 0, '0000-00-00 00:00:00', ''),
(929, 0, '', '2017-08-20 09:22:55', 'Marche_St_Marc', 'moins', 'deplacement', 473, 0, 0, 0, 0, 0, 0, 0, 0, 0, -1, 0, 0, 0, 0, 0, 0, 0, 0, 0, 0, 0, 0, 0, 0, 0, 0, 0, '0000-00-00 00:00:00', ''),
(930, 0, '', '2017-08-20 09:22:55', 'Rouen', 'plus', 'deplacement', 473, 0, 0, 0, 0, 0, 0, 0, 0, 0, 1, 0, 0, 0, 0, 0, 0, 0, 0, 0, 0, 0, 0, 0, 0, 0, 0, 0, '0000-00-00 00:00:00', ''),
(931, 0, '', '2017-08-20 09:22:55', 'Marche_St_Marc', 'moins', 'deplacement', 473, 0, 0, 0, 0, 0, 0, 0, 0, 0, 0, -1, 0, 0, 0, 0, 0, 0, 0, 0, 0, 0, 0, 0, 0, 0, 0, 0, '0000-00-00 00:00:00', ''),
(932, 0, '', '2017-08-20 09:22:55', 'Rouen', 'plus', 'deplacement', 473, 0, 0, 0, 0, 0, 0, 0, 0, 0, 0, 1, 0, 0, 0, 0, 0, 0, 0, 0, 0, 0, 0, 0, 0, 0, 0, 0, '0000-00-00 00:00:00', ''),
(933, 0, '', '2017-08-20 09:23:25', 'Marche_St_Marc', 'moins', 'deplacement', 474, 0, -1, 0, 0, 0, 0, 0, 0, 0, 0, 0, 0, 0, 0, 0, 0, 0, 0, 0, 0, 0, 0, 0, 0, 0, 0, 0, '0000-00-00 00:00:00', ''),
(934, 0, '', '2017-08-20 09:23:25', 'Rouen', 'plus', 'deplacement', 474, 0, 1, 0, 0, 0, 0, 0, 0, 0, 0, 0, 0, 0, 0, 0, 0, 0, 0, 0, 0, 0, 0, 0, 0, 0, 0, 0, '0000-00-00 00:00:00', ''),
(935, 0, '', '2017-08-20 09:23:25', 'Marche_St_Marc', 'moins', 'deplacement', 474, 0, 0, 0, -1, 0, 0, 0, 0, 0, 0, 0, 0, 0, 0, 0, 0, 0, 0, 0, 0, 0, 0, 0, 0, 0, 0, 0, '0000-00-00 00:00:00', ''),
(936, 0, '', '2017-08-20 09:23:25', 'Rouen', 'plus', 'deplacement', 474, 0, 0, 0, 1, 0, 0, 0, 0, 0, 0, 0, 0, 0, 0, 0, 0, 0, 0, 0, 0, 0, 0, 0, 0, 0, 0, 0, '0000-00-00 00:00:00', ''),
(937, 0, '', '2017-08-20 09:23:25', 'Marche_St_Marc', 'moins', 'deplacement', 474, 0, 0, 0, 0, -1, 0, 0, 0, 0, 0, 0, 0, 0, 0, 0, 0, 0, 0, 0, 0, 0, 0, 0, 0, 0, 0, 0, '0000-00-00 00:00:00', ''),
(938, 0, '', '2017-08-20 09:23:25', 'Rouen', 'plus', 'deplacement', 474, 0, 0, 0, 0, 1, 0, 0, 0, 0, 0, 0, 0, 0, 0, 0, 0, 0, 0, 0, 0, 0, 0, 0, 0, 0, 0, 0, '0000-00-00 00:00:00', ''),
(939, 0, '', '2017-08-20 09:23:25', 'Marche_St_Marc', 'moins', 'deplacement', 474, 0, 0, 0, 0, 0, -1, 0, 0, 0, 0, 0, 0, 0, 0, 0, 0, 0, 0, 0, 0, 0, 0, 0, 0, 0, 0, 0, '0000-00-00 00:00:00', ''),
(940, 0, '', '2017-08-20 09:23:25', 'Rouen', 'plus', 'deplacement', 474, 0, 0, 0, 0, 0, 1, 0, 0, 0, 0, 0, 0, 0, 0, 0, 0, 0, 0, 0, 0, 0, 0, 0, 0, 0, 0, 0, '0000-00-00 00:00:00', ''),
(941, 0, '', '2017-08-20 09:23:25', 'Marche_St_Marc', 'moins', 'deplacement', 474, 0, 0, 0, 0, 0, 0, -1, 0, 0, 0, 0, 0, 0, 0, 0, 0, 0, 0, 0, 0, 0, 0, 0, 0, 0, 0, 0, '0000-00-00 00:00:00', ''),
(942, 0, '', '2017-08-20 09:23:25', 'Rouen', 'plus', 'deplacement', 474, 0, 0, 0, 0, 0, 0, 1, 0, 0, 0, 0, 0, 0, 0, 0, 0, 0, 0, 0, 0, 0, 0, 0, 0, 0, 0, 0, '0000-00-00 00:00:00', ''),
(943, 0, '', '2017-08-20 09:23:25', 'Marche_St_Marc', 'moins', 'deplacement', 474, 0, 0, 0, 0, 0, 0, 0, -1, 0, 0, 0, 0, 0, 0, 0, 0, 0, 0, 0, 0, 0, 0, 0, 0, 0, 0, 0, '0000-00-00 00:00:00', ''),
(944, 0, '', '2017-08-20 09:23:25', 'Rouen', 'plus', 'deplacement', 474, 0, 0, 0, 0, 0, 0, 0, 1, 0, 0, 0, 0, 0, 0, 0, 0, 0, 0, 0, 0, 0, 0, 0, 0, 0, 0, 0, '0000-00-00 00:00:00', ''),
(945, 0, '', '2017-08-20 09:23:25', 'Marche_St_Marc', 'moins', 'deplacement', 474, 0, 0, 0, 0, 0, 0, 0, 0, -1, 0, 0, 0, 0, 0, 0, 0, 0, 0, 0, 0, 0, 0, 0, 0, 0, 0, 0, '0000-00-00 00:00:00', ''),
(946, 0, '', '2017-08-20 09:23:25', 'Rouen', 'plus', 'deplacement', 474, 0, 0, 0, 0, 0, 0, 0, 0, 1, 0, 0, 0, 0, 0, 0, 0, 0, 0, 0, 0, 0, 0, 0, 0, 0, 0, 0, '0000-00-00 00:00:00', ''),
(947, 0, '', '2017-08-20 09:23:25', 'Marche_St_Marc', 'moins', 'deplacement', 474, 0, 0, 0, 0, 0, 0, 0, 0, 0, -1, 0, 0, 0, 0, 0, 0, 0, 0, 0, 0, 0, 0, 0, 0, 0, 0, 0, '0000-00-00 00:00:00', ''),
(948, 0, '', '2017-08-20 09:23:25', 'Rouen', 'plus', 'deplacement', 474, 0, 0, 0, 0, 0, 0, 0, 0, 0, 1, 0, 0, 0, 0, 0, 0, 0, 0, 0, 0, 0, 0, 0, 0, 0, 0, 0, '0000-00-00 00:00:00', ''),
(949, 0, '', '2017-08-20 09:23:25', 'Marche_St_Marc', 'moins', 'deplacement', 474, 0, 0, 0, 0, 0, 0, 0, 0, 0, 0, -1, 0, 0, 0, 0, 0, 0, 0, 0, 0, 0, 0, 0, 0, 0, 0, 0, '0000-00-00 00:00:00', ''),
(950, 0, '', '2017-08-20 09:23:25', 'Rouen', 'plus', 'deplacement', 474, 0, 0, 0, 0, 0, 0, 0, 0, 0, 0, 1, 0, 0, 0, 0, 0, 0, 0, 0, 0, 0, 0, 0, 0, 0, 0, 0, '0000-00-00 00:00:00', ''),
(951, 0, '', '2017-08-20 09:23:54', 'Marche_St_Marc', 'moins', 'deplacement', 476, 0, -1, 0, 0, 0, 0, 0, 0, 0, 0, 0, 0, 0, 0, 0, 0, 0, 0, 0, 0, 0, 0, 0, 0, 0, 0, 0, '0000-00-00 00:00:00', ''),
(952, 0, '', '2017-08-20 09:23:54', 'Rouen', 'plus', 'deplacement', 476, 0, 1, 0, 0, 0, 0, 0, 0, 0, 0, 0, 0, 0, 0, 0, 0, 0, 0, 0, 0, 0, 0, 0, 0, 0, 0, 0, '0000-00-00 00:00:00', ''),
(953, 0, '', '2017-08-20 09:23:54', 'Marche_St_Marc', 'moins', 'deplacement', 476, 0, 0, -1, 0, 0, 0, 0, 0, 0, 0, 0, 0, 0, 0, 0, 0, 0, 0, 0, 0, 0, 0, 0, 0, 0, 0, 0, '0000-00-00 00:00:00', ''),
(954, 0, '', '2017-08-20 09:23:54', 'Rouen', 'plus', 'deplacement', 476, 0, 0, 1, 0, 0, 0, 0, 0, 0, 0, 0, 0, 0, 0, 0, 0, 0, 0, 0, 0, 0, 0, 0, 0, 0, 0, 0, '0000-00-00 00:00:00', ''),
(955, 0, '', '2017-08-20 09:23:54', 'Marche_St_Marc', 'moins', 'deplacement', 476, 0, 0, 0, -1, 0, 0, 0, 0, 0, 0, 0, 0, 0, 0, 0, 0, 0, 0, 0, 0, 0, 0, 0, 0, 0, 0, 0, '0000-00-00 00:00:00', ''),
(956, 0, '', '2017-08-20 09:23:54', 'Rouen', 'plus', 'deplacement', 476, 0, 0, 0, 1, 0, 0, 0, 0, 0, 0, 0, 0, 0, 0, 0, 0, 0, 0, 0, 0, 0, 0, 0, 0, 0, 0, 0, '0000-00-00 00:00:00', ''),
(957, 0, '', '2017-08-20 09:23:54', 'Marche_St_Marc', 'moins', 'deplacement', 476, 0, 0, 0, 0, -1, 0, 0, 0, 0, 0, 0, 0, 0, 0, 0, 0, 0, 0, 0, 0, 0, 0, 0, 0, 0, 0, 0, '0000-00-00 00:00:00', ''),
(958, 0, '', '2017-08-20 09:23:54', 'Rouen', 'plus', 'deplacement', 476, 0, 0, 0, 0, 1, 0, 0, 0, 0, 0, 0, 0, 0, 0, 0, 0, 0, 0, 0, 0, 0, 0, 0, 0, 0, 0, 0, '0000-00-00 00:00:00', ''),
(959, 0, '', '2017-08-20 09:23:54', 'Marche_St_Marc', 'moins', 'deplacement', 476, 0, 0, 0, 0, 0, -1, 0, 0, 0, 0, 0, 0, 0, 0, 0, 0, 0, 0, 0, 0, 0, 0, 0, 0, 0, 0, 0, '0000-00-00 00:00:00', ''),
(960, 0, '', '2017-08-20 09:23:54', 'Rouen', 'plus', 'deplacement', 476, 0, 0, 0, 0, 0, 1, 0, 0, 0, 0, 0, 0, 0, 0, 0, 0, 0, 0, 0, 0, 0, 0, 0, 0, 0, 0, 0, '0000-00-00 00:00:00', ''),
(961, 0, '', '2017-08-20 09:23:54', 'Marche_St_Marc', 'moins', 'deplacement', 476, 0, 0, 0, 0, 0, 0, 0, -1, 0, 0, 0, 0, 0, 0, 0, 0, 0, 0, 0, 0, 0, 0, 0, 0, 0, 0, 0, '0000-00-00 00:00:00', ''),
(962, 0, '', '2017-08-20 09:23:54', 'Rouen', 'plus', 'deplacement', 476, 0, 0, 0, 0, 0, 0, 0, 1, 0, 0, 0, 0, 0, 0, 0, 0, 0, 0, 0, 0, 0, 0, 0, 0, 0, 0, 0, '0000-00-00 00:00:00', ''),
(963, 0, '', '2017-08-20 09:23:54', 'Marche_St_Marc', 'moins', 'deplacement', 476, 0, 0, 0, 0, 0, 0, 0, 0, -1, 0, 0, 0, 0, 0, 0, 0, 0, 0, 0, 0, 0, 0, 0, 0, 0, 0, 0, '0000-00-00 00:00:00', ''),
(964, 0, '', '2017-08-20 09:23:54', 'Rouen', 'plus', 'deplacement', 476, 0, 0, 0, 0, 0, 0, 0, 0, 1, 0, 0, 0, 0, 0, 0, 0, 0, 0, 0, 0, 0, 0, 0, 0, 0, 0, 0, '0000-00-00 00:00:00', ''),
(965, 0, '', '2017-08-20 09:23:54', 'Marche_St_Marc', 'moins', 'deplacement', 476, 0, 0, 0, 0, 0, 0, 0, 0, 0, -1, 0, 0, 0, 0, 0, 0, 0, 0, 0, 0, 0, 0, 0, 0, 0, 0, 0, '0000-00-00 00:00:00', ''),
(966, 0, '', '2017-08-20 09:23:54', 'Rouen', 'plus', 'deplacement', 476, 0, 0, 0, 0, 0, 0, 0, 0, 0, 1, 0, 0, 0, 0, 0, 0, 0, 0, 0, 0, 0, 0, 0, 0, 0, 0, 0, '0000-00-00 00:00:00', ''),
(967, 0, '', '2017-08-20 09:23:54', 'Marche_St_Marc', 'moins', 'deplacement', 476, 0, 0, 0, 0, 0, 0, 0, 0, 0, 0, -1, 0, 0, 0, 0, 0, 0, 0, 0, 0, 0, 0, 0, 0, 0, 0, 0, '0000-00-00 00:00:00', ''),
(968, 0, '', '2017-08-20 09:23:54', 'Rouen', 'plus', 'deplacement', 476, 0, 0, 0, 0, 0, 0, 0, 0, 0, 0, 1, 0, 0, 0, 0, 0, 0, 0, 0, 0, 0, 0, 0, 0, 0, 0, 0, '0000-00-00 00:00:00', ''),
(969, 0, '', '2017-08-20 09:24:38', 'Ebay', 'moins', 'deplacement', 477, 0, -1, 0, 0, 0, 0, 0, 0, 0, 0, 0, 0, 0, 0, 0, 0, 0, 0, 0, 0, 0, 0, 0, 0, 0, 0, 0, '0000-00-00 00:00:00', ''),
(970, 0, '', '2017-08-20 09:24:38', 'Rouen', 'plus', 'deplacement', 477, 0, 1, 0, 0, 0, 0, 0, 0, 0, 0, 0, 0, 0, 0, 0, 0, 0, 0, 0, 0, 0, 0, 0, 0, 0, 0, 0, '0000-00-00 00:00:00', ''),
(971, 0, '', '2017-08-20 09:24:38', 'Ebay', 'moins', 'deplacement', 477, 0, 0, -1, 0, 0, 0, 0, 0, 0, 0, 0, 0, 0, 0, 0, 0, 0, 0, 0, 0, 0, 0, 0, 0, 0, 0, 0, '0000-00-00 00:00:00', ''),
(972, 0, '', '2017-08-20 09:24:38', 'Rouen', 'plus', 'deplacement', 477, 0, 0, 1, 0, 0, 0, 0, 0, 0, 0, 0, 0, 0, 0, 0, 0, 0, 0, 0, 0, 0, 0, 0, 0, 0, 0, 0, '0000-00-00 00:00:00', ''),
(973, 0, '', '2017-08-20 09:24:38', 'Ebay', 'moins', 'deplacement', 477, 0, 0, 0, -1, 0, 0, 0, 0, 0, 0, 0, 0, 0, 0, 0, 0, 0, 0, 0, 0, 0, 0, 0, 0, 0, 0, 0, '0000-00-00 00:00:00', ''),
(974, 0, '', '2017-08-20 09:24:38', 'Rouen', 'plus', 'deplacement', 477, 0, 0, 0, 1, 0, 0, 0, 0, 0, 0, 0, 0, 0, 0, 0, 0, 0, 0, 0, 0, 0, 0, 0, 0, 0, 0, 0, '0000-00-00 00:00:00', ''),
(975, 0, '', '2017-08-20 09:24:38', 'Ebay', 'moins', 'deplacement', 477, 0, 0, 0, 0, -1, 0, 0, 0, 0, 0, 0, 0, 0, 0, 0, 0, 0, 0, 0, 0, 0, 0, 0, 0, 0, 0, 0, '0000-00-00 00:00:00', ''),
(976, 0, '', '2017-08-20 09:24:38', 'Rouen', 'plus', 'deplacement', 477, 0, 0, 0, 0, 1, 0, 0, 0, 0, 0, 0, 0, 0, 0, 0, 0, 0, 0, 0, 0, 0, 0, 0, 0, 0, 0, 0, '0000-00-00 00:00:00', ''),
(977, 0, '', '2017-08-20 09:24:38', 'Ebay', 'moins', 'deplacement', 477, 0, 0, 0, 0, 0, -1, 0, 0, 0, 0, 0, 0, 0, 0, 0, 0, 0, 0, 0, 0, 0, 0, 0, 0, 0, 0, 0, '0000-00-00 00:00:00', ''),
(978, 0, '', '2017-08-20 09:24:38', 'Rouen', 'plus', 'deplacement', 477, 0, 0, 0, 0, 0, 1, 0, 0, 0, 0, 0, 0, 0, 0, 0, 0, 0, 0, 0, 0, 0, 0, 0, 0, 0, 0, 0, '0000-00-00 00:00:00', ''),
(979, 0, '', '2017-08-20 09:24:38', 'Ebay', 'moins', 'deplacement', 477, 0, 0, 0, 0, 0, 0, -1, 0, 0, 0, 0, 0, 0, 0, 0, 0, 0, 0, 0, 0, 0, 0, 0, 0, 0, 0, 0, '0000-00-00 00:00:00', ''),
(980, 0, '', '2017-08-20 09:24:38', 'Rouen', 'plus', 'deplacement', 477, 0, 0, 0, 0, 0, 0, 1, 0, 0, 0, 0, 0, 0, 0, 0, 0, 0, 0, 0, 0, 0, 0, 0, 0, 0, 0, 0, '0000-00-00 00:00:00', ''),
(981, 0, '', '2017-08-20 09:24:38', 'Ebay', 'moins', 'deplacement', 477, 0, 0, 0, 0, 0, 0, 0, -1, 0, 0, 0, 0, 0, 0, 0, 0, 0, 0, 0, 0, 0, 0, 0, 0, 0, 0, 0, '0000-00-00 00:00:00', ''),
(982, 0, '', '2017-08-20 09:24:38', 'Rouen', 'plus', 'deplacement', 477, 0, 0, 0, 0, 0, 0, 0, 1, 0, 0, 0, 0, 0, 0, 0, 0, 0, 0, 0, 0, 0, 0, 0, 0, 0, 0, 0, '0000-00-00 00:00:00', ''),
(983, 0, '', '2017-08-20 09:24:38', 'Ebay', 'moins', 'deplacement', 477, 0, 0, 0, 0, 0, 0, 0, 0, -1, 0, 0, 0, 0, 0, 0, 0, 0, 0, 0, 0, 0, 0, 0, 0, 0, 0, 0, '0000-00-00 00:00:00', ''),
(984, 0, '', '2017-08-20 09:24:38', 'Rouen', 'plus', 'deplacement', 477, 0, 0, 0, 0, 0, 0, 0, 0, 1, 0, 0, 0, 0, 0, 0, 0, 0, 0, 0, 0, 0, 0, 0, 0, 0, 0, 0, '0000-00-00 00:00:00', ''),
(985, 0, '', '2017-08-20 09:24:38', 'Ebay', 'moins', 'deplacement', 477, 0, 0, 0, 0, 0, 0, 0, 0, 0, -1, 0, 0, 0, 0, 0, 0, 0, 0, 0, 0, 0, 0, 0, 0, 0, 0, 0, '0000-00-00 00:00:00', ''),
(986, 0, '', '2017-08-20 09:24:38', 'Rouen', 'plus', 'deplacement', 477, 0, 0, 0, 0, 0, 0, 0, 0, 0, 1, 0, 0, 0, 0, 0, 0, 0, 0, 0, 0, 0, 0, 0, 0, 0, 0, 0, '0000-00-00 00:00:00', ''),
(987, 0, '', '2017-08-20 09:24:38', 'Ebay', 'moins', 'deplacement', 477, 0, 0, 0, 0, 0, 0, 0, 0, 0, 0, -1, 0, 0, 0, 0, 0, 0, 0, 0, 0, 0, 0, 0, 0, 0, 0, 0, '0000-00-00 00:00:00', ''),
(988, 0, '', '2017-08-20 09:24:38', 'Rouen', 'plus', 'deplacement', 477, 0, 0, 0, 0, 0, 0, 0, 0, 0, 0, 1, 0, 0, 0, 0, 0, 0, 0, 0, 0, 0, 0, 0, 0, 0, 0, 0, '0000-00-00 00:00:00', ''),
(989, 0, '', '2017-08-20 09:24:38', 'Marche_St_Marc', 'moins', 'deplacement', 477, 0, -1, 0, 0, 0, 0, 0, 0, 0, 0, 0, 0, 0, 0, 0, 0, 0, 0, 0, 0, 0, 0, 0, 0, 0, 0, 0, '0000-00-00 00:00:00', ''),
(990, 0, '', '2017-08-20 09:24:38', 'Rouen', 'plus', 'deplacement', 477, 0, 1, 0, 0, 0, 0, 0, 0, 0, 0, 0, 0, 0, 0, 0, 0, 0, 0, 0, 0, 0, 0, 0, 0, 0, 0, 0, '0000-00-00 00:00:00', ''),
(991, 0, '', '2017-08-20 09:24:38', 'Marche_St_Marc', 'moins', 'deplacement', 477, 0, 0, -1, 0, 0, 0, 0, 0, 0, 0, 0, 0, 0, 0, 0, 0, 0, 0, 0, 0, 0, 0, 0, 0, 0, 0, 0, '0000-00-00 00:00:00', ''),
(992, 0, '', '2017-08-20 09:24:38', 'Rouen', 'plus', 'deplacement', 477, 0, 0, 1, 0, 0, 0, 0, 0, 0, 0, 0, 0, 0, 0, 0, 0, 0, 0, 0, 0, 0, 0, 0, 0, 0, 0, 0, '0000-00-00 00:00:00', ''),
(993, 0, '', '2017-08-20 09:24:38', 'Marche_St_Marc', 'moins', 'deplacement', 477, 0, 0, 0, -1, 0, 0, 0, 0, 0, 0, 0, 0, 0, 0, 0, 0, 0, 0, 0, 0, 0, 0, 0, 0, 0, 0, 0, '0000-00-00 00:00:00', ''),
(994, 0, '', '2017-08-20 09:24:38', 'Rouen', 'plus', 'deplacement', 477, 0, 0, 0, 1, 0, 0, 0, 0, 0, 0, 0, 0, 0, 0, 0, 0, 0, 0, 0, 0, 0, 0, 0, 0, 0, 0, 0, '0000-00-00 00:00:00', ''),
(995, 0, '', '2017-08-20 09:24:38', 'Marche_St_Marc', 'moins', 'deplacement', 477, 0, 0, 0, 0, -1, 0, 0, 0, 0, 0, 0, 0, 0, 0, 0, 0, 0, 0, 0, 0, 0, 0, 0, 0, 0, 0, 0, '0000-00-00 00:00:00', ''),
(996, 0, '', '2017-08-20 09:24:38', 'Rouen', 'plus', 'deplacement', 477, 0, 0, 0, 0, 1, 0, 0, 0, 0, 0, 0, 0, 0, 0, 0, 0, 0, 0, 0, 0, 0, 0, 0, 0, 0, 0, 0, '0000-00-00 00:00:00', ''),
(997, 0, '', '2017-08-20 09:24:38', 'Marche_St_Marc', 'moins', 'deplacement', 477, 0, 0, 0, 0, 0, -1, 0, 0, 0, 0, 0, 0, 0, 0, 0, 0, 0, 0, 0, 0, 0, 0, 0, 0, 0, 0, 0, '0000-00-00 00:00:00', ''),
(998, 0, '', '2017-08-20 09:24:38', 'Rouen', 'plus', 'deplacement', 477, 0, 0, 0, 0, 0, 1, 0, 0, 0, 0, 0, 0, 0, 0, 0, 0, 0, 0, 0, 0, 0, 0, 0, 0, 0, 0, 0, '0000-00-00 00:00:00', ''),
(999, 0, '', '2017-08-20 09:25:24', 'Ebay', 'moins', 'deplacement', 478, 0, -1, 0, 0, 0, 0, 0, 0, 0, 0, 0, 0, 0, 0, 0, 0, 0, 0, 0, 0, 0, 0, 0, 0, 0, 0, 0, '0000-00-00 00:00:00', ''),
(1000, 0, '', '2017-08-20 09:25:24', 'Rouen', 'plus', 'deplacement', 478, 0, 1, 0, 0, 0, 0, 0, 0, 0, 0, 0, 0, 0, 0, 0, 0, 0, 0, 0, 0, 0, 0, 0, 0, 0, 0, 0, '0000-00-00 00:00:00', ''),
(1001, 0, '', '2017-08-20 09:25:24', 'Ebay', 'moins', 'deplacement', 478, 0, 0, -1, 0, 0, 0, 0, 0, 0, 0, 0, 0, 0, 0, 0, 0, 0, 0, 0, 0, 0, 0, 0, 0, 0, 0, 0, '0000-00-00 00:00:00', ''),
(1002, 0, '', '2017-08-20 09:25:24', 'Rouen', 'plus', 'deplacement', 478, 0, 0, 1, 0, 0, 0, 0, 0, 0, 0, 0, 0, 0, 0, 0, 0, 0, 0, 0, 0, 0, 0, 0, 0, 0, 0, 0, '0000-00-00 00:00:00', ''),
(1003, 0, '', '2017-08-20 09:25:24', 'Ebay', 'moins', 'deplacement', 478, 0, 0, 0, -1, 0, 0, 0, 0, 0, 0, 0, 0, 0, 0, 0, 0, 0, 0, 0, 0, 0, 0, 0, 0, 0, 0, 0, '0000-00-00 00:00:00', ''),
(1004, 0, '', '2017-08-20 09:25:24', 'Rouen', 'plus', 'deplacement', 478, 0, 0, 0, 1, 0, 0, 0, 0, 0, 0, 0, 0, 0, 0, 0, 0, 0, 0, 0, 0, 0, 0, 0, 0, 0, 0, 0, '0000-00-00 00:00:00', ''),
(1005, 0, '', '2017-08-20 09:25:24', 'Ebay', 'moins', 'deplacement', 478, 0, 0, 0, 0, -1, 0, 0, 0, 0, 0, 0, 0, 0, 0, 0, 0, 0, 0, 0, 0, 0, 0, 0, 0, 0, 0, 0, '0000-00-00 00:00:00', ''),
(1006, 0, '', '2017-08-20 09:25:24', 'Rouen', 'plus', 'deplacement', 478, 0, 0, 0, 0, 1, 0, 0, 0, 0, 0, 0, 0, 0, 0, 0, 0, 0, 0, 0, 0, 0, 0, 0, 0, 0, 0, 0, '0000-00-00 00:00:00', ''),
(1007, 0, '', '2017-08-20 09:25:24', 'Ebay', 'moins', 'deplacement', 478, 0, 0, 0, 0, 0, -1, 0, 0, 0, 0, 0, 0, 0, 0, 0, 0, 0, 0, 0, 0, 0, 0, 0, 0, 0, 0, 0, '0000-00-00 00:00:00', ''),
(1008, 0, '', '2017-08-20 09:25:24', 'Rouen', 'plus', 'deplacement', 478, 0, 0, 0, 0, 0, 1, 0, 0, 0, 0, 0, 0, 0, 0, 0, 0, 0, 0, 0, 0, 0, 0, 0, 0, 0, 0, 0, '0000-00-00 00:00:00', ''),
(1009, 0, '', '2017-08-20 09:25:24', 'Ebay', 'moins', 'deplacement', 478, 0, 0, 0, 0, 0, 0, -1, 0, 0, 0, 0, 0, 0, 0, 0, 0, 0, 0, 0, 0, 0, 0, 0, 0, 0, 0, 0, '0000-00-00 00:00:00', ''),
(1010, 0, '', '2017-08-20 09:25:24', 'Rouen', 'plus', 'deplacement', 478, 0, 0, 0, 0, 0, 0, 1, 0, 0, 0, 0, 0, 0, 0, 0, 0, 0, 0, 0, 0, 0, 0, 0, 0, 0, 0, 0, '0000-00-00 00:00:00', ''),
(1011, 0, '', '2017-08-20 09:25:24', 'Ebay', 'moins', 'deplacement', 478, 0, 0, 0, 0, 0, 0, 0, -1, 0, 0, 0, 0, 0, 0, 0, 0, 0, 0, 0, 0, 0, 0, 0, 0, 0, 0, 0, '0000-00-00 00:00:00', ''),
(1012, 0, '', '2017-08-20 09:25:24', 'Rouen', 'plus', 'deplacement', 478, 0, 0, 0, 0, 0, 0, 0, 1, 0, 0, 0, 0, 0, 0, 0, 0, 0, 0, 0, 0, 0, 0, 0, 0, 0, 0, 0, '0000-00-00 00:00:00', ''),
(1013, 0, '', '2017-08-20 09:25:24', 'Ebay', 'moins', 'deplacement', 478, 0, 0, 0, 0, 0, 0, 0, 0, -1, 0, 0, 0, 0, 0, 0, 0, 0, 0, 0, 0, 0, 0, 0, 0, 0, 0, 0, '0000-00-00 00:00:00', ''),
(1014, 0, '', '2017-08-20 09:25:24', 'Rouen', 'plus', 'deplacement', 478, 0, 0, 0, 0, 0, 0, 0, 0, 1, 0, 0, 0, 0, 0, 0, 0, 0, 0, 0, 0, 0, 0, 0, 0, 0, 0, 0, '0000-00-00 00:00:00', ''),
(1015, 0, '', '2017-08-20 09:25:24', 'Ebay', 'moins', 'deplacement', 478, 0, 0, 0, 0, 0, 0, 0, 0, 0, -1, 0, 0, 0, 0, 0, 0, 0, 0, 0, 0, 0, 0, 0, 0, 0, 0, 0, '0000-00-00 00:00:00', ''),
(1016, 0, '', '2017-08-20 09:25:24', 'Rouen', 'plus', 'deplacement', 478, 0, 0, 0, 0, 0, 0, 0, 0, 0, 1, 0, 0, 0, 0, 0, 0, 0, 0, 0, 0, 0, 0, 0, 0, 0, 0, 0, '0000-00-00 00:00:00', ''),
(1017, 0, '', '2017-08-20 09:25:24', 'Ebay', 'moins', 'deplacement', 478, 0, 0, 0, 0, 0, 0, 0, 0, 0, 0, -1, 0, 0, 0, 0, 0, 0, 0, 0, 0, 0, 0, 0, 0, 0, 0, 0, '0000-00-00 00:00:00', ''),
(1018, 0, '', '2017-08-20 09:25:24', 'Rouen', 'plus', 'deplacement', 478, 0, 0, 0, 0, 0, 0, 0, 0, 0, 0, 1, 0, 0, 0, 0, 0, 0, 0, 0, 0, 0, 0, 0, 0, 0, 0, 0, '0000-00-00 00:00:00', ''),
(1019, 0, '', '2017-08-20 09:25:24', 'Marche_St_Marc', 'moins', 'deplacement', 478, 0, -1, 0, 0, 0, 0, 0, 0, 0, 0, 0, 0, 0, 0, 0, 0, 0, 0, 0, 0, 0, 0, 0, 0, 0, 0, 0, '0000-00-00 00:00:00', ''),
(1020, 0, '', '2017-08-20 09:25:24', 'Rouen', 'plus', 'deplacement', 478, 0, 1, 0, 0, 0, 0, 0, 0, 0, 0, 0, 0, 0, 0, 0, 0, 0, 0, 0, 0, 0, 0, 0, 0, 0, 0, 0, '0000-00-00 00:00:00', ''),
(1021, 0, '', '2017-08-20 09:25:24', 'Marche_St_Marc', 'moins', 'deplacement', 478, 0, 0, -1, 0, 0, 0, 0, 0, 0, 0, 0, 0, 0, 0, 0, 0, 0, 0, 0, 0, 0, 0, 0, 0, 0, 0, 0, '0000-00-00 00:00:00', ''),
(1022, 0, '', '2017-08-20 09:25:24', 'Rouen', 'plus', 'deplacement', 478, 0, 0, 1, 0, 0, 0, 0, 0, 0, 0, 0, 0, 0, 0, 0, 0, 0, 0, 0, 0, 0, 0, 0, 0, 0, 0, 0, '0000-00-00 00:00:00', ''),
(1023, 0, '', '2017-08-20 09:25:24', 'Marche_St_Marc', 'moins', 'deplacement', 478, 0, 0, 0, 0, -1, 0, 0, 0, 0, 0, 0, 0, 0, 0, 0, 0, 0, 0, 0, 0, 0, 0, 0, 0, 0, 0, 0, '0000-00-00 00:00:00', ''),
(1024, 0, '', '2017-08-20 09:25:24', 'Rouen', 'plus', 'deplacement', 478, 0, 0, 0, 0, 1, 0, 0, 0, 0, 0, 0, 0, 0, 0, 0, 0, 0, 0, 0, 0, 0, 0, 0, 0, 0, 0, 0, '0000-00-00 00:00:00', ''),
(1025, 0, '', '2017-08-20 09:25:24', 'Marche_St_Marc', 'moins', 'deplacement', 478, 0, 0, 0, 0, 0, -1, 0, 0, 0, 0, 0, 0, 0, 0, 0, 0, 0, 0, 0, 0, 0, 0, 0, 0, 0, 0, 0, '0000-00-00 00:00:00', ''),
(1026, 0, '', '2017-08-20 09:25:24', 'Rouen', 'plus', 'deplacement', 478, 0, 0, 0, 0, 0, 1, 0, 0, 0, 0, 0, 0, 0, 0, 0, 0, 0, 0, 0, 0, 0, 0, 0, 0, 0, 0, 0, '0000-00-00 00:00:00', ''),
(1027, 0, '', '2017-08-20 09:25:24', 'Marche_St_Marc', 'moins', 'deplacement', 478, 0, 0, 0, 0, 0, 0, -1, 0, 0, 0, 0, 0, 0, 0, 0, 0, 0, 0, 0, 0, 0, 0, 0, 0, 0, 0, 0, '0000-00-00 00:00:00', ''),
(1028, 0, '', '2017-08-20 09:25:24', 'Rouen', 'plus', 'deplacement', 478, 0, 0, 0, 0, 0, 0, 1, 0, 0, 0, 0, 0, 0, 0, 0, 0, 0, 0, 0, 0, 0, 0, 0, 0, 0, 0, 0, '0000-00-00 00:00:00', ''),
(1029, 0, '', '2017-08-20 09:26:20', 'Ebay', 'moins', 'deplacement', 479, 0, -1, 0, 0, 0, 0, 0, 0, 0, 0, 0, 0, 0, 0, 0, 0, 0, 0, 0, 0, 0, 0, 0, 0, 0, 0, 0, '0000-00-00 00:00:00', ''),
(1030, 0, '', '2017-08-20 09:26:20', 'Rouen', 'plus', 'deplacement', 479, 0, 1, 0, 0, 0, 0, 0, 0, 0, 0, 0, 0, 0, 0, 0, 0, 0, 0, 0, 0, 0, 0, 0, 0, 0, 0, 0, '0000-00-00 00:00:00', ''),
(1031, 0, '', '2017-08-20 09:26:20', 'Ebay', 'moins', 'deplacement', 479, 0, 0, -1, 0, 0, 0, 0, 0, 0, 0, 0, 0, 0, 0, 0, 0, 0, 0, 0, 0, 0, 0, 0, 0, 0, 0, 0, '0000-00-00 00:00:00', ''),
(1032, 0, '', '2017-08-20 09:26:20', 'Rouen', 'plus', 'deplacement', 479, 0, 0, 1, 0, 0, 0, 0, 0, 0, 0, 0, 0, 0, 0, 0, 0, 0, 0, 0, 0, 0, 0, 0, 0, 0, 0, 0, '0000-00-00 00:00:00', ''),
(1033, 0, '', '2017-08-20 09:26:20', 'Ebay', 'moins', 'deplacement', 479, 0, 0, 0, -1, 0, 0, 0, 0, 0, 0, 0, 0, 0, 0, 0, 0, 0, 0, 0, 0, 0, 0, 0, 0, 0, 0, 0, '0000-00-00 00:00:00', ''),
(1034, 0, '', '2017-08-20 09:26:20', 'Rouen', 'plus', 'deplacement', 479, 0, 0, 0, 1, 0, 0, 0, 0, 0, 0, 0, 0, 0, 0, 0, 0, 0, 0, 0, 0, 0, 0, 0, 0, 0, 0, 0, '0000-00-00 00:00:00', ''),
(1035, 0, '', '2017-08-20 09:26:20', 'Ebay', 'moins', 'deplacement', 479, 0, 0, 0, 0, -1, 0, 0, 0, 0, 0, 0, 0, 0, 0, 0, 0, 0, 0, 0, 0, 0, 0, 0, 0, 0, 0, 0, '0000-00-00 00:00:00', ''),
(1036, 0, '', '2017-08-20 09:26:20', 'Rouen', 'plus', 'deplacement', 479, 0, 0, 0, 0, 1, 0, 0, 0, 0, 0, 0, 0, 0, 0, 0, 0, 0, 0, 0, 0, 0, 0, 0, 0, 0, 0, 0, '0000-00-00 00:00:00', ''),
(1037, 0, '', '2017-08-20 09:26:20', 'Ebay', 'moins', 'deplacement', 479, 0, 0, 0, 0, 0, -1, 0, 0, 0, 0, 0, 0, 0, 0, 0, 0, 0, 0, 0, 0, 0, 0, 0, 0, 0, 0, 0, '0000-00-00 00:00:00', ''),
(1038, 0, '', '2017-08-20 09:26:20', 'Rouen', 'plus', 'deplacement', 479, 0, 0, 0, 0, 0, 1, 0, 0, 0, 0, 0, 0, 0, 0, 0, 0, 0, 0, 0, 0, 0, 0, 0, 0, 0, 0, 0, '0000-00-00 00:00:00', ''),
(1039, 0, '', '2017-08-20 09:26:20', 'Ebay', 'moins', 'deplacement', 479, 0, 0, 0, 0, 0, 0, -1, 0, 0, 0, 0, 0, 0, 0, 0, 0, 0, 0, 0, 0, 0, 0, 0, 0, 0, 0, 0, '0000-00-00 00:00:00', ''),
(1040, 0, '', '2017-08-20 09:26:20', 'Rouen', 'plus', 'deplacement', 479, 0, 0, 0, 0, 0, 0, 1, 0, 0, 0, 0, 0, 0, 0, 0, 0, 0, 0, 0, 0, 0, 0, 0, 0, 0, 0, 0, '0000-00-00 00:00:00', ''),
(1041, 0, '', '2017-08-20 09:26:20', 'Ebay', 'moins', 'deplacement', 479, 0, 0, 0, 0, 0, 0, 0, -1, 0, 0, 0, 0, 0, 0, 0, 0, 0, 0, 0, 0, 0, 0, 0, 0, 0, 0, 0, '0000-00-00 00:00:00', ''),
(1042, 0, '', '2017-08-20 09:26:20', 'Rouen', 'plus', 'deplacement', 479, 0, 0, 0, 0, 0, 0, 0, 1, 0, 0, 0, 0, 0, 0, 0, 0, 0, 0, 0, 0, 0, 0, 0, 0, 0, 0, 0, '0000-00-00 00:00:00', ''),
(1043, 0, '', '2017-08-20 09:26:20', 'Ebay', 'moins', 'deplacement', 479, 0, 0, 0, 0, 0, 0, 0, 0, -1, 0, 0, 0, 0, 0, 0, 0, 0, 0, 0, 0, 0, 0, 0, 0, 0, 0, 0, '0000-00-00 00:00:00', ''),
(1044, 0, '', '2017-08-20 09:26:20', 'Rouen', 'plus', 'deplacement', 479, 0, 0, 0, 0, 0, 0, 0, 0, 1, 0, 0, 0, 0, 0, 0, 0, 0, 0, 0, 0, 0, 0, 0, 0, 0, 0, 0, '0000-00-00 00:00:00', ''),
(1045, 0, '', '2017-08-20 09:26:20', 'Ebay', 'moins', 'deplacement', 479, 0, 0, 0, 0, 0, 0, 0, 0, 0, -1, 0, 0, 0, 0, 0, 0, 0, 0, 0, 0, 0, 0, 0, 0, 0, 0, 0, '0000-00-00 00:00:00', ''),
(1046, 0, '', '2017-08-20 09:26:20', 'Rouen', 'plus', 'deplacement', 479, 0, 0, 0, 0, 0, 0, 0, 0, 0, 1, 0, 0, 0, 0, 0, 0, 0, 0, 0, 0, 0, 0, 0, 0, 0, 0, 0, '0000-00-00 00:00:00', ''),
(1047, 0, '', '2017-08-20 09:26:20', 'Ebay', 'moins', 'deplacement', 479, 0, 0, 0, 0, 0, 0, 0, 0, 0, 0, -1, 0, 0, 0, 0, 0, 0, 0, 0, 0, 0, 0, 0, 0, 0, 0, 0, '0000-00-00 00:00:00', ''),
(1048, 0, '', '2017-08-20 09:26:20', 'Rouen', 'plus', 'deplacement', 479, 0, 0, 0, 0, 0, 0, 0, 0, 0, 0, 1, 0, 0, 0, 0, 0, 0, 0, 0, 0, 0, 0, 0, 0, 0, 0, 0, '0000-00-00 00:00:00', ''),
(1049, 0, '', '2017-08-20 09:26:20', 'Marche_St_Marc', 'moins', 'deplacement', 479, 0, -1, 0, 0, 0, 0, 0, 0, 0, 0, 0, 0, 0, 0, 0, 0, 0, 0, 0, 0, 0, 0, 0, 0, 0, 0, 0, '0000-00-00 00:00:00', ''),
(1050, 0, '', '2017-08-20 09:26:20', 'Rouen', 'plus', 'deplacement', 479, 0, 1, 0, 0, 0, 0, 0, 0, 0, 0, 0, 0, 0, 0, 0, 0, 0, 0, 0, 0, 0, 0, 0, 0, 0, 0, 0, '0000-00-00 00:00:00', ''),
(1051, 0, '', '2017-08-20 09:26:20', 'Marche_St_Marc', 'moins', 'deplacement', 479, 0, 0, -1, 0, 0, 0, 0, 0, 0, 0, 0, 0, 0, 0, 0, 0, 0, 0, 0, 0, 0, 0, 0, 0, 0, 0, 0, '0000-00-00 00:00:00', ''),
(1052, 0, '', '2017-08-20 09:26:20', 'Rouen', 'plus', 'deplacement', 479, 0, 0, 1, 0, 0, 0, 0, 0, 0, 0, 0, 0, 0, 0, 0, 0, 0, 0, 0, 0, 0, 0, 0, 0, 0, 0, 0, '0000-00-00 00:00:00', ''),
(1053, 0, '', '2017-08-20 09:26:20', 'Marche_St_Marc', 'moins', 'deplacement', 479, 0, 0, 0, -1, 0, 0, 0, 0, 0, 0, 0, 0, 0, 0, 0, 0, 0, 0, 0, 0, 0, 0, 0, 0, 0, 0, 0, '0000-00-00 00:00:00', ''),
(1054, 0, '', '2017-08-20 09:26:20', 'Rouen', 'plus', 'deplacement', 479, 0, 0, 0, 1, 0, 0, 0, 0, 0, 0, 0, 0, 0, 0, 0, 0, 0, 0, 0, 0, 0, 0, 0, 0, 0, 0, 0, '0000-00-00 00:00:00', ''),
(1055, 0, '', '2017-08-20 09:26:20', 'Marche_St_Marc', 'moins', 'deplacement', 479, 0, 0, 0, 0, -1, 0, 0, 0, 0, 0, 0, 0, 0, 0, 0, 0, 0, 0, 0, 0, 0, 0, 0, 0, 0, 0, 0, '0000-00-00 00:00:00', ''),
(1056, 0, '', '2017-08-20 09:26:20', 'Rouen', 'plus', 'deplacement', 479, 0, 0, 0, 0, 1, 0, 0, 0, 0, 0, 0, 0, 0, 0, 0, 0, 0, 0, 0, 0, 0, 0, 0, 0, 0, 0, 0, '0000-00-00 00:00:00', ''),
(1057, 0, '', '2017-08-20 09:26:20', 'Marche_St_Marc', 'moins', 'deplacement', 479, 0, 0, 0, 0, 0, -1, 0, 0, 0, 0, 0, 0, 0, 0, 0, 0, 0, 0, 0, 0, 0, 0, 0, 0, 0, 0, 0, '0000-00-00 00:00:00', ''),
(1058, 0, '', '2017-08-20 09:26:20', 'Rouen', 'plus', 'deplacement', 479, 0, 0, 0, 0, 0, 1, 0, 0, 0, 0, 0, 0, 0, 0, 0, 0, 0, 0, 0, 0, 0, 0, 0, 0, 0, 0, 0, '0000-00-00 00:00:00', ''),
(1059, 0, '', '2017-08-20 09:26:20', 'Marche_St_Marc', 'moins', 'deplacement', 479, 0, 0, 0, 0, 0, 0, -1, 0, 0, 0, 0, 0, 0, 0, 0, 0, 0, 0, 0, 0, 0, 0, 0, 0, 0, 0, 0, '0000-00-00 00:00:00', ''),
(1060, 0, '', '2017-08-20 09:26:20', 'Rouen', 'plus', 'deplacement', 479, 0, 0, 0, 0, 0, 0, 1, 0, 0, 0, 0, 0, 0, 0, 0, 0, 0, 0, 0, 0, 0, 0, 0, 0, 0, 0, 0, '0000-00-00 00:00:00', ''),
(1061, 0, '', '2017-08-20 09:26:20', 'Marche_St_Marc', 'moins', 'deplacement', 479, 0, 0, 0, 0, 0, 0, 0, -1, 0, 0, 0, 0, 0, 0, 0, 0, 0, 0, 0, 0, 0, 0, 0, 0, 0, 0, 0, '0000-00-00 00:00:00', ''),
(1062, 0, '', '2017-08-20 09:26:20', 'Rouen', 'plus', 'deplacement', 479, 0, 0, 0, 0, 0, 0, 0, 1, 0, 0, 0, 0, 0, 0, 0, 0, 0, 0, 0, 0, 0, 0, 0, 0, 0, 0, 0, '0000-00-00 00:00:00', ''),
(1063, 0, '', '2017-08-20 09:26:20', 'Marche_St_Marc', 'moins', 'deplacement', 479, 0, 0, 0, 0, 0, 0, 0, 0, -1, 0, 0, 0, 0, 0, 0, 0, 0, 0, 0, 0, 0, 0, 0, 0, 0, 0, 0, '0000-00-00 00:00:00', ''),
(1064, 0, '', '2017-08-20 09:26:20', 'Rouen', 'plus', 'deplacement', 479, 0, 0, 0, 0, 0, 0, 0, 0, 1, 0, 0, 0, 0, 0, 0, 0, 0, 0, 0, 0, 0, 0, 0, 0, 0, 0, 0, '0000-00-00 00:00:00', ''),
(1065, 0, '', '2017-08-20 09:26:20', 'Marche_St_Marc', 'moins', 'deplacement', 479, 0, 0, 0, 0, 0, 0, 0, 0, 0, -1, 0, 0, 0, 0, 0, 0, 0, 0, 0, 0, 0, 0, 0, 0, 0, 0, 0, '0000-00-00 00:00:00', ''),
(1066, 0, '', '2017-08-20 09:26:20', 'Rouen', 'plus', 'deplacement', 479, 0, 0, 0, 0, 0, 0, 0, 0, 0, 1, 0, 0, 0, 0, 0, 0, 0, 0, 0, 0, 0, 0, 0, 0, 0, 0, 0, '0000-00-00 00:00:00', ''),
(1067, 0, '', '2017-08-20 09:26:20', 'Marche_St_Marc', 'moins', 'deplacement', 479, 0, 0, 0, 0, 0, 0, 0, 0, 0, 0, -1, 0, 0, 0, 0, 0, 0, 0, 0, 0, 0, 0, 0, 0, 0, 0, 0, '0000-00-00 00:00:00', ''),
(1068, 0, '', '2017-08-20 09:26:20', 'Rouen', 'plus', 'deplacement', 479, 0, 0, 0, 0, 0, 0, 0, 0, 0, 0, 1, 0, 0, 0, 0, 0, 0, 0, 0, 0, 0, 0, 0, 0, 0, 0, 0, '0000-00-00 00:00:00', ''),
(1069, 0, '', '2017-08-20 09:27:25', 'Ebay', 'moins', 'deplacement', 535, 0, -1, 0, 0, 0, 0, 0, 0, 0, 0, 0, 0, 0, 0, 0, 0, 0, 0, 0, 0, 0, 0, 0, 0, 0, 0, 0, '0000-00-00 00:00:00', ''),
(1070, 0, '', '2017-08-20 09:27:25', 'Rouen', 'plus', 'deplacement', 535, 0, 1, 0, 0, 0, 0, 0, 0, 0, 0, 0, 0, 0, 0, 0, 0, 0, 0, 0, 0, 0, 0, 0, 0, 0, 0, 0, '0000-00-00 00:00:00', ''),
(1071, 0, '', '2017-08-20 09:27:25', 'Ebay', 'moins', 'deplacement', 535, 0, 0, -1, 0, 0, 0, 0, 0, 0, 0, 0, 0, 0, 0, 0, 0, 0, 0, 0, 0, 0, 0, 0, 0, 0, 0, 0, '0000-00-00 00:00:00', ''),
(1072, 0, '', '2017-08-20 09:27:25', 'Rouen', 'plus', 'deplacement', 535, 0, 0, 1, 0, 0, 0, 0, 0, 0, 0, 0, 0, 0, 0, 0, 0, 0, 0, 0, 0, 0, 0, 0, 0, 0, 0, 0, '0000-00-00 00:00:00', ''),
(1073, 0, '', '2017-08-20 09:27:25', 'Ebay', 'moins', 'deplacement', 535, 0, 0, 0, -1, 0, 0, 0, 0, 0, 0, 0, 0, 0, 0, 0, 0, 0, 0, 0, 0, 0, 0, 0, 0, 0, 0, 0, '0000-00-00 00:00:00', ''),
(1074, 0, '', '2017-08-20 09:27:25', 'Rouen', 'plus', 'deplacement', 535, 0, 0, 0, 1, 0, 0, 0, 0, 0, 0, 0, 0, 0, 0, 0, 0, 0, 0, 0, 0, 0, 0, 0, 0, 0, 0, 0, '0000-00-00 00:00:00', ''),
(1075, 0, '', '2017-08-20 09:27:25', 'Ebay', 'moins', 'deplacement', 535, 0, 0, 0, 0, -1, 0, 0, 0, 0, 0, 0, 0, 0, 0, 0, 0, 0, 0, 0, 0, 0, 0, 0, 0, 0, 0, 0, '0000-00-00 00:00:00', ''),
(1076, 0, '', '2017-08-20 09:27:25', 'Rouen', 'plus', 'deplacement', 535, 0, 0, 0, 0, 1, 0, 0, 0, 0, 0, 0, 0, 0, 0, 0, 0, 0, 0, 0, 0, 0, 0, 0, 0, 0, 0, 0, '0000-00-00 00:00:00', ''),
(1077, 0, '', '2017-08-20 09:27:25', 'Ebay', 'moins', 'deplacement', 535, 0, 0, 0, 0, 0, -1, 0, 0, 0, 0, 0, 0, 0, 0, 0, 0, 0, 0, 0, 0, 0, 0, 0, 0, 0, 0, 0, '0000-00-00 00:00:00', ''),
(1078, 0, '', '2017-08-20 09:27:25', 'Rouen', 'plus', 'deplacement', 535, 0, 0, 0, 0, 0, 1, 0, 0, 0, 0, 0, 0, 0, 0, 0, 0, 0, 0, 0, 0, 0, 0, 0, 0, 0, 0, 0, '0000-00-00 00:00:00', ''),
(1079, 0, '', '2017-08-20 09:27:25', 'Ebay', 'moins', 'deplacement', 535, 0, 0, 0, 0, 0, 0, -1, 0, 0, 0, 0, 0, 0, 0, 0, 0, 0, 0, 0, 0, 0, 0, 0, 0, 0, 0, 0, '0000-00-00 00:00:00', ''),
(1080, 0, '', '2017-08-20 09:27:25', 'Rouen', 'plus', 'deplacement', 535, 0, 0, 0, 0, 0, 0, 1, 0, 0, 0, 0, 0, 0, 0, 0, 0, 0, 0, 0, 0, 0, 0, 0, 0, 0, 0, 0, '0000-00-00 00:00:00', ''),
(1081, 0, '', '2017-08-20 09:27:25', 'Ebay', 'moins', 'deplacement', 535, 0, 0, 0, 0, 0, 0, 0, -1, 0, 0, 0, 0, 0, 0, 0, 0, 0, 0, 0, 0, 0, 0, 0, 0, 0, 0, 0, '0000-00-00 00:00:00', ''),
(1082, 0, '', '2017-08-20 09:27:25', 'Rouen', 'plus', 'deplacement', 535, 0, 0, 0, 0, 0, 0, 0, 1, 0, 0, 0, 0, 0, 0, 0, 0, 0, 0, 0, 0, 0, 0, 0, 0, 0, 0, 0, '0000-00-00 00:00:00', ''),
(1083, 0, '', '2017-08-20 09:27:25', 'Ebay', 'moins', 'deplacement', 535, 0, 0, 0, 0, 0, 0, 0, 0, -1, 0, 0, 0, 0, 0, 0, 0, 0, 0, 0, 0, 0, 0, 0, 0, 0, 0, 0, '0000-00-00 00:00:00', ''),
(1084, 0, '', '2017-08-20 09:27:25', 'Rouen', 'plus', 'deplacement', 535, 0, 0, 0, 0, 0, 0, 0, 0, 1, 0, 0, 0, 0, 0, 0, 0, 0, 0, 0, 0, 0, 0, 0, 0, 0, 0, 0, '0000-00-00 00:00:00', ''),
(1085, 0, '', '2017-08-20 09:27:25', 'Ebay', 'moins', 'deplacement', 535, 0, 0, 0, 0, 0, 0, 0, 0, 0, -1, 0, 0, 0, 0, 0, 0, 0, 0, 0, 0, 0, 0, 0, 0, 0, 0, 0, '0000-00-00 00:00:00', ''),
(1086, 0, '', '2017-08-20 09:27:25', 'Rouen', 'plus', 'deplacement', 535, 0, 0, 0, 0, 0, 0, 0, 0, 0, 1, 0, 0, 0, 0, 0, 0, 0, 0, 0, 0, 0, 0, 0, 0, 0, 0, 0, '0000-00-00 00:00:00', ''),
(1087, 0, '', '2017-08-20 09:27:25', 'Ebay', 'moins', 'deplacement', 535, 0, 0, 0, 0, 0, 0, 0, 0, 0, 0, -1, 0, 0, 0, 0, 0, 0, 0, 0, 0, 0, 0, 0, 0, 0, 0, 0, '0000-00-00 00:00:00', ''),
(1088, 0, '', '2017-08-20 09:27:25', 'Rouen', 'plus', 'deplacement', 535, 0, 0, 0, 0, 0, 0, 0, 0, 0, 0, 1, 0, 0, 0, 0, 0, 0, 0, 0, 0, 0, 0, 0, 0, 0, 0, 0, '0000-00-00 00:00:00', ''),
(1089, 0, '', '2017-08-20 09:27:25', 'Marche_St_Marc', 'moins', 'deplacement', 535, 0, -1, 0, 0, 0, 0, 0, 0, 0, 0, 0, 0, 0, 0, 0, 0, 0, 0, 0, 0, 0, 0, 0, 0, 0, 0, 0, '0000-00-00 00:00:00', ''),
(1090, 0, '', '2017-08-20 09:27:25', 'Rouen', 'plus', 'deplacement', 535, 0, 1, 0, 0, 0, 0, 0, 0, 0, 0, 0, 0, 0, 0, 0, 0, 0, 0, 0, 0, 0, 0, 0, 0, 0, 0, 0, '0000-00-00 00:00:00', ''),
(1091, 0, '', '2017-08-20 09:27:25', 'Marche_St_Marc', 'moins', 'deplacement', 535, 0, 0, -1, 0, 0, 0, 0, 0, 0, 0, 0, 0, 0, 0, 0, 0, 0, 0, 0, 0, 0, 0, 0, 0, 0, 0, 0, '0000-00-00 00:00:00', ''),
(1092, 0, '', '2017-08-20 09:27:25', 'Rouen', 'plus', 'deplacement', 535, 0, 0, 1, 0, 0, 0, 0, 0, 0, 0, 0, 0, 0, 0, 0, 0, 0, 0, 0, 0, 0, 0, 0, 0, 0, 0, 0, '0000-00-00 00:00:00', ''),
(1093, 0, '', '2017-08-20 09:27:25', 'Marche_St_Marc', 'moins', 'deplacement', 535, 0, 0, 0, -1, 0, 0, 0, 0, 0, 0, 0, 0, 0, 0, 0, 0, 0, 0, 0, 0, 0, 0, 0, 0, 0, 0, 0, '0000-00-00 00:00:00', ''),
(1094, 0, '', '2017-08-20 09:27:25', 'Rouen', 'plus', 'deplacement', 535, 0, 0, 0, 1, 0, 0, 0, 0, 0, 0, 0, 0, 0, 0, 0, 0, 0, 0, 0, 0, 0, 0, 0, 0, 0, 0, 0, '0000-00-00 00:00:00', ''),
(1095, 0, '', '2017-08-20 09:27:25', 'Marche_St_Marc', 'moins', 'deplacement', 535, 0, 0, 0, 0, 0, -1, 0, 0, 0, 0, 0, 0, 0, 0, 0, 0, 0, 0, 0, 0, 0, 0, 0, 0, 0, 0, 0, '0000-00-00 00:00:00', ''),
(1096, 0, '', '2017-08-20 09:27:25', 'Rouen', 'plus', 'deplacement', 535, 0, 0, 0, 0, 0, 1, 0, 0, 0, 0, 0, 0, 0, 0, 0, 0, 0, 0, 0, 0, 0, 0, 0, 0, 0, 0, 0, '0000-00-00 00:00:00', ''),
(1097, 0, '', '2017-08-20 09:27:25', 'Marche_St_Marc', 'moins', 'deplacement', 535, 0, 0, 0, 0, 0, 0, -1, 0, 0, 0, 0, 0, 0, 0, 0, 0, 0, 0, 0, 0, 0, 0, 0, 0, 0, 0, 0, '0000-00-00 00:00:00', ''),
(1098, 0, '', '2017-08-20 09:27:25', 'Rouen', 'plus', 'deplacement', 535, 0, 0, 0, 0, 0, 0, 1, 0, 0, 0, 0, 0, 0, 0, 0, 0, 0, 0, 0, 0, 0, 0, 0, 0, 0, 0, 0, '0000-00-00 00:00:00', ''),
(1099, 0, '', '2017-08-20 09:27:25', 'Marche_St_Marc', 'moins', 'deplacement', 535, 0, 0, 0, 0, 0, 0, 0, -1, 0, 0, 0, 0, 0, 0, 0, 0, 0, 0, 0, 0, 0, 0, 0, 0, 0, 0, 0, '0000-00-00 00:00:00', ''),
(1100, 0, '', '2017-08-20 09:27:25', 'Rouen', 'plus', 'deplacement', 535, 0, 0, 0, 0, 0, 0, 0, 1, 0, 0, 0, 0, 0, 0, 0, 0, 0, 0, 0, 0, 0, 0, 0, 0, 0, 0, 0, '0000-00-00 00:00:00', ''),
(1101, 0, '', '2017-08-20 09:27:25', 'Marche_St_Marc', 'moins', 'deplacement', 535, 0, 0, 0, 0, 0, 0, 0, 0, -1, 0, 0, 0, 0, 0, 0, 0, 0, 0, 0, 0, 0, 0, 0, 0, 0, 0, 0, '0000-00-00 00:00:00', ''),
(1102, 0, '', '2017-08-20 09:27:25', 'Rouen', 'plus', 'deplacement', 535, 0, 0, 0, 0, 0, 0, 0, 0, 1, 0, 0, 0, 0, 0, 0, 0, 0, 0, 0, 0, 0, 0, 0, 0, 0, 0, 0, '0000-00-00 00:00:00', ''),
(1103, 0, '', '2017-08-20 09:27:25', 'Marche_St_Marc', 'moins', 'deplacement', 535, 0, 0, 0, 0, 0, 0, 0, 0, 0, -1, 0, 0, 0, 0, 0, 0, 0, 0, 0, 0, 0, 0, 0, 0, 0, 0, 0, '0000-00-00 00:00:00', ''),
(1104, 0, '', '2017-08-20 09:27:25', 'Rouen', 'plus', 'deplacement', 535, 0, 0, 0, 0, 0, 0, 0, 0, 0, 1, 0, 0, 0, 0, 0, 0, 0, 0, 0, 0, 0, 0, 0, 0, 0, 0, 0, '0000-00-00 00:00:00', ''),
(1105, 0, '', '2017-08-20 09:27:25', 'Marche_St_Marc', 'moins', 'deplacement', 535, 0, 0, 0, 0, 0, 0, 0, 0, 0, 0, -1, 0, 0, 0, 0, 0, 0, 0, 0, 0, 0, 0, 0, 0, 0, 0, 0, '0000-00-00 00:00:00', ''),
(1106, 0, '', '2017-08-20 09:27:25', 'Rouen', 'plus', 'deplacement', 535, 0, 0, 0, 0, 0, 0, 0, 0, 0, 0, 1, 0, 0, 0, 0, 0, 0, 0, 0, 0, 0, 0, 0, 0, 0, 0, 0, '0000-00-00 00:00:00', ''),
(1107, 0, '', '2017-08-20 09:34:47', 'Rouen', 'moins', 'deplacement', 467, 0, 0, 0, 0, 0, -1, 0, 0, 0, 0, 0, 0, 0, 0, 0, 0, 0, 0, 0, 0, 0, 0, 0, 0, 0, 0, 0, '0000-00-00 00:00:00', ''),
(1108, 0, '', '2017-08-20 09:34:47', 'Marche_St_Marc', 'plus', 'deplacement', 467, 0, 0, 0, 0, 0, 1, 0, 0, 0, 0, 0, 0, 0, 0, 0, 0, 0, 0, 0, 0, 0, 0, 0, 0, 0, 0, 0, '0000-00-00 00:00:00', ''),
(1109, 0, '', '2017-08-20 09:35:21', 'Rouen', 'moins', 'deplacement', 468, 0, 0, -1, 0, 0, 0, 0, 0, 0, 0, 0, 0, 0, 0, 0, 0, 0, 0, 0, 0, 0, 0, 0, 0, 0, 0, 0, '0000-00-00 00:00:00', ''),
(1110, 0, '', '2017-08-20 09:35:21', 'Marche_St_Marc', 'plus', 'deplacement', 468, 0, 0, 1, 0, 0, 0, 0, 0, 0, 0, 0, 0, 0, 0, 0, 0, 0, 0, 0, 0, 0, 0, 0, 0, 0, 0, 0, '0000-00-00 00:00:00', ''),
(1111, 0, '', '2017-08-20 09:35:42', 'Rouen', 'moins', 'deplacement', 391, 0, 0, 0, 0, 0, 0, 0, 0, 0, -1, 0, 0, 0, 0, 0, 0, 0, 0, 0, 0, 0, 0, 0, 0, 0, 0, 0, '0000-00-00 00:00:00', ''),
(1112, 0, '', '2017-08-20 09:35:42', 'Marche_St_Marc', 'plus', 'deplacement', 391, 0, 0, 0, 0, 0, 0, 0, 0, 0, 1, 0, 0, 0, 0, 0, 0, 0, 0, 0, 0, 0, 0, 0, 0, 0, 0, 0, '0000-00-00 00:00:00', ''),
(1113, 0, '', '2017-08-20 09:35:58', 'Rouen', 'moins', 'deplacement', 406, 0, -1, 0, 0, 0, 0, 0, 0, 0, 0, 0, 0, 0, 0, 0, 0, 0, 0, 0, 0, 0, 0, 0, 0, 0, 0, 0, '0000-00-00 00:00:00', ''),
(1114, 0, '', '2017-08-20 09:35:58', 'Marche_St_Marc', 'plus', 'deplacement', 406, 0, 1, 0, 0, 0, 0, 0, 0, 0, 0, 0, 0, 0, 0, 0, 0, 0, 0, 0, 0, 0, 0, 0, 0, 0, 0, 0, '0000-00-00 00:00:00', ''),
(1115, 0, '', '2017-08-20 09:36:14', 'Rouen', 'moins', 'deplacement', 411, 0, 0, 0, 0, 0, -1, 0, 0, 0, 0, 0, 0, 0, 0, 0, 0, 0, 0, 0, 0, 0, 0, 0, 0, 0, 0, 0, '0000-00-00 00:00:00', ''),
(1116, 0, '', '2017-08-20 09:36:14', 'Marche_St_Marc', 'plus', 'deplacement', 411, 0, 0, 0, 0, 0, 1, 0, 0, 0, 0, 0, 0, 0, 0, 0, 0, 0, 0, 0, 0, 0, 0, 0, 0, 0, 0, 0, '0000-00-00 00:00:00', ''),
(1117, 0, '', '2017-08-20 09:36:33', 'Rouen', 'moins', 'deplacement', 371, 0, 0, 0, 0, 0, 0, 0, 0, 0, 0, -1, 0, 0, 0, 0, 0, 0, 0, 0, 0, 0, 0, 0, 0, 0, 0, 0, '0000-00-00 00:00:00', ''),
(1118, 0, '', '2017-08-20 09:36:33', 'Marche_St_Marc', 'plus', 'deplacement', 371, 0, 0, 0, 0, 0, 0, 0, 0, 0, 0, 1, 0, 0, 0, 0, 0, 0, 0, 0, 0, 0, 0, 0, 0, 0, 0, 0, '0000-00-00 00:00:00', ''),
(1119, 0, '', '2017-08-20 09:36:49', 'Rouen', 'moins', 'deplacement', 407, 0, 0, 0, -1, 0, 0, 0, 0, 0, 0, 0, 0, 0, 0, 0, 0, 0, 0, 0, 0, 0, 0, 0, 0, 0, 0, 0, '0000-00-00 00:00:00', ''),
(1120, 0, '', '2017-08-20 09:36:49', 'Marche_St_Marc', 'plus', 'deplacement', 407, 0, 0, 0, 1, 0, 0, 0, 0, 0, 0, 0, 0, 0, 0, 0, 0, 0, 0, 0, 0, 0, 0, 0, 0, 0, 0, 0, '0000-00-00 00:00:00', ''),
(1121, 0, '', '2017-08-20 09:37:06', 'Rouen', 'moins', 'deplacement', 404, 0, 0, 0, 0, -1, 0, 0, 0, 0, 0, 0, 0, 0, 0, 0, 0, 0, 0, 0, 0, 0, 0, 0, 0, 0, 0, 0, '0000-00-00 00:00:00', ''),
(1122, 0, '', '2017-08-20 09:37:06', 'Marche_St_Marc', 'plus', 'deplacement', 404, 0, 0, 0, 0, 1, 0, 0, 0, 0, 0, 0, 0, 0, 0, 0, 0, 0, 0, 0, 0, 0, 0, 0, 0, 0, 0, 0, '0000-00-00 00:00:00', ''),
(1123, 0, '', '2017-08-20 09:37:27', 'Rouen', 'moins', 'deplacement', 403, 0, 0, 0, -1, 0, 0, 0, 0, 0, 0, 0, 0, 0, 0, 0, 0, 0, 0, 0, 0, 0, 0, 0, 0, 0, 0, 0, '0000-00-00 00:00:00', ''),
(1124, 0, '', '2017-08-20 09:37:27', 'Marche_St_Marc', 'plus', 'deplacement', 403, 0, 0, 0, 1, 0, 0, 0, 0, 0, 0, 0, 0, 0, 0, 0, 0, 0, 0, 0, 0, 0, 0, 0, 0, 0, 0, 0, '0000-00-00 00:00:00', ''),
(1125, 0, '', '2017-08-20 09:38:53', 'Marche_St_Marc', 'moins', 'deplacement', 371, 0, 0, 0, 0, 0, 0, 0, 0, 0, 0, -1, 0, 0, 0, 0, 0, 0, 0, 0, 0, 0, 0, 0, 0, 0, 0, 0, '0000-00-00 00:00:00', ''),
(1126, 0, '', '2017-08-20 09:38:53', 'Marche_St_Marc', 'plus', 'deplacement', 371, 0, 0, 0, 0, 0, 0, 0, 0, 0, 0, 1, 0, 0, 0, 0, 0, 0, 0, 0, 0, 0, 0, 0, 0, 0, 0, 0, '0000-00-00 00:00:00', ''),
(1127, 0, '', '2017-08-20 09:42:26', 'Ebay', 'moins', 'deplacement', 534, 0, -1, 0, 0, 0, 0, 0, 0, 0, 0, 0, 0, 0, 0, 0, 0, 0, 0, 0, 0, 0, 0, 0, 0, 0, 0, 0, '0000-00-00 00:00:00', ''),
(1128, 0, '', '2017-08-20 09:42:26', 'Rouen', 'plus', 'deplacement', 534, 0, 1, 0, 0, 0, 0, 0, 0, 0, 0, 0, 0, 0, 0, 0, 0, 0, 0, 0, 0, 0, 0, 0, 0, 0, 0, 0, '0000-00-00 00:00:00', ''),
(1129, 0, '', '2017-08-20 09:42:26', 'Ebay', 'moins', 'deplacement', 534, 0, 0, -1, 0, 0, 0, 0, 0, 0, 0, 0, 0, 0, 0, 0, 0, 0, 0, 0, 0, 0, 0, 0, 0, 0, 0, 0, '0000-00-00 00:00:00', ''),
(1130, 0, '', '2017-08-20 09:42:26', 'Rouen', 'plus', 'deplacement', 534, 0, 0, 1, 0, 0, 0, 0, 0, 0, 0, 0, 0, 0, 0, 0, 0, 0, 0, 0, 0, 0, 0, 0, 0, 0, 0, 0, '0000-00-00 00:00:00', ''),
(1131, 0, '', '2017-08-20 09:42:26', 'Ebay', 'moins', 'deplacement', 534, 0, 0, 0, -1, 0, 0, 0, 0, 0, 0, 0, 0, 0, 0, 0, 0, 0, 0, 0, 0, 0, 0, 0, 0, 0, 0, 0, '0000-00-00 00:00:00', ''),
(1132, 0, '', '2017-08-20 09:42:26', 'Rouen', 'plus', 'deplacement', 534, 0, 0, 0, 1, 0, 0, 0, 0, 0, 0, 0, 0, 0, 0, 0, 0, 0, 0, 0, 0, 0, 0, 0, 0, 0, 0, 0, '0000-00-00 00:00:00', ''),
(1133, 0, '', '2017-08-20 09:42:26', 'Ebay', 'moins', 'deplacement', 534, 0, 0, 0, 0, -1, 0, 0, 0, 0, 0, 0, 0, 0, 0, 0, 0, 0, 0, 0, 0, 0, 0, 0, 0, 0, 0, 0, '0000-00-00 00:00:00', ''),
(1134, 0, '', '2017-08-20 09:42:26', 'Rouen', 'plus', 'deplacement', 534, 0, 0, 0, 0, 1, 0, 0, 0, 0, 0, 0, 0, 0, 0, 0, 0, 0, 0, 0, 0, 0, 0, 0, 0, 0, 0, 0, '0000-00-00 00:00:00', ''),
(1135, 0, '', '2017-08-20 09:42:26', 'Ebay', 'moins', 'deplacement', 534, 0, 0, 0, 0, 0, -1, 0, 0, 0, 0, 0, 0, 0, 0, 0, 0, 0, 0, 0, 0, 0, 0, 0, 0, 0, 0, 0, '0000-00-00 00:00:00', ''),
(1136, 0, '', '2017-08-20 09:42:26', 'Rouen', 'plus', 'deplacement', 534, 0, 0, 0, 0, 0, 1, 0, 0, 0, 0, 0, 0, 0, 0, 0, 0, 0, 0, 0, 0, 0, 0, 0, 0, 0, 0, 0, '0000-00-00 00:00:00', ''),
(1137, 0, '', '2017-08-20 09:42:26', 'Ebay', 'moins', 'deplacement', 534, 0, 0, 0, 0, 0, 0, -1, 0, 0, 0, 0, 0, 0, 0, 0, 0, 0, 0, 0, 0, 0, 0, 0, 0, 0, 0, 0, '0000-00-00 00:00:00', ''),
(1138, 0, '', '2017-08-20 09:42:26', 'Rouen', 'plus', 'deplacement', 534, 0, 0, 0, 0, 0, 0, 1, 0, 0, 0, 0, 0, 0, 0, 0, 0, 0, 0, 0, 0, 0, 0, 0, 0, 0, 0, 0, '0000-00-00 00:00:00', ''),
(1139, 0, '', '2017-08-20 09:42:26', 'Marche_St_Marc', 'moins', 'deplacement', 534, 0, -1, 0, 0, 0, 0, 0, 0, 0, 0, 0, 0, 0, 0, 0, 0, 0, 0, 0, 0, 0, 0, 0, 0, 0, 0, 0, '0000-00-00 00:00:00', ''),
(1140, 0, '', '2017-08-20 09:42:26', 'Rouen', 'plus', 'deplacement', 534, 0, 1, 0, 0, 0, 0, 0, 0, 0, 0, 0, 0, 0, 0, 0, 0, 0, 0, 0, 0, 0, 0, 0, 0, 0, 0, 0, '0000-00-00 00:00:00', ''),
(1141, 0, '', '2017-08-20 09:42:26', 'Marche_St_Marc', 'moins', 'deplacement', 534, 0, 0, -1, 0, 0, 0, 0, 0, 0, 0, 0, 0, 0, 0, 0, 0, 0, 0, 0, 0, 0, 0, 0, 0, 0, 0, 0, '0000-00-00 00:00:00', ''),
(1142, 0, '', '2017-08-20 09:42:26', 'Rouen', 'plus', 'deplacement', 534, 0, 0, 1, 0, 0, 0, 0, 0, 0, 0, 0, 0, 0, 0, 0, 0, 0, 0, 0, 0, 0, 0, 0, 0, 0, 0, 0, '0000-00-00 00:00:00', ''),
(1143, 0, '', '2017-08-20 09:42:26', 'Marche_St_Marc', 'moins', 'deplacement', 534, 0, 0, 0, -1, 0, 0, 0, 0, 0, 0, 0, 0, 0, 0, 0, 0, 0, 0, 0, 0, 0, 0, 0, 0, 0, 0, 0, '0000-00-00 00:00:00', ''),
(1144, 0, '', '2017-08-20 09:42:26', 'Rouen', 'plus', 'deplacement', 534, 0, 0, 0, 1, 0, 0, 0, 0, 0, 0, 0, 0, 0, 0, 0, 0, 0, 0, 0, 0, 0, 0, 0, 0, 0, 0, 0, '0000-00-00 00:00:00', ''),
(1145, 0, '', '2017-08-20 09:42:26', 'Marche_St_Marc', 'moins', 'deplacement', 534, 0, 0, 0, 0, -1, 0, 0, 0, 0, 0, 0, 0, 0, 0, 0, 0, 0, 0, 0, 0, 0, 0, 0, 0, 0, 0, 0, '0000-00-00 00:00:00', ''),
(1146, 0, '', '2017-08-20 09:42:26', 'Rouen', 'plus', 'deplacement', 534, 0, 0, 0, 0, 1, 0, 0, 0, 0, 0, 0, 0, 0, 0, 0, 0, 0, 0, 0, 0, 0, 0, 0, 0, 0, 0, 0, '0000-00-00 00:00:00', ''),
(1147, 0, '', '2017-08-20 09:42:26', 'Marche_St_Marc', 'moins', 'deplacement', 534, 0, 0, 0, 0, 0, -1, 0, 0, 0, 0, 0, 0, 0, 0, 0, 0, 0, 0, 0, 0, 0, 0, 0, 0, 0, 0, 0, '0000-00-00 00:00:00', ''),
(1148, 0, '', '2017-08-20 09:42:26', 'Rouen', 'plus', 'deplacement', 534, 0, 0, 0, 0, 0, 1, 0, 0, 0, 0, 0, 0, 0, 0, 0, 0, 0, 0, 0, 0, 0, 0, 0, 0, 0, 0, 0, '0000-00-00 00:00:00', ''),
(1149, 0, '', '2017-08-20 09:42:26', 'Marche_St_Marc', 'moins', 'deplacement', 534, 0, 0, 0, 0, 0, 0, -1, 0, 0, 0, 0, 0, 0, 0, 0, 0, 0, 0, 0, 0, 0, 0, 0, 0, 0, 0, 0, '0000-00-00 00:00:00', ''),
(1150, 0, '', '2017-08-20 09:42:26', 'Rouen', 'plus', 'deplacement', 534, 0, 0, 0, 0, 0, 0, 1, 0, 0, 0, 0, 0, 0, 0, 0, 0, 0, 0, 0, 0, 0, 0, 0, 0, 0, 0, 0, '0000-00-00 00:00:00', ''),
(1151, 0, '', '2017-08-20 09:43:28', 'Rouen', 'moins', 'deplacement', 374, 0, 0, 0, 0, 0, 0, 0, 0, 0, 0, 0, 0, 0, 0, 0, 0, -1, 0, 0, 0, 0, 0, 0, 0, 0, 0, 0, '0000-00-00 00:00:00', ''),
(1152, 0, '', '2017-08-20 09:43:28', 'Marche_St_Marc', 'plus', 'deplacement', 374, 0, 0, 0, 0, 0, 0, 0, 0, 0, 0, 0, 0, 0, 0, 0, 0, 1, 0, 0, 0, 0, 0, 0, 0, 0, 0, 0, '0000-00-00 00:00:00', ''),
(1153, 0, '', '2017-09-03 09:10:13', 'Rouen', 'moins', 'deplacement', 362, 0, 0, 0, 0, -1, 0, 0, 0, 0, 0, 0, 0, 0, 0, 0, 0, 0, 0, 0, 0, 0, 0, 0, 0, 0, 0, 0, '0000-00-00 00:00:00', ''),
(1154, 0, '', '2017-09-03 09:10:13', 'Facture1', 'plus', 'deplacement', 362, 0, 0, 0, 0, 1, 0, 0, 0, 0, 0, 0, 0, 0, 0, 0, 0, 0, 0, 0, 0, 0, 0, 0, 0, 0, 0, 0, '0000-00-00 00:00:00', ''),
(1155, 0, '', '2017-09-03 09:10:41', 'Rouen', 'moins', 'deplacement', 405, 0, 0, 0, 0, 0, 0, 0, 0, -1, 0, 0, 0, 0, 0, 0, 0, 0, 0, 0, 0, 0, 0, 0, 0, 0, 0, 0, '0000-00-00 00:00:00', ''),
(1156, 0, '', '2017-09-03 09:10:41', 'Facture1', 'plus', 'deplacement', 405, 0, 0, 0, 0, 0, 0, 0, 0, 1, 0, 0, 0, 0, 0, 0, 0, 0, 0, 0, 0, 0, 0, 0, 0, 0, 0, 0, '0000-00-00 00:00:00', ''),
(1157, 0, '', '2017-09-03 09:11:14', 'Rouen', 'moins', 'deplacement', 514, -1, 0, 0, 0, 0, 0, 0, 0, 0, 0, 0, 0, 0, 0, 0, 0, 0, 0, 0, 0, 0, 0, 0, 0, 0, 0, 0, '0000-00-00 00:00:00', '');
INSERT INTO `stock` (`id`, `operation_informatique_id`, `document_source`, `date_operation`, `stock_nom`, `operation_direction`, `operation_description`, `reference_id`, `quantite_taille_17`, `quantite_taille_18`, `quantite_taille_19`, `quantite_taille_20`, `quantite_taille_21`, `quantite_taille_22`, `quantite_taille_23`, `quantite_taille_24`, `quantite_taille_25`, `quantite_taille_26`, `quantite_taille_27`, `quantite_taille_28`, `quantite_taille_29`, `quantite_taille_30`, `quantite_taille_31`, `quantite_taille_32`, `quantite_taille_33`, `quantite_taille_34`, `quantite_taille_35`, `quantite_taille_36`, `quantite_taille_37`, `quantite_taille_38`, `quantite_taille_39`, `quantite_taille_40`, `quantite_taille_41`, `quantite_taille_42`, `quantite_taille_43`, `reservation_jusquau`, `reservation_identification`) VALUES
(1158, 0, '', '2017-09-03 09:11:14', 'Facture1', 'plus', 'deplacement', 514, 1, 0, 0, 0, 0, 0, 0, 0, 0, 0, 0, 0, 0, 0, 0, 0, 0, 0, 0, 0, 0, 0, 0, 0, 0, 0, 0, '0000-00-00 00:00:00', ''),
(1159, 0, '', '2017-09-03 09:11:43', 'Rouen', 'moins', 'deplacement', 375, 0, 0, 0, 0, 0, 0, 0, 0, 0, -1, 0, 0, 0, 0, 0, 0, 0, 0, 0, 0, 0, 0, 0, 0, 0, 0, 0, '0000-00-00 00:00:00', ''),
(1160, 0, '', '2017-09-03 09:11:43', 'Facture1', 'plus', 'deplacement', 375, 0, 0, 0, 0, 0, 0, 0, 0, 0, 1, 0, 0, 0, 0, 0, 0, 0, 0, 0, 0, 0, 0, 0, 0, 0, 0, 0, '0000-00-00 00:00:00', ''),
(1161, 0, '', '2017-09-03 09:12:02', 'Rouen', 'moins', 'deplacement', 411, 0, 0, 0, -1, 0, 0, 0, 0, 0, 0, 0, 0, 0, 0, 0, 0, 0, 0, 0, 0, 0, 0, 0, 0, 0, 0, 0, '0000-00-00 00:00:00', ''),
(1162, 0, '', '2017-09-03 09:12:02', 'Facture1', 'plus', 'deplacement', 411, 0, 0, 0, 1, 0, 0, 0, 0, 0, 0, 0, 0, 0, 0, 0, 0, 0, 0, 0, 0, 0, 0, 0, 0, 0, 0, 0, '0000-00-00 00:00:00', ''),
(1163, 0, '', '2017-09-03 09:13:15', 'Rouen', 'moins', 'deplacement', 359, 0, 0, 0, 0, 0, 0, -1, 0, 0, 0, 0, 0, 0, 0, 0, 0, 0, 0, 0, 0, 0, 0, 0, 0, 0, 0, 0, '0000-00-00 00:00:00', ''),
(1164, 0, '', '2017-09-03 09:13:15', 'Facture1', 'plus', 'deplacement', 359, 0, 0, 0, 0, 0, 0, 1, 0, 0, 0, 0, 0, 0, 0, 0, 0, 0, 0, 0, 0, 0, 0, 0, 0, 0, 0, 0, '0000-00-00 00:00:00', ''),
(1165, 0, '', '2017-09-03 09:13:32', 'Rouen', 'moins', 'deplacement', 361, 0, 0, 0, 0, 0, 0, 0, 0, 0, 0, -1, 0, 0, 0, 0, 0, 0, 0, 0, 0, 0, 0, 0, 0, 0, 0, 0, '0000-00-00 00:00:00', ''),
(1166, 0, '', '2017-09-03 09:13:32', 'Facture1', 'plus', 'deplacement', 361, 0, 0, 0, 0, 0, 0, 0, 0, 0, 0, 1, 0, 0, 0, 0, 0, 0, 0, 0, 0, 0, 0, 0, 0, 0, 0, 0, '0000-00-00 00:00:00', ''),
(1167, 0, '', '2017-09-03 09:13:52', 'Rouen', 'moins', 'deplacement', 421, 0, 0, 0, 0, 0, 0, 0, 0, 0, 0, 0, 0, 0, 0, -1, 0, 0, 0, 0, 0, 0, 0, 0, 0, 0, 0, 0, '0000-00-00 00:00:00', ''),
(1168, 0, '', '2017-09-03 09:13:52', 'Facture1', 'plus', 'deplacement', 421, 0, 0, 0, 0, 0, 0, 0, 0, 0, 0, 0, 0, 0, 0, 1, 0, 0, 0, 0, 0, 0, 0, 0, 0, 0, 0, 0, '0000-00-00 00:00:00', ''),
(1169, 0, '', '2017-09-03 09:14:11', 'Rouen', 'moins', 'deplacement', 381, 0, 0, 0, 0, 0, 0, 0, 0, 0, 0, 0, -1, 0, 0, 0, 0, 0, 0, 0, 0, 0, 0, 0, 0, 0, 0, 0, '0000-00-00 00:00:00', ''),
(1170, 0, '', '2017-09-03 09:14:11', 'Facture1', 'plus', 'deplacement', 381, 0, 0, 0, 0, 0, 0, 0, 0, 0, 0, 0, 1, 0, 0, 0, 0, 0, 0, 0, 0, 0, 0, 0, 0, 0, 0, 0, '0000-00-00 00:00:00', ''),
(1171, 0, '', '2017-09-03 09:14:29', 'Rouen', 'moins', 'deplacement', 390, 0, 0, 0, 0, 0, 0, 0, 0, 0, 0, 0, 0, 0, 0, 0, 0, -1, 0, 0, 0, 0, 0, 0, 0, 0, 0, 0, '0000-00-00 00:00:00', ''),
(1172, 0, '', '2017-09-03 09:14:29', 'Facture1', 'plus', 'deplacement', 390, 0, 0, 0, 0, 0, 0, 0, 0, 0, 0, 0, 0, 0, 0, 0, 0, 1, 0, 0, 0, 0, 0, 0, 0, 0, 0, 0, '0000-00-00 00:00:00', ''),
(1173, 0, '', '2017-09-03 09:14:48', 'Rouen', 'moins', 'deplacement', 407, 0, 0, -1, 0, 0, 0, 0, 0, 0, 0, 0, 0, 0, 0, 0, 0, 0, 0, 0, 0, 0, 0, 0, 0, 0, 0, 0, '0000-00-00 00:00:00', ''),
(1174, 0, '', '2017-09-03 09:14:48', 'Facture1', 'plus', 'deplacement', 407, 0, 0, 1, 0, 0, 0, 0, 0, 0, 0, 0, 0, 0, 0, 0, 0, 0, 0, 0, 0, 0, 0, 0, 0, 0, 0, 0, '0000-00-00 00:00:00', ''),
(1175, 0, '', '2017-09-03 09:15:08', 'Rouen', 'moins', 'deplacement', 403, 0, 0, 0, 0, 0, -1, 0, 0, 0, 0, 0, 0, 0, 0, 0, 0, 0, 0, 0, 0, 0, 0, 0, 0, 0, 0, 0, '0000-00-00 00:00:00', ''),
(1176, 0, '', '2017-09-03 09:15:08', 'Facture1', 'plus', 'deplacement', 403, 0, 0, 0, 0, 0, 1, 0, 0, 0, 0, 0, 0, 0, 0, 0, 0, 0, 0, 0, 0, 0, 0, 0, 0, 0, 0, 0, '0000-00-00 00:00:00', ''),
(1177, 0, '', '2017-09-03 09:15:29', 'Rouen', 'moins', 'deplacement', 513, -1, 0, 0, 0, 0, 0, 0, 0, 0, 0, 0, 0, 0, 0, 0, 0, 0, 0, 0, 0, 0, 0, 0, 0, 0, 0, 0, '0000-00-00 00:00:00', ''),
(1178, 0, '', '2017-09-03 09:15:29', 'Facture1', 'plus', 'deplacement', 513, 1, 0, 0, 0, 0, 0, 0, 0, 0, 0, 0, 0, 0, 0, 0, 0, 0, 0, 0, 0, 0, 0, 0, 0, 0, 0, 0, '0000-00-00 00:00:00', '');

-- --------------------------------------------------------

--
-- Structure de la table `stock_chaussettes`
--

CREATE TABLE `stock_chaussettes` (
  `id` int(11) NOT NULL,
  `operation_informatique_id` int(20) NOT NULL,
  `document_source` tinytext CHARACTER SET utf8 COLLATE utf8_unicode_ci NOT NULL,
  `date_operation` datetime NOT NULL,
  `stock_nom` tinytext CHARACTER SET utf8 COLLATE utf8_unicode_ci NOT NULL,
  `operation_direction` tinytext CHARACTER SET utf8 COLLATE utf8_unicode_ci NOT NULL,
  `operation_description` tinytext CHARACTER SET utf8 COLLATE utf8_unicode_ci NOT NULL,
  `reference_id` int(11) NOT NULL,
  `taille_fourchette` tinytext CHARACTER SET utf8 COLLATE utf8_unicode_ci NOT NULL,
  `quantite` int(11) NOT NULL
) ENGINE=MyISAM DEFAULT CHARSET=utf8;

-- --------------------------------------------------------

--
-- Structure de la table `stock_reservation`
--

CREATE TABLE `stock_reservation` (
  `id` int(11) NOT NULL,
  `operation_informatique_id` int(20) NOT NULL,
  `date_operation` datetime NOT NULL,
  `stock_nom` tinytext CHARACTER SET utf8 COLLATE utf8_unicode_ci NOT NULL,
  `panier_user_id` int(11) NOT NULL,
  `operation_direction` tinytext CHARACTER SET utf8 COLLATE utf8_unicode_ci NOT NULL,
  `operation_description` tinytext CHARACTER SET utf8 COLLATE utf8_unicode_ci NOT NULL,
  `reference_id` int(11) NOT NULL,
  `quantite_taille_17` int(11) NOT NULL DEFAULT '0',
  `quantite_taille_18` int(11) NOT NULL DEFAULT '0',
  `quantite_taille_19` int(11) NOT NULL DEFAULT '0',
  `quantite_taille_20` int(11) NOT NULL DEFAULT '0',
  `quantite_taille_21` int(11) NOT NULL DEFAULT '0',
  `quantite_taille_22` int(11) NOT NULL DEFAULT '0',
  `quantite_taille_23` int(11) NOT NULL DEFAULT '0',
  `quantite_taille_24` int(11) NOT NULL DEFAULT '0',
  `quantite_taille_25` int(11) NOT NULL DEFAULT '0',
  `quantite_taille_26` int(11) NOT NULL DEFAULT '0',
  `quantite_taille_27` int(11) NOT NULL DEFAULT '0',
  `quantite_taille_28` int(11) NOT NULL DEFAULT '0',
  `quantite_taille_29` int(11) NOT NULL DEFAULT '0',
  `quantite_taille_30` int(11) NOT NULL DEFAULT '0',
  `quantite_taille_31` int(11) NOT NULL DEFAULT '0',
  `quantite_taille_32` int(11) NOT NULL DEFAULT '0',
  `quantite_taille_33` int(11) NOT NULL DEFAULT '0',
  `quantite_taille_34` int(11) NOT NULL DEFAULT '0',
  `quantite_taille_35` int(11) NOT NULL DEFAULT '0',
  `quantite_taille_36` int(11) NOT NULL DEFAULT '0',
  `quantite_taille_37` int(11) NOT NULL DEFAULT '0',
  `quantite_taille_38` int(11) NOT NULL DEFAULT '0',
  `quantite_taille_39` int(11) NOT NULL DEFAULT '0',
  `quantite_taille_40` int(11) NOT NULL DEFAULT '0',
  `quantite_taille_41` int(11) NOT NULL DEFAULT '0',
  `quantite_taille_42` int(11) NOT NULL DEFAULT '0',
  `quantite_taille_43` int(11) NOT NULL DEFAULT '0',
  `reservation_jusquau` datetime NOT NULL,
  `type_identification_reservation` tinytext CHARACTER SET utf8 COLLATE utf8_unicode_ci NOT NULL,
  `reservation_identification` tinytext CHARACTER SET utf8 COLLATE utf8_unicode_ci NOT NULL
) ENGINE=MyISAM DEFAULT CHARSET=utf8;

--
-- Déchargement des données de la table `stock_reservation`
--

INSERT INTO `stock_reservation` (`id`, `operation_informatique_id`, `date_operation`, `stock_nom`, `panier_user_id`, `operation_direction`, `operation_description`, `reference_id`, `quantite_taille_17`, `quantite_taille_18`, `quantite_taille_19`, `quantite_taille_20`, `quantite_taille_21`, `quantite_taille_22`, `quantite_taille_23`, `quantite_taille_24`, `quantite_taille_25`, `quantite_taille_26`, `quantite_taille_27`, `quantite_taille_28`, `quantite_taille_29`, `quantite_taille_30`, `quantite_taille_31`, `quantite_taille_32`, `quantite_taille_33`, `quantite_taille_34`, `quantite_taille_35`, `quantite_taille_36`, `quantite_taille_37`, `quantite_taille_38`, `quantite_taille_39`, `quantite_taille_40`, `quantite_taille_41`, `quantite_taille_42`, `quantite_taille_43`, `reservation_jusquau`, `type_identification_reservation`, `reservation_identification`) VALUES
(215, 504, '2016-11-03 10:45:40', 'Rouen', 11, 'moins', 'reservation_panier', 441, 0, 0, 0, 0, 0, 0, 0, 0, 0, 0, -1, 0, 0, 0, 0, 0, 0, 0, 0, 0, 0, 0, 0, 0, 0, 0, 0, '2016-11-03 12:45:40', '', ''),
(214, 501, '2016-11-03 10:41:30', 'Marche_St_Marc', 10, 'moins', 'reservation_panier', 467, 0, 0, 0, 0, 0, 0, 0, -1, 0, 0, 0, 0, 0, 0, 0, 0, 0, 0, 0, 0, 0, 0, 0, 0, 0, 0, 0, '2016-11-03 12:41:30', '', ''),
(213, 498, '2016-11-03 10:39:51', 'Rouen', 10, 'moins', 'reservation_panier', 396, 0, 0, 0, 0, 0, 0, 0, 0, 0, 0, 0, 0, 0, 0, 0, -1, 0, 0, 0, 0, 0, 0, 0, 0, 0, 0, 0, '2016-11-03 12:39:51', '', ''),
(212, 494, '2016-11-03 10:30:11', 'Rouen', 10, 'moins', 'reservation_panier', 396, 0, 0, 0, 0, 0, 0, 0, 0, 0, 0, 0, 0, 0, 0, 0, 0, -1, 0, 0, 0, 0, 0, 0, 0, 0, 0, 0, '2016-11-03 12:30:11', '', ''),
(209, 489, '2016-11-03 10:22:19', 'Rouen', 10, 'moins', 'reservation_panier', 435, 0, 0, 0, 0, 0, -1, 0, 0, 0, 0, 0, 0, 0, 0, 0, 0, 0, 0, 0, 0, 0, 0, 0, 0, 0, 0, 0, '2016-11-03 12:22:19', '', ''),
(210, 490, '2016-11-03 10:22:23', 'Rouen', 10, 'moins', 'reservation_panier', 435, 0, 0, 0, 0, 0, 0, 0, -1, 0, 0, 0, 0, 0, 0, 0, 0, 0, 0, 0, 0, 0, 0, 0, 0, 0, 0, 0, '2016-11-03 12:22:23', '', ''),
(211, 493, '2016-11-03 10:29:50', 'Rouen', 10, 'moins', 'reservation_panier', 439, 0, 0, 0, 0, 0, 0, 0, 0, 0, 0, -1, 0, 0, 0, 0, 0, 0, 0, 0, 0, 0, 0, 0, 0, 0, 0, 0, '2016-11-03 12:29:50', '', ''),
(208, 486, '2016-11-02 20:13:19', 'Rouen', 9, 'moins', 'reservation_panier', 411, 0, 0, 0, 0, 0, -1, 0, 0, 0, 0, 0, 0, 0, 0, 0, 0, 0, 0, 0, 0, 0, 0, 0, 0, 0, 0, 0, '2016-11-02 22:13:19', '', ''),
(207, 483, '2016-11-02 20:07:34', 'Rouen', 9, 'moins', 'reservation_panier', 411, 0, 0, 0, 0, 0, 0, 0, 0, -1, 0, 0, 0, 0, 0, 0, 0, 0, 0, 0, 0, 0, 0, 0, 0, 0, 0, 0, '2016-11-02 22:07:34', '', ''),
(206, 480, '2016-11-02 16:19:30', 'Rouen', 9, 'moins', 'reservation_panier', 411, 0, 0, 0, 0, 0, 0, 0, 0, -1, 0, 0, 0, 0, 0, 0, 0, 0, 0, 0, 0, 0, 0, 0, 0, 0, 0, 0, '2016-11-02 18:19:30', '', ''),
(205, 477, '2016-11-02 11:10:07', 'Rouen', 9, 'moins', 'reservation_panier', 440, 0, 0, 0, 0, 0, 0, 0, 0, 0, 0, 0, 0, 0, -1, 0, 0, 0, 0, 0, 0, 0, 0, 0, 0, 0, 0, 0, '2016-11-02 13:10:07', '', ''),
(216, 505, '2016-11-03 10:45:48', 'Rouen', 11, 'moins', 'reservation_panier', 441, 0, 0, 0, 0, 0, 0, 0, 0, 0, 0, 0, -1, 0, 0, 0, 0, 0, 0, 0, 0, 0, 0, 0, 0, 0, 0, 0, '2016-11-03 12:45:48', '', ''),
(217, 508, '2016-11-03 13:10:07', 'Rouen', 10, 'moins', 'reservation_panier', 392, 0, 0, 0, 0, 0, 0, 0, 0, 0, 0, 0, 0, 0, 0, 0, 0, -1, 0, 0, 0, 0, 0, 0, 0, 0, 0, 0, '2016-11-03 15:10:07', '', ''),
(220, 516, '2017-01-01 20:14:27', 'Rouen', 14, 'moins', 'reservation_panier', 536, -1, 0, 0, 0, 0, 0, 0, 0, 0, 0, 0, 0, 0, 0, 0, 0, 0, 0, 0, 0, 0, 0, 0, 0, 0, 0, 0, '2017-01-01 22:14:27', '', ''),
(221, 520, '2017-01-06 14:35:12', 'Marche_St_Marc', 15, 'moins', 'reservation_panier', 466, 0, 0, 0, 0, 0, 0, 0, 0, 0, 0, -1, 0, 0, 0, 0, 0, 0, 0, 0, 0, 0, 0, 0, 0, 0, 0, 0, '2017-01-06 16:35:12', '', ''),
(222, 521, '2017-05-02 13:31:29', 'Marche_St_Marc', 16, 'moins', 'reservation_panier', 534, 0, 0, 0, 0, -1, 0, 0, 0, 0, 0, 0, 0, 0, 0, 0, 0, 0, 0, 0, 0, 0, 0, 0, 0, 0, 0, 0, '2017-05-02 15:31:29', '', ''),
(223, 522, '2017-07-06 11:53:39', 'Marche_St_Marc', 17, 'moins', 'reservation_panier', 467, 0, 0, 0, 0, 0, 0, 0, -1, 0, 0, 0, 0, 0, 0, 0, 0, 0, 0, 0, 0, 0, 0, 0, 0, 0, 0, 0, '2017-07-06 13:53:39', '', '');

-- --------------------------------------------------------

--
-- Structure de la table `taux_change_monnaie`
--

CREATE TABLE `taux_change_monnaie` (
  `date_taux` date NOT NULL,
  `monnaie_planification` tinytext CHARACTER SET utf8 COLLATE utf8_unicode_ci NOT NULL,
  `monnaie_gestion` tinytext CHARACTER SET utf8 COLLATE utf8_unicode_ci NOT NULL,
  `taux` decimal(8,4) NOT NULL,
  `id` int(11) NOT NULL
) ENGINE=MyISAM DEFAULT CHARSET=utf8;

--
-- Déchargement des données de la table `taux_change_monnaie`
--

INSERT INTO `taux_change_monnaie` (`date_taux`, `monnaie_planification`, `monnaie_gestion`, `taux`, `id`) VALUES
('2016-05-06', 'EUR', 'PLN', 0.2300, 1);

-- --------------------------------------------------------

--
-- Structure de la table `users_clients`
--

CREATE TABLE `users_clients` (
  `id` int(11) NOT NULL,
  `login_email` tinytext COLLATE utf8_unicode_ci NOT NULL,
  `motdepasse` tinytext COLLATE utf8_unicode_ci NOT NULL,
  `date_registration` datetime NOT NULL,
  `code_premier_session` tinytext COLLATE utf8_unicode_ci NOT NULL,
  `code_premier_cookies` tinytext COLLATE utf8_unicode_ci NOT NULL,
  `ip` tinytext COLLATE utf8_unicode_ci NOT NULL,
  `nom` tinytext COLLATE utf8_unicode_ci NOT NULL,
  `prenom` tinytext COLLATE utf8_unicode_ci NOT NULL,
  `code_remise` int(10) NOT NULL,
  `nom_societe` tinytext COLLATE utf8_unicode_ci NOT NULL,
  `adresse_livraison` tinytext COLLATE utf8_unicode_ci NOT NULL,
  `adresse_livraison2` tinytext COLLATE utf8_unicode_ci NOT NULL,
  `code_postal` int(11) NOT NULL,
  `ville` tinytext COLLATE utf8_unicode_ci NOT NULL,
  `telephone` tinytext COLLATE utf8_unicode_ci NOT NULL,
  `deleted` tinyint(1) NOT NULL
) ENGINE=MyISAM DEFAULT CHARSET=utf8 COLLATE=utf8_unicode_ci;

--
-- Déchargement des données de la table `users_clients`
--

INSERT INTO `users_clients` (`id`, `login_email`, `motdepasse`, `date_registration`, `code_premier_session`, `code_premier_cookies`, `ip`, `nom`, `prenom`, `code_remise`, `nom_societe`, `adresse_livraison`, `adresse_livraison2`, `code_postal`, `ville`, `telephone`, `deleted`) VALUES
(62, 'lllllllllll', '', '2016-11-02 11:11:26', '093d3be3cac0f941c503ad4c123211a5', 'f66dfb808f477b942a6226f1ab9e3c9c', '82.238.176.133', '', '', 0, '', '', '', 0, '', '', 0),
(63, 'tttttt', '', '2016-11-02 20:08:01', '093d3be3cac0f941c503ad4c123211a5', 'f66dfb808f477b942a6226f1ab9e3c9c', '82.238.176.133', '', '', 0, '', '', '', 0, '', '', 0),
(64, 'annonce@nordouest.com', 'mapomme', '2016-11-03 10:25:51', 'd24e17826333320f4ffb474edf3b5e65', '0b8b5b9513cd4ca4d7ce0c2123f1aaab', '82.238.176.133', 'vila', 'pat', 0, '', '', '', 0, '', '', 0);

-- --------------------------------------------------------

--
-- Structure de la table `users_clients_adresses`
--

CREATE TABLE `users_clients_adresses` (
  `id` int(11) NOT NULL,
  `client_id` int(11) NOT NULL,
  `nom_destinataire` tinytext COLLATE utf8_unicode_ci NOT NULL,
  `mode_livraison` tinytext COLLATE utf8_unicode_ci NOT NULL,
  `point_relais_id` tinytext COLLATE utf8_unicode_ci NOT NULL,
  `nom_point_relais` tinytext COLLATE utf8_unicode_ci NOT NULL,
  `adresse_livraison` tinytext COLLATE utf8_unicode_ci NOT NULL,
  `adresse_livraison2` tinytext COLLATE utf8_unicode_ci NOT NULL,
  `code_postal` tinytext COLLATE utf8_unicode_ci NOT NULL,
  `ville` tinytext COLLATE utf8_unicode_ci NOT NULL,
  `pays` tinytext COLLATE utf8_unicode_ci NOT NULL,
  `telephone` tinytext COLLATE utf8_unicode_ci NOT NULL,
  `deleted` tinyint(1) NOT NULL
) ENGINE=MyISAM DEFAULT CHARSET=utf8 COLLATE=utf8_unicode_ci;

--
-- Déchargement des données de la table `users_clients_adresses`
--

INSERT INTO `users_clients_adresses` (`id`, `client_id`, `nom_destinataire`, `mode_livraison`, `point_relais_id`, `nom_point_relais`, `adresse_livraison`, `adresse_livraison2`, `code_postal`, `ville`, `pays`, `telephone`, `deleted`) VALUES
(23, 62, 'Monika Beloucci', 'mondialrelay_point', '057819', 'SARL MAHAMAYA', '6 RUE DES FOSSES SAINT MARCEL', '', '75005', 'PARIS', 'FR', '0999999', 0),
(24, 63, 'Irina Vilallongue', 'mondialrelay_point', '055042', 'LA SELLERIE NORMANDE', '4 RUE SAINT GILLES, ROUEN', '', '76000', 'ROUEN', 'FR', '088888888888', 0),
(25, 63, 'Irina Larneva', 'colissimo_domicile', '', '', 'rue de Lessard', '', '76100', 'Rouen', 'FR', '0643475671', 0),
(26, 64, 'vila', 'colissimo_domicile', '', '', '62 rue de lessard', '', '76100', 'rouen', 'FR', '0781118129', 0);

-- --------------------------------------------------------

--
-- Structure de la table `users_temporaires`
--

CREATE TABLE `users_temporaires` (
  `id` int(11) NOT NULL,
  `date_registration` datetime NOT NULL,
  `code_session` tinytext COLLATE utf8_unicode_ci NOT NULL,
  `code_cookies` tinytext COLLATE utf8_unicode_ci NOT NULL,
  `ip` tinytext COLLATE utf8_unicode_ci NOT NULL
) ENGINE=MyISAM DEFAULT CHARSET=utf8 COLLATE=utf8_unicode_ci;

--
-- Déchargement des données de la table `users_temporaires`
--

INSERT INTO `users_temporaires` (`id`, `date_registration`, `code_session`, `code_cookies`, `ip`) VALUES
(16, '2016-06-22 18:28:51', 'f5e3bdef472044fc2df1c323ce185a7a', 'a4d0653200230ac1ab2ad18982316518', '82.238.176.133');

-- --------------------------------------------------------

--
-- Structure de la table `ventes`
--

CREATE TABLE `ventes` (
  `id` int(11) NOT NULL,
  `date_vente` datetime NOT NULL,
  `numero_document_evenement` tinytext CHARACTER SET utf8 COLLATE utf8_unicode_ci NOT NULL,
  `vente_endroit` tinytext CHARACTER SET utf8 COLLATE utf8_unicode_ci NOT NULL,
  `reference_id` int(11) NOT NULL,
  `quantite` int(11) NOT NULL,
  `prix_ttc` decimal(10,2) NOT NULL,
  `somme_total` decimal(10,2) NOT NULL,
  `prix_livraison_ttc` decimal(10,2) NOT NULL,
  `somme_avec_livraison` decimal(10,2) NOT NULL
) ENGINE=MyISAM DEFAULT CHARSET=utf8;

--
-- Déchargement des données de la table `ventes`
--

INSERT INTO `ventes` (`id`, `date_vente`, `numero_document_evenement`, `vente_endroit`, `reference_id`, `quantite`, `prix_ttc`, `somme_total`, `prix_livraison_ttc`, `somme_avec_livraison`) VALUES
(1, '2016-06-04 00:00:00', 'Kermesse040616', 'Kermesse', 361, 1, 14.00, 14.00, 0.00, 14.00),
(2, '2016-06-04 20:55:22', 'Kermesse040616', 'Kermesse', 371, 1, 14.00, 14.00, 0.00, 14.00),
(3, '2016-06-04 20:57:59', 'Kermesse040616', 'Kermesse', 373, 1, 14.00, 14.00, 0.00, 14.00),
(5, '2016-06-04 21:09:55', 'Kermesse040616', 'Kermesse', 399, 1, 14.00, 14.00, 0.00, 14.00),
(6, '2016-06-23 13:13:27', 'Commande/Kermesse', '', 384, 1, 15.00, 15.00, 0.00, 15.00),
(7, '2016-06-23 13:15:06', 'Commande/Kermesse', '', 384, 1, 15.00, 15.00, 0.00, 15.00),
(8, '2016-06-23 13:30:29', 'Polina', '', 385, 1, 5.00, 5.00, 0.00, 5.00),
(9, '2016-06-23 17:03:46', 'Polina', '', 361, 1, 5.00, 5.00, 0.00, 5.00),
(10, '2016-06-23 17:09:55', 'Valentin', '', 409, 1, 5.00, 5.00, 0.00, 5.00),
(11, '2016-06-28 14:29:19', '', 'Valenti', 400, 1, 4.00, 4.00, 0.00, 4.00),
(12, '2016-07-12 11:34:59', '', 'Polina', 361, 1, 4.00, 4.00, 0.00, 4.00),
(13, '2016-07-21 10:38:18', '', 'Polina', 364, 1, 4.00, 4.00, 0.00, 4.00),
(14, '2016-07-24 11:55:33', 'Marché Saint Marc', 'Marché Saint Marc', 359, 1, 15.00, 15.00, 0.00, 15.00),
(15, '2016-07-24 11:57:55', 'Marché Saint Marc', 'Marché Saint Marc', 361, 1, 15.00, 15.00, 0.00, 15.00),
(16, '2016-07-25 11:58:46', 'Marché Saint Marc', 'Marché Saint Marc', 382, 1, 15.00, 15.00, 0.00, 15.00),
(17, '2016-08-05 14:04:13', '', 'Marché Saint Marc', 358, 1, 12.50, 12.50, 0.00, 12.50),
(18, '2016-08-05 14:07:13', '', 'Marché Saint Marc', 361, 1, 15.00, 15.00, 0.00, 15.00),
(19, '2016-08-05 14:28:21', '', 'Marché Saint Marc', 362, 1, 15.00, 15.00, 0.00, 15.00),
(20, '2016-08-09 14:42:41', '', 'Marché Saint Marc', 363, 1, 12.00, 12.00, 0.00, 12.00),
(21, '2016-08-09 14:47:13', '', 'Marché Saint Marc', 363, 1, 11.00, 11.00, 0.00, 11.00),
(22, '2016-08-09 14:47:49', '', 'Marché Saint Marc', 370, 1, 15.00, 15.00, 0.00, 15.00),
(23, '2016-08-09 16:10:24', '', 'Marché Saint Marc', 422, 1, 15.00, 15.00, 0.00, 15.00),
(24, '2016-08-10 14:15:34', '', 'Marché Saint Marc', 411, 1, 10.00, 10.00, 0.00, 10.00),
(25, '2016-08-10 14:16:24', '', 'Marché Saint Marc', 405, 1, 12.00, 12.00, 0.00, 12.00),
(26, '2016-08-10 14:50:14', '', 'Marché Saint Marc', 407, 1, 12.00, 12.00, 0.00, 12.00),
(27, '2016-08-13 13:53:40', '', 'Marché Saint Marc', 411, 1, 12.00, 12.00, 0.00, 12.00),
(28, '2016-08-14 13:55:06', '', 'Marché Saint Marc', 411, 1, 12.00, 12.00, 0.00, 12.00),
(29, '2016-08-18 20:58:30', '', 'Rose', 370, 1, 0.00, 0.00, 0.00, 0.00),
(30, '2016-08-18 20:59:24', '', 'Valentin', 389, 1, 0.00, 0.00, 0.00, 0.00),
(31, '2016-08-24 16:25:26', '', 'Marché Saint Marc', 417, 1, 10.00, 10.00, 0.00, 10.00),
(32, '2016-08-24 16:27:40', '', 'Marché Saint Marc', 427, 1, 10.00, 10.00, 0.00, 10.00),
(33, '2016-08-28 12:44:49', '', 'Marché Saint Marc', 358, 1, 15.00, 15.00, 0.00, 15.00),
(34, '2016-08-26 12:46:52', '', 'Marché Saint Marc', 359, 1, 15.00, 15.00, 0.00, 15.00),
(35, '2016-08-26 12:48:28', '', 'Marché Saint Marc', 360, 1, 15.00, 15.00, 0.00, 15.00),
(36, '2016-08-26 12:49:50', '', 'Marché Saint Marc', 365, 1, 12.00, 12.00, 0.00, 12.00),
(37, '2016-08-28 12:52:34', '', 'Marché Saint Marc', 404, 1, 12.00, 12.00, 0.00, 12.00),
(38, '2016-08-26 12:55:11', '', 'Marché Saint Marc', 420, 1, 9.00, 9.00, 0.00, 9.00),
(39, '2016-09-01 12:57:03', 'Polina', '', 422, 1, 0.00, 0.00, 0.00, 0.00),
(40, '2016-09-03 21:40:22', '', 'Marché Saint Marc', 366, 1, 15.00, 15.00, 0.00, 15.00),
(41, '2016-09-07 11:35:13', 'Fille anglaise', 'Marché Saint Marc', 375, 1, 15.00, 15.00, 0.00, 15.00),
(42, '2016-09-08 06:14:18', '', 'Marché Sotteville...', 406, 1, 9.00, 9.00, 0.00, 9.00),
(43, '2016-09-09 06:15:28', '', 'Marché Sotteville...', 414, 1, 12.00, 12.00, 0.00, 12.00),
(44, '2016-09-09 15:02:19', '', 'Marché Saint Marc', 403, 1, 9.00, 9.00, 0.00, 9.00),
(45, '2016-09-09 15:03:54', '', 'Marché Saint Marc', 410, 1, 12.00, 12.00, 0.00, 12.00),
(46, '2016-09-12 15:16:31', '', 'Marché Saint Marc', 513, 1, 6.00, 6.00, 0.00, 6.00),
(47, '2016-09-11 15:17:03', '', 'Marché Saint Marc', 375, 1, 12.00, 12.00, 0.00, 12.00),
(48, '2016-09-12 15:18:09', '', 'Marché Saint Marc', 398, 1, 4.50, 4.50, 0.00, 4.50),
(49, '2016-09-12 15:18:49', '', 'Marché Saint Marc', 409, 1, 4.50, 4.50, 0.00, 4.50),
(50, '2016-09-12 15:19:30', '', 'Marché Saint Marc', 428, 1, 12.00, 12.00, 0.00, 12.00),
(51, '2016-10-01 19:49:24', '', 'Marché Saint Marc', 359, 1, 14.00, 14.00, 0.00, 14.00),
(52, '2016-10-02 06:57:23', '', 'Marche_St_Marc', 479, 1, 10.00, 10.00, 0.00, 10.00),
(53, '2016-10-08 06:59:10', '', 'Marché Saint Marc', 469, 1, 10.00, 10.00, 0.00, 10.00),
(54, '2016-10-09 07:25:35', '', 'Marché Saint Marc', 476, 1, 10.00, 10.00, 0.00, 10.00),
(55, '2016-10-16 18:09:27', '', 'Marché Saint Marc', 467, 1, 10.00, 10.00, 0.00, 10.00),
(56, '2016-10-16 18:10:15', '', 'Marché Saint Marc', 467, 1, 10.00, 10.00, 0.00, 10.00),
(57, '2016-10-22 18:20:10', '', 'Marché Saint Marc', 426, 1, 10.00, 10.00, 0.00, 10.00),
(58, '2016-10-22 18:20:54', '', 'Marché Saint Marc', 442, 1, 15.00, 15.00, 0.00, 15.00),
(59, '2016-10-22 18:21:32', '', 'Marché Saint Marc', 514, 1, 5.00, 5.00, 0.00, 5.00),
(60, '2016-10-22 18:22:25', '', 'Marché Saint Marc', 404, 1, 10.00, 10.00, 0.00, 10.00),
(61, '2016-10-22 18:23:28', '', 'Marché Saint Marc', 371, 1, 14.00, 14.00, 0.00, 14.00),
(62, '2016-10-22 18:25:20', '', 'Marché Saint Marc', 507, 1, 2.50, 2.50, 0.00, 2.50),
(63, '2016-10-22 18:29:02', '', 'Marché Saint Marc', 478, 1, 10.00, 10.00, 0.00, 10.00),
(64, '2016-11-06 06:56:38', '', 'Marché St Marc', 511, 1, 5.00, 5.00, 0.00, 5.00),
(65, '2016-10-30 07:05:25', '', 'Marché St Marc', 479, 1, 10.00, 10.00, 0.00, 10.00),
(66, '2016-10-30 07:22:24', '', 'Marché St Marc', 507, 1, 2.50, 2.50, 0.00, 2.50),
(67, '2016-10-30 07:23:33', '', 'Marché St Marc', 513, 1, 6.00, 6.00, 0.00, 6.00),
(68, '2016-11-06 07:26:01', 'Polina', '', 431, 1, 0.00, 0.00, 0.00, 0.00),
(69, '2016-11-06 07:27:21', 'Polina', '', 442, 1, 0.00, 0.00, 0.00, 0.00),
(70, '2016-11-05 07:28:55', '', 'Marché St Marc', 507, 1, 2.50, 2.50, 0.00, 2.50),
(71, '2016-11-05 07:31:23', '', 'Marché St Marc', 515, 1, 6.00, 6.00, 0.00, 6.00),
(72, '2016-11-06 07:02:43', '', 'Marché St Marc', 516, 1, 7.00, 7.00, 0.00, 7.00);

-- --------------------------------------------------------

--
-- Structure de la table `z_panier`
--

CREATE TABLE `z_panier` (
  `id` int(11) NOT NULL,
  `operation_informatique_id` int(20) NOT NULL,
  `date_operation` datetime NOT NULL,
  `nom_reference` tinytext CHARACTER SET utf8 COLLATE utf8_unicode_ci NOT NULL,
  `user_identification_type` tinytext CHARACTER SET utf8 COLLATE utf8_unicode_ci NOT NULL,
  `user_identification` tinytext CHARACTER SET utf8 COLLATE utf8_unicode_ci NOT NULL,
  `statut_enregistrement` tinytext CHARACTER SET utf8 COLLATE utf8_unicode_ci NOT NULL,
  `commande_client_numero` int(12) NOT NULL,
  `reference_id` int(11) NOT NULL,
  `taille` int(11) NOT NULL DEFAULT '0',
  `prix_ttc` decimal(10,2) NOT NULL,
  `reservation_jusquau` datetime NOT NULL,
  `date_heure_paiement` datetime NOT NULL,
  `mode_livraison` tinytext CHARACTER SET utf8 COLLATE utf8_unicode_ci NOT NULL
) ENGINE=MyISAM DEFAULT CHARSET=utf8;

--
-- Index pour les tables déchargées
--

--
-- Index pour la table `achats`
--
ALTER TABLE `achats`
  ADD PRIMARY KEY (`id`);

--
-- Index pour la table `chaussettes_groupes_tailles`
--
ALTER TABLE `chaussettes_groupes_tailles`
  ADD PRIMARY KEY (`id`);

--
-- Index pour la table `chaussures`
--
ALTER TABLE `chaussures`
  ADD PRIMARY KEY (`id`);

--
-- Index pour la table `codes_remises`
--
ALTER TABLE `codes_remises`
  ADD PRIMARY KEY (`id`);

--
-- Index pour la table `commandes_clients`
--
ALTER TABLE `commandes_clients`
  ADD PRIMARY KEY (`id`);

--
-- Index pour la table `commandes_clients_details`
--
ALTER TABLE `commandes_clients_details`
  ADD PRIMARY KEY (`id`);

--
-- Index pour la table `commandes_clients_statuts`
--
ALTER TABLE `commandes_clients_statuts`
  ADD PRIMARY KEY (`id`);

--
-- Index pour la table `commandes_fournisseurs`
--
ALTER TABLE `commandes_fournisseurs`
  ADD PRIMARY KEY (`id`);

--
-- Index pour la table `connexions_users_temporaires`
--
ALTER TABLE `connexions_users_temporaires`
  ADD PRIMARY KEY (`id`);

--
-- Index pour la table `entreprises`
--
ALTER TABLE `entreprises`
  ADD PRIMARY KEY (`id`);

--
-- Index pour la table `fabricants`
--
ALTER TABLE `fabricants`
  ADD PRIMARY KEY (`id`);

--
-- Index pour la table `factures_fournisseurs`
--
ALTER TABLE `factures_fournisseurs`
  ADD PRIMARY KEY (`id`);

--
-- Index pour la table `factures_fournisseurs_details`
--
ALTER TABLE `factures_fournisseurs_details`
  ADD PRIMARY KEY (`id`);

--
-- Index pour la table `fournisseurs`
--
ALTER TABLE `fournisseurs`
  ADD PRIMARY KEY (`id`);

--
-- Index pour la table `guide_pointures_groupes`
--
ALTER TABLE `guide_pointures_groupes`
  ADD PRIMARY KEY (`id`);

--
-- Index pour la table `listes_bd`
--
ALTER TABLE `listes_bd`
  ADD PRIMARY KEY (`id`);

--
-- Index pour la table `marques`
--
ALTER TABLE `marques`
  ADD PRIMARY KEY (`id`);

--
-- Index pour la table `modes_livraison`
--
ALTER TABLE `modes_livraison`
  ADD PRIMARY KEY (`id`);

--
-- Index pour la table `operations_informatiques`
--
ALTER TABLE `operations_informatiques`
  ADD PRIMARY KEY (`id`);

--
-- Index pour la table `panier_details`
--
ALTER TABLE `panier_details`
  ADD PRIMARY KEY (`id`);

--
-- Index pour la table `panier_user`
--
ALTER TABLE `panier_user`
  ADD PRIMARY KEY (`id`);

--
-- Index pour la table `planifications`
--
ALTER TABLE `planifications`
  ADD PRIMARY KEY (`id`);

--
-- Index pour la table `planification_calcule`
--
ALTER TABLE `planification_calcule`
  ADD PRIMARY KEY (`id`);

--
-- Index pour la table `planification_gestion`
--
ALTER TABLE `planification_gestion`
  ADD PRIMARY KEY (`id`);

--
-- Index pour la table `prix`
--
ALTER TABLE `prix`
  ADD PRIMARY KEY (`id`);

--
-- Index pour la table `prix_fabricants`
--
ALTER TABLE `prix_fabricants`
  ADD PRIMARY KEY (`id`);

--
-- Index pour la table `stock`
--
ALTER TABLE `stock`
  ADD PRIMARY KEY (`id`);

--
-- Index pour la table `stock_chaussettes`
--
ALTER TABLE `stock_chaussettes`
  ADD PRIMARY KEY (`id`);

--
-- Index pour la table `stock_reservation`
--
ALTER TABLE `stock_reservation`
  ADD PRIMARY KEY (`id`);

--
-- Index pour la table `taux_change_monnaie`
--
ALTER TABLE `taux_change_monnaie`
  ADD PRIMARY KEY (`id`);

--
-- Index pour la table `users_clients`
--
ALTER TABLE `users_clients`
  ADD PRIMARY KEY (`id`);

--
-- Index pour la table `users_clients_adresses`
--
ALTER TABLE `users_clients_adresses`
  ADD PRIMARY KEY (`id`);

--
-- Index pour la table `users_temporaires`
--
ALTER TABLE `users_temporaires`
  ADD PRIMARY KEY (`id`);

--
-- Index pour la table `ventes`
--
ALTER TABLE `ventes`
  ADD PRIMARY KEY (`id`);

--
-- Index pour la table `z_panier`
--
ALTER TABLE `z_panier`
  ADD PRIMARY KEY (`id`);

--
-- AUTO_INCREMENT pour les tables déchargées
--

--
-- AUTO_INCREMENT pour la table `achats`
--
ALTER TABLE `achats`
  MODIFY `id` int(11) NOT NULL AUTO_INCREMENT, AUTO_INCREMENT=99;
--
-- AUTO_INCREMENT pour la table `chaussettes_groupes_tailles`
--
ALTER TABLE `chaussettes_groupes_tailles`
  MODIFY `id` int(11) NOT NULL AUTO_INCREMENT, AUTO_INCREMENT=11;
--
-- AUTO_INCREMENT pour la table `chaussures`
--
ALTER TABLE `chaussures`
  MODIFY `id` int(11) NOT NULL AUTO_INCREMENT, AUTO_INCREMENT=538;
--
-- AUTO_INCREMENT pour la table `codes_remises`
--
ALTER TABLE `codes_remises`
  MODIFY `id` int(11) NOT NULL AUTO_INCREMENT, AUTO_INCREMENT=3;
--
-- AUTO_INCREMENT pour la table `commandes_clients`
--
ALTER TABLE `commandes_clients`
  MODIFY `id` int(12) NOT NULL AUTO_INCREMENT, AUTO_INCREMENT=45812;
--
-- AUTO_INCREMENT pour la table `commandes_clients_details`
--
ALTER TABLE `commandes_clients_details`
  MODIFY `id` int(12) NOT NULL AUTO_INCREMENT, AUTO_INCREMENT=56;
--
-- AUTO_INCREMENT pour la table `commandes_clients_statuts`
--
ALTER TABLE `commandes_clients_statuts`
  MODIFY `id` int(12) NOT NULL AUTO_INCREMENT, AUTO_INCREMENT=9;
--
-- AUTO_INCREMENT pour la table `commandes_fournisseurs`
--
ALTER TABLE `commandes_fournisseurs`
  MODIFY `id` int(11) NOT NULL AUTO_INCREMENT, AUTO_INCREMENT=177;
--
-- AUTO_INCREMENT pour la table `connexions_users_temporaires`
--
ALTER TABLE `connexions_users_temporaires`
  MODIFY `id` int(11) NOT NULL AUTO_INCREMENT, AUTO_INCREMENT=17;
--
-- AUTO_INCREMENT pour la table `entreprises`
--
ALTER TABLE `entreprises`
  MODIFY `id` int(11) NOT NULL AUTO_INCREMENT, AUTO_INCREMENT=3;
--
-- AUTO_INCREMENT pour la table `fabricants`
--
ALTER TABLE `fabricants`
  MODIFY `id` int(11) NOT NULL AUTO_INCREMENT, AUTO_INCREMENT=9;
--
-- AUTO_INCREMENT pour la table `factures_fournisseurs`
--
ALTER TABLE `factures_fournisseurs`
  MODIFY `id` int(11) NOT NULL AUTO_INCREMENT, AUTO_INCREMENT=105;
--
-- AUTO_INCREMENT pour la table `factures_fournisseurs_details`
--
ALTER TABLE `factures_fournisseurs_details`
  MODIFY `id` int(11) NOT NULL AUTO_INCREMENT, AUTO_INCREMENT=55;
--
-- AUTO_INCREMENT pour la table `fournisseurs`
--
ALTER TABLE `fournisseurs`
  MODIFY `id` int(11) NOT NULL AUTO_INCREMENT, AUTO_INCREMENT=9;
--
-- AUTO_INCREMENT pour la table `guide_pointures_groupes`
--
ALTER TABLE `guide_pointures_groupes`
  MODIFY `id` int(11) NOT NULL AUTO_INCREMENT, AUTO_INCREMENT=17;
--
-- AUTO_INCREMENT pour la table `listes_bd`
--
ALTER TABLE `listes_bd`
  MODIFY `id` int(11) NOT NULL AUTO_INCREMENT, AUTO_INCREMENT=59;
--
-- AUTO_INCREMENT pour la table `marques`
--
ALTER TABLE `marques`
  MODIFY `id` int(11) NOT NULL AUTO_INCREMENT, AUTO_INCREMENT=10;
--
-- AUTO_INCREMENT pour la table `modes_livraison`
--
ALTER TABLE `modes_livraison`
  MODIFY `id` int(11) NOT NULL AUTO_INCREMENT, AUTO_INCREMENT=3;
--
-- AUTO_INCREMENT pour la table `operations_informatiques`
--
ALTER TABLE `operations_informatiques`
  MODIFY `id` int(20) NOT NULL AUTO_INCREMENT, AUTO_INCREMENT=530;
--
-- AUTO_INCREMENT pour la table `panier_details`
--
ALTER TABLE `panier_details`
  MODIFY `id` int(11) NOT NULL AUTO_INCREMENT, AUTO_INCREMENT=341;
--
-- AUTO_INCREMENT pour la table `panier_user`
--
ALTER TABLE `panier_user`
  MODIFY `id` int(11) NOT NULL AUTO_INCREMENT, AUTO_INCREMENT=19;
--
-- AUTO_INCREMENT pour la table `planifications`
--
ALTER TABLE `planifications`
  MODIFY `id` int(11) NOT NULL AUTO_INCREMENT, AUTO_INCREMENT=12;
--
-- AUTO_INCREMENT pour la table `planification_calcule`
--
ALTER TABLE `planification_calcule`
  MODIFY `id` int(11) NOT NULL AUTO_INCREMENT, AUTO_INCREMENT=4397;
--
-- AUTO_INCREMENT pour la table `planification_gestion`
--
ALTER TABLE `planification_gestion`
  MODIFY `id` int(11) NOT NULL AUTO_INCREMENT, AUTO_INCREMENT=337;
--
-- AUTO_INCREMENT pour la table `prix`
--
ALTER TABLE `prix`
  MODIFY `id` int(11) NOT NULL AUTO_INCREMENT, AUTO_INCREMENT=267;
--
-- AUTO_INCREMENT pour la table `prix_fabricants`
--
ALTER TABLE `prix_fabricants`
  MODIFY `id` int(11) NOT NULL AUTO_INCREMENT, AUTO_INCREMENT=168;
--
-- AUTO_INCREMENT pour la table `stock`
--
ALTER TABLE `stock`
  MODIFY `id` int(11) NOT NULL AUTO_INCREMENT, AUTO_INCREMENT=1179;
--
-- AUTO_INCREMENT pour la table `stock_chaussettes`
--
ALTER TABLE `stock_chaussettes`
  MODIFY `id` int(11) NOT NULL AUTO_INCREMENT;
--
-- AUTO_INCREMENT pour la table `stock_reservation`
--
ALTER TABLE `stock_reservation`
  MODIFY `id` int(11) NOT NULL AUTO_INCREMENT, AUTO_INCREMENT=227;
--
-- AUTO_INCREMENT pour la table `taux_change_monnaie`
--
ALTER TABLE `taux_change_monnaie`
  MODIFY `id` int(11) NOT NULL AUTO_INCREMENT, AUTO_INCREMENT=2;
--
-- AUTO_INCREMENT pour la table `users_clients`
--
ALTER TABLE `users_clients`
  MODIFY `id` int(11) NOT NULL AUTO_INCREMENT, AUTO_INCREMENT=65;
--
-- AUTO_INCREMENT pour la table `users_clients_adresses`
--
ALTER TABLE `users_clients_adresses`
  MODIFY `id` int(11) NOT NULL AUTO_INCREMENT, AUTO_INCREMENT=27;
--
-- AUTO_INCREMENT pour la table `users_temporaires`
--
ALTER TABLE `users_temporaires`
  MODIFY `id` int(11) NOT NULL AUTO_INCREMENT, AUTO_INCREMENT=17;
--
-- AUTO_INCREMENT pour la table `ventes`
--
ALTER TABLE `ventes`
  MODIFY `id` int(11) NOT NULL AUTO_INCREMENT, AUTO_INCREMENT=73;
--
-- AUTO_INCREMENT pour la table `z_panier`
--
ALTER TABLE `z_panier`
  MODIFY `id` int(11) NOT NULL AUTO_INCREMENT, AUTO_INCREMENT=205;COMMIT;

